{"id":8554,"date":"2020-04-01T13:36:31","date_gmt":"2020-04-01T10:36:31","guid":{"rendered":"https:\/\/www.johannagullichsen.com\/lokal-koti\/"},"modified":"2020-08-20T12:59:53","modified_gmt":"2020-08-20T09:59:53","slug":"lokal-koti","status":"publish","type":"page","link":"https:\/\/www.johannagullichsen.com\/fi\/lokal-koti\/","title":{"rendered":"Lokal koti, aitoa ylellisyytt\u00e4"},"content":{"rendered":"<p><img loading=\"lazy\" decoding=\"async\" class=\"alignnone size-large wp-image-1865\" src=\"https:\/\/www.johannagullichsen.com\/wp-content\/uploads\/2020\/04\/johanna-gullichsen_lokal-koti-2-1024x533.jpeg\" alt=\"\" width=\"1024\" height=\"533\" srcset=\"https:\/\/www.johannagullichsen.com\/wp-content\/uploads\/2020\/04\/johanna-gullichsen_lokal-koti-2-1024x533.jpeg 1024w, https:\/\/www.johannagullichsen.com\/wp-content\/uploads\/2020\/04\/johanna-gullichsen_lokal-koti-2-1260x656.jpeg 1260w, https:\/\/www.johannagullichsen.com\/wp-content\/uploads\/2020\/04\/johanna-gullichsen_lokal-koti-2-300x156.jpeg 300w, https:\/\/www.johannagullichsen.com\/wp-content\/uploads\/2020\/04\/johanna-gullichsen_lokal-koti-2-768x400.jpeg 768w, https:\/\/www.johannagullichsen.com\/wp-content\/uploads\/2020\/04\/johanna-gullichsen_lokal-koti-2-1536x800.jpeg 1536w, https:\/\/www.johannagullichsen.com\/wp-content\/uploads\/2020\/04\/johanna-gullichsen_lokal-koti-2.jpeg 1920w\" sizes=\"auto, (max-width: 1024px) 100vw, 1024px\" \/><\/p>\n<p>Syyskuussa 2019 Galleria Lokal sisusti suomalaisella muotoilulla ja taiteella Helsingin Laajasalossa rivitaloasunnon. Rivitalo edustaa suomalaista CLT-puurakentamista. Asunnossa oli esill\u00e4 runsaasti my\u00f6s Johanna Gullichsenin tekstiileit\u00e4. Mukana Lokal Kodin harmonista tunnelmaa oli luomassa sisustusarkkitehti Hanni Koroma.<\/p>\n<p>Lokal Kodissa vietetty aika her\u00e4tti pohtimaan aidon ylellisyyden juuria. Lokal kodissa oli hyv\u00e4 olla; oli helppoa upota sohvan pehmeyteen, k\u00e4\u00e4riyty\u00e4 huopaan ja olla yht\u00e4 tilan kanssa. Oli ilo juoda kahvia k\u00e4sintehdyst\u00e4 kupista ja nauttia samalla harkiten valitusta taiteesta. Mieli lep\u00e4si katseen vaellellessa luonnonmateriaaleista valmistetuissa huonekaluissa ja asunnon puisissa seiniss\u00e4. Materiaalien aitouden ja kauneuden lis\u00e4ksi, esineet my\u00f6s tuntuivat ja jopa tuoksuivat hyvilt\u00e4.<br \/>\nTilassa oli my\u00f6s mukava ty\u00f6skennell\u00e4 ja tavata ihmisi\u00e4, sill\u00e4 keskittyminen oli helppoa. Lokal kodissa oli juuri oikea m\u00e4\u00e4r\u00e4 esineit\u00e4. Tila oli yht\u00e4 aikaa kiinnostava ja rauhallinen. Siell\u00e4 oli kaikki tarvittava, mutta ei mit\u00e4\u00e4n liikaa. <\/p>\n<p>Maailmassa, joka on t\u00e4ynn\u00e4 tuotteitta, kauniitakin sellaisia, todellista ylellisyytt\u00e4 on l\u00f6yt\u00e4\u00e4 tasapaino ja tila, miss\u00e4 on hyv\u00e4 olla ja hengitt\u00e4\u00e4.<\/p>\n","protected":false},"excerpt":{"rendered":"<p>Syyskuussa 2019 Galleria Lokal sisusti suomalaisella muotoilulla ja taiteella Helsingin Laajasalossa rivitaloasunnon. Rivitalo edustaa suomalaista CLT-puurakentamista. Asunnossa oli esill\u00e4 runsaasti my\u00f6s Johanna Gullichsenin tekstiileit\u00e4. Mukana Lokal Kodin harmonista tunnelmaa oli&hellip;<\/p>\n","protected":false},"author":1,"featured_media":1866,"parent":0,"menu_order":0,"comment_status":"closed","ping_status":"closed","template":"","meta":{"_acf_changed":false,"footnotes":""},"class_list":["post-8554","page","type-page","status-publish","has-post-thumbnail","hentry"],"acf":[],"yoast_head":"<!-- This site is optimized with the Yoast SEO Premium plugin v27.2 (Yoast SEO v27.5) - https:\/\/yoast.com\/product\/yoast-seo-premium-wordpress\/ -->\n<title>Lokal koti, aitoa ylellisyytt\u00e4 - Johanna Gullichsen<\/title>\n<meta name=\"robots\" content=\"index, follow, max-snippet:-1, max-image-preview:large, max-video-preview:-1\" \/>\n<link rel=\"canonical\" href=\"https:\/\/www.johannagullichsen.com\/fi\/lokal-koti\/\" \/>\n<meta property=\"og:locale\" content=\"fi_FI\" \/>\n<meta property=\"og:type\" content=\"article\" \/>\n<meta property=\"og:title\" content=\"Lokal koti, aitoa ylellisyytt\u00e4\" \/>\n<meta property=\"og:description\" content=\"Syyskuussa 2019 Galleria Lokal sisusti suomalaisella muotoilulla ja taiteella Helsingin Laajasalossa rivitaloasunnon. Rivitalo edustaa suomalaista CLT-puurakentamista. Asunnossa oli esill\u00e4 runsaasti my\u00f6s Johanna Gullichsenin tekstiileit\u00e4. Mukana Lokal Kodin harmonista tunnelmaa oli&hellip;\" \/>\n<meta property=\"og:url\" content=\"https:\/\/www.johannagullichsen.com\/fi\/lokal-koti\/\" \/>\n<meta property=\"og:site_name\" content=\"Johanna Gullichsen\" \/>\n<meta property=\"article:modified_time\" content=\"2020-08-20T09:59:53+00:00\" \/>\n<meta property=\"og:image\" content=\"https:\/\/www.johannagullichsen.com\/wp-content\/uploads\/2020\/04\/johanna-gullichsen_lokal-koti-2.jpeg\" \/>\n\t<meta property=\"og:image:width\" content=\"1920\" \/>\n\t<meta property=\"og:image:height\" content=\"1000\" \/>\n\t<meta property=\"og:image:type\" content=\"image\/jpeg\" \/>\n<meta name=\"twitter:card\" content=\"summary_large_image\" \/>\n<meta name=\"twitter:label1\" content=\"Arvioitu lukuaika\" \/>\n\t<meta name=\"twitter:data1\" content=\"1 minuutti\" \/>\n<script type=\"application\/ld+json\" class=\"yoast-schema-graph\">{\"@context\":\"https:\\\/\\\/schema.org\",\"@graph\":[{\"@type\":\"WebPage\",\"@id\":\"https:\\\/\\\/www.johannagullichsen.com\\\/fi\\\/lokal-koti\\\/\",\"url\":\"https:\\\/\\\/www.johannagullichsen.com\\\/fi\\\/lokal-koti\\\/\",\"name\":\"Lokal koti, aitoa ylellisyytt\u00e4 - Johanna Gullichsen\",\"isPartOf\":{\"@id\":\"https:\\\/\\\/www.johannagullichsen.com\\\/fi\\\/#website\"},\"primaryImageOfPage\":{\"@id\":\"https:\\\/\\\/www.johannagullichsen.com\\\/fi\\\/lokal-koti\\\/#primaryimage\"},\"image\":{\"@id\":\"https:\\\/\\\/www.johannagullichsen.com\\\/fi\\\/lokal-koti\\\/#primaryimage\"},\"thumbnailUrl\":\"https:\\\/\\\/www.johannagullichsen.com\\\/wp-content\\\/uploads\\\/2020\\\/04\\\/johanna-gullichsen_lokal-koti-2.jpeg\",\"datePublished\":\"2020-04-01T10:36:31+00:00\",\"dateModified\":\"2020-08-20T09:59:53+00:00\",\"breadcrumb\":{\"@id\":\"https:\\\/\\\/www.johannagullichsen.com\\\/fi\\\/lokal-koti\\\/#breadcrumb\"},\"inLanguage\":\"fi\",\"potentialAction\":[{\"@type\":\"ReadAction\",\"target\":[\"https:\\\/\\\/www.johannagullichsen.com\\\/fi\\\/lokal-koti\\\/\"]}]},{\"@type\":\"ImageObject\",\"inLanguage\":\"fi\",\"@id\":\"https:\\\/\\\/www.johannagullichsen.com\\\/fi\\\/lokal-koti\\\/#primaryimage\",\"url\":\"https:\\\/\\\/www.johannagullichsen.com\\\/wp-content\\\/uploads\\\/2020\\\/04\\\/johanna-gullichsen_lokal-koti-2.jpeg\",\"contentUrl\":\"https:\\\/\\\/www.johannagullichsen.com\\\/wp-content\\\/uploads\\\/2020\\\/04\\\/johanna-gullichsen_lokal-koti-2.jpeg\",\"width\":1920,\"height\":1000},{\"@type\":\"BreadcrumbList\",\"@id\":\"https:\\\/\\\/www.johannagullichsen.com\\\/fi\\\/lokal-koti\\\/#breadcrumb\",\"itemListElement\":[{\"@type\":\"ListItem\",\"position\":1,\"name\":\"Home\",\"item\":\"https:\\\/\\\/www.johannagullichsen.com\\\/fi\\\/\"},{\"@type\":\"ListItem\",\"position\":2,\"name\":\"Lokal koti, aitoa ylellisyytt\u00e4\"}]},{\"@type\":\"WebSite\",\"@id\":\"https:\\\/\\\/www.johannagullichsen.com\\\/fi\\\/#website\",\"url\":\"https:\\\/\\\/www.johannagullichsen.com\\\/fi\\\/\",\"name\":\"Johanna Gullichsen\",\"description\":\"\",\"potentialAction\":[{\"@type\":\"SearchAction\",\"target\":{\"@type\":\"EntryPoint\",\"urlTemplate\":\"https:\\\/\\\/www.johannagullichsen.com\\\/fi\\\/?s={search_term_string}\"},\"query-input\":{\"@type\":\"PropertyValueSpecification\",\"valueRequired\":true,\"valueName\":\"search_term_string\"}}],\"inLanguage\":\"fi\"}]}<\/script>\n<!-- \/ Yoast SEO Premium plugin. -->","yoast_head_json":{"title":"Lokal koti, aitoa ylellisyytt\u00e4 - Johanna Gullichsen","robots":{"index":"index","follow":"follow","max-snippet":"max-snippet:-1","max-image-preview":"max-image-preview:large","max-video-preview":"max-video-preview:-1"},"canonical":"https:\/\/www.johannagullichsen.com\/fi\/lokal-koti\/","og_locale":"fi_FI","og_type":"article","og_title":"Lokal koti, aitoa ylellisyytt\u00e4","og_description":"Syyskuussa 2019 Galleria Lokal sisusti suomalaisella muotoilulla ja taiteella Helsingin Laajasalossa rivitaloasunnon. Rivitalo edustaa suomalaista CLT-puurakentamista. Asunnossa oli esill\u00e4 runsaasti my\u00f6s Johanna Gullichsenin tekstiileit\u00e4. Mukana Lokal Kodin harmonista tunnelmaa oli&hellip;","og_url":"https:\/\/www.johannagullichsen.com\/fi\/lokal-koti\/","og_site_name":"Johanna Gullichsen","article_modified_time":"2020-08-20T09:59:53+00:00","og_image":[{"width":1920,"height":1000,"url":"https:\/\/www.johannagullichsen.com\/wp-content\/uploads\/2020\/04\/johanna-gullichsen_lokal-koti-2.jpeg","type":"image\/jpeg"}],"twitter_card":"summary_large_image","twitter_misc":{"Arvioitu lukuaika":"1 minuutti"},"schema":{"@context":"https:\/\/schema.org","@graph":[{"@type":"WebPage","@id":"https:\/\/www.johannagullichsen.com\/fi\/lokal-koti\/","url":"https:\/\/www.johannagullichsen.com\/fi\/lokal-koti\/","name":"Lokal koti, aitoa ylellisyytt\u00e4 - Johanna Gullichsen","isPartOf":{"@id":"https:\/\/www.johannagullichsen.com\/fi\/#website"},"primaryImageOfPage":{"@id":"https:\/\/www.johannagullichsen.com\/fi\/lokal-koti\/#primaryimage"},"image":{"@id":"https:\/\/www.johannagullichsen.com\/fi\/lokal-koti\/#primaryimage"},"thumbnailUrl":"https:\/\/www.johannagullichsen.com\/wp-content\/uploads\/2020\/04\/johanna-gullichsen_lokal-koti-2.jpeg","datePublished":"2020-04-01T10:36:31+00:00","dateModified":"2020-08-20T09:59:53+00:00","breadcrumb":{"@id":"https:\/\/www.johannagullichsen.com\/fi\/lokal-koti\/#breadcrumb"},"inLanguage":"fi","potentialAction":[{"@type":"ReadAction","target":["https:\/\/www.johannagullichsen.com\/fi\/lokal-koti\/"]}]},{"@type":"ImageObject","inLanguage":"fi","@id":"https:\/\/www.johannagullichsen.com\/fi\/lokal-koti\/#primaryimage","url":"https:\/\/www.johannagullichsen.com\/wp-content\/uploads\/2020\/04\/johanna-gullichsen_lokal-koti-2.jpeg","contentUrl":"https:\/\/www.johannagullichsen.com\/wp-content\/uploads\/2020\/04\/johanna-gullichsen_lokal-koti-2.jpeg","width":1920,"height":1000},{"@type":"BreadcrumbList","@id":"https:\/\/www.johannagullichsen.com\/fi\/lokal-koti\/#breadcrumb","itemListElement":[{"@type":"ListItem","position":1,"name":"Home","item":"https:\/\/www.johannagullichsen.com\/fi\/"},{"@type":"ListItem","position":2,"name":"Lokal koti, aitoa ylellisyytt\u00e4"}]},{"@type":"WebSite","@id":"https:\/\/www.johannagullichsen.com\/fi\/#website","url":"https:\/\/www.johannagullichsen.com\/fi\/","name":"Johanna Gullichsen","description":"","potentialAction":[{"@type":"SearchAction","target":{"@type":"EntryPoint","urlTemplate":"https:\/\/www.johannagullichsen.com\/fi\/?s={search_term_string}"},"query-input":{"@type":"PropertyValueSpecification","valueRequired":true,"valueName":"search_term_string"}}],"inLanguage":"fi"}]}},"_links":{"self":[{"href":"https:\/\/www.johannagullichsen.com\/fi\/wp-json\/wp\/v2\/pages\/8554","targetHints":{"allow":["GET"]}}],"collection":[{"href":"https:\/\/www.johannagullichsen.com\/fi\/wp-json\/wp\/v2\/pages"}],"about":[{"href":"https:\/\/www.johannagullichsen.com\/fi\/wp-json\/wp\/v2\/types\/page"}],"author":[{"embeddable":true,"href":"https:\/\/www.johannagullichsen.com\/fi\/wp-json\/wp\/v2\/users\/1"}],"replies":[{"embeddable":true,"href":"https:\/\/www.johannagullichsen.com\/fi\/wp-json\/wp\/v2\/comments?post=8554"}],"version-history":[{"count":1,"href":"https:\/\/www.johannagullichsen.com\/fi\/wp-json\/wp\/v2\/pages\/8554\/revisions"}],"predecessor-version":[{"id":8555,"href":"https:\/\/www.johannagullichsen.com\/fi\/wp-json\/wp\/v2\/pages\/8554\/revisions\/8555"}],"wp:featuredmedia":[{"embeddable":true,"href":"https:\/\/www.johannagullichsen.com\/fi\/wp-json\/wp\/v2\/media\/1866"}],"wp:attachment":[{"href":"https:\/\/www.johannagullichsen.com\/fi\/wp-json\/wp\/v2\/media?parent=8554"}],"curies":[{"name":"wp","href":"https:\/\/api.w.org\/{rel}","templated":true}]}}

Lokal koti, aitoa ylellisyyttä

<p><img loading="lazy" decoding="async" class="alignnone size-large wp-image-1865" src="https://www.johannagullichsen.com/wp-content/uploads/2020/04/johanna-gullichsen_lokal-koti-2-1024x533.jpeg" alt="" width="1024" height="533" srcset="https://www.johannagullichsen.com/wp-content/uploads/2020/04/johanna-gullichsen_lokal-koti-2-1024x533.jpeg 1024w, https://www.johannagullichsen.com/wp-content/uploads/2020/04/johanna-gullichsen_lokal-koti-2-1260x656.jpeg 1260w, https://www.johannagullichsen.com/wp-content/uploads/2020/04/johanna-gullichsen_lokal-koti-2-300x156.jpeg 300w, https://www.johannagullichsen.com/wp-content/uploads/2020/04/johanna-gullichsen_lokal-koti-2-768x400.jpeg 768w, https://www.johannagullichsen.com/wp-content/uploads/2020/04/johanna-gullichsen_lokal-koti-2-1536x800.jpeg 1536w, https://www.johannagullichsen.com/wp-content/uploads/2020/04/johanna-gullichsen_lokal-koti-2.jpeg 1920w" sizes="auto, (max-width: 1024px) 100vw, 1024px" /></p>
<p>Syyskuussa 2019 Galleria Lokal sisusti suomalaisella muotoilulla ja taiteella Helsingin Laajasalossa rivitaloasunnon. Rivitalo edustaa suomalaista CLT-puurakentamista. Asunnossa oli esillä runsaasti myös Johanna Gullichsenin tekstiileitä. Mukana Lokal Kodin harmonista tunnelmaa oli luomassa sisustusarkkitehti Hanni Koroma.</p>
<p>Lokal Kodissa vietetty aika herätti pohtimaan aidon ylellisyyden juuria. Lokal kodissa oli hyvä olla; oli helppoa upota sohvan pehmeyteen, kääriytyä huopaan ja olla yhtä tilan kanssa. Oli ilo juoda kahvia käsintehdystä kupista ja nauttia samalla harkiten valitusta taiteesta. Mieli lepäsi katseen vaellellessa luonnonmateriaaleista valmistetuissa huonekaluissa ja asunnon puisissa seinissä. Materiaalien aitouden ja kauneuden lisäksi, esineet myös tuntuivat ja jopa tuoksuivat hyviltä.<br />
Tilassa oli myös mukava työskennellä ja tavata ihmisiä, sillä keskittyminen oli helppoa. Lokal kodissa oli juuri oikea määrä esineitä. Tila oli yhtä aikaa kiinnostava ja rauhallinen. Siellä oli kaikki tarvittava, mutta ei mitään liikaa. </p>
<p>Maailmassa, joka on täynnä tuotteitta, kauniitakin sellaisia, todellista ylellisyyttä on löytää tasapaino ja tila, missä on hyvä olla ja hengittää.</p>

<p>Syyskuussa 2019 Galleria Lokal sisusti suomalaisella muotoilulla ja taiteella Helsingin Laajasalossa rivitaloasunnon. Rivitalo edustaa suomalaista CLT-puurakentamista. Asunnossa oli esillä runsaasti myös Johanna Gullichsenin tekstiileitä. Mukana Lokal Kodin harmonista tunnelmaa oli&hellip;</p>

<!-- This site is optimized with the Yoast SEO Premium plugin v27.2 (Yoast SEO v27.5) - https://yoast.com/product/yoast-seo-premium-wordpress/ -->
<title>Lokal koti, aitoa ylellisyyttä - Johanna Gullichsen</title>
<meta name="robots" content="index, follow, max-snippet:-1, max-image-preview:large, max-video-preview:-1" />
<link rel="canonical" href="https://www.johannagullichsen.com/fi/lokal-koti/" />
<meta property="og:locale" content="fi_FI" />
<meta property="og:type" content="article" />
<meta property="og:title" content="Lokal koti, aitoa ylellisyyttä" />
<meta property="og:description" content="Syyskuussa 2019 Galleria Lokal sisusti suomalaisella muotoilulla ja taiteella Helsingin Laajasalossa rivitaloasunnon. Rivitalo edustaa suomalaista CLT-puurakentamista. Asunnossa oli esillä runsaasti myös Johanna Gullichsenin tekstiileitä. Mukana Lokal Kodin harmonista tunnelmaa oli&hellip;" />
<meta property="og:url" content="https://www.johannagullichsen.com/fi/lokal-koti/" />
<meta property="og:site_name" content="Johanna Gullichsen" />
<meta property="article:modified_time" content="2020-08-20T09:59:53+00:00" />
<meta property="og:image" content="https://www.johannagullichsen.com/wp-content/uploads/2020/04/johanna-gullichsen_lokal-koti-2.jpeg" />
	<meta property="og:image:width" content="1920" />
	<meta property="og:image:height" content="1000" />
	<meta property="og:image:type" content="image/jpeg" />
<meta name="twitter:card" content="summary_large_image" />
<meta name="twitter:label1" content="Arvioitu lukuaika" />
	<meta name="twitter:data1" content="1 minuutti" />
<script type="application/ld+json" class="yoast-schema-graph">{"@context":"https:\/\/schema.org","@graph":[{"@type":"WebPage","@id":"https:\/\/www.johannagullichsen.com\/fi\/lokal-koti\/","url":"https:\/\/www.johannagullichsen.com\/fi\/lokal-koti\/","name":"Lokal koti, aitoa ylellisyyttä - Johanna Gullichsen","isPartOf":{"@id":"https:\/\/www.johannagullichsen.com\/fi\/#website"},"primaryImageOfPage":{"@id":"https:\/\/www.johannagullichsen.com\/fi\/lokal-koti\/#primaryimage"},"image":{"@id":"https:\/\/www.johannagullichsen.com\/fi\/lokal-koti\/#primaryimage"},"thumbnailUrl":"https:\/\/www.johannagullichsen.com\/wp-content\/uploads\/2020\/04\/johanna-gullichsen_lokal-koti-2.jpeg","datePublished":"2020-04-01T10:36:31+00:00","dateModified":"2020-08-20T09:59:53+00:00","breadcrumb":{"@id":"https:\/\/www.johannagullichsen.com\/fi\/lokal-koti\/#breadcrumb"},"inLanguage":"fi","potentialAction":[{"@type":"ReadAction","target":["https:\/\/www.johannagullichsen.com\/fi\/lokal-koti\/"]}]},{"@type":"ImageObject","inLanguage":"fi","@id":"https:\/\/www.johannagullichsen.com\/fi\/lokal-koti\/#primaryimage","url":"https:\/\/www.johannagullichsen.com\/wp-content\/uploads\/2020\/04\/johanna-gullichsen_lokal-koti-2.jpeg","contentUrl":"https:\/\/www.johannagullichsen.com\/wp-content\/uploads\/2020\/04\/johanna-gullichsen_lokal-koti-2.jpeg","width":1920,"height":1000},{"@type":"BreadcrumbList","@id":"https:\/\/www.johannagullichsen.com\/fi\/lokal-koti\/#breadcrumb","itemListElement":[{"@type":"ListItem","position":1,"name":"Home","item":"https:\/\/www.johannagullichsen.com\/fi\/"},{"@type":"ListItem","position":2,"name":"Lokal koti, aitoa ylellisyyttä"}]},{"@type":"WebSite","@id":"https:\/\/www.johannagullichsen.com\/fi\/#website","url":"https:\/\/www.johannagullichsen.com\/fi\/","name":"Johanna Gullichsen","description":"","potentialAction":[{"@type":"SearchAction","target":{"@type":"EntryPoint","urlTemplate":"https:\/\/www.johannagullichsen.com\/fi\/?s={search_term_string}"},"query-input":{"@type":"PropertyValueSpecification","valueRequired":true,"valueName":"search_term_string"}}],"inLanguage":"fi"}]}</script>
<!-- / Yoast SEO Premium plugin. -->

Lokal koti, aitoa ylellisyyttä - Johanna Gullichsen

Syyskuussa 2019 Galleria Lokal sisusti suomalaisella muotoilulla ja taiteella Helsingin Laajasalossa rivitaloasunnon. Rivitalo edustaa suomalaista CLT-puurakentamista. Asunnossa oli esillä runsaasti myös Johanna Gullichsenin tekstiileitä. Mukana Lokal Kodin harmonista tunnelmaa oli&hellip;
