{"id":11240,"date":"2021-02-17T12:41:04","date_gmt":"2021-02-17T10:41:04","guid":{"rendered":"https:\/\/www.johannagullichsen.com\/?post_type=product&#038;p=11240"},"modified":"2023-04-25T13:51:06","modified_gmt":"2023-04-25T10:51:06","slug":"reppu","status":"publish","type":"product","link":"https:\/\/www.johannagullichsen.com\/fi\/tuote\/reppu\/","title":{"rendered":"Reppu"},"content":{"rendered":"<h4>Tyylik\u00e4s reppu moneen menoon<\/h4>\n<p>Kevyt\u00a0 ja tyylik\u00e4s selk\u00e4reppu on hyv\u00e4 kaveri niin t\u00f6ihin, luontoretkelle kuin kaupunkip\u00e4iv\u00e4\u00e4nkin. Repun sis\u00e4ll\u00e4 on tasku tietokoneelle tai vaikkapa luonnoslehti\u00f6lle.\u00a0 Repun ulkopuolelta selk\u00e4\u00e4 vasten l\u00f6ytyy salainen pikkutasku esimerkiksi puhelimelle, mist\u00e4 sen v\u00e4rin\u00e4n tuntee kaupunkihumussakin. Repun sivutaskussa on viel\u00e4 paikka matkakortille. Hihnojen pituus on s\u00e4\u00e4dett\u00e4viss\u00e4.<\/p>\n<p>&nbsp;<\/p>\n<p>&nbsp;<\/p>\n<p>&nbsp;<\/p>\n","protected":false},"excerpt":{"rendered":"<p>Tyylik\u00e4s reppu moneen menoon Kevyt\u00a0 ja tyylik\u00e4s selk\u00e4reppu on hyv\u00e4 kaveri niin t\u00f6ihin, luontoretkelle kuin kaupunkip\u00e4iv\u00e4\u00e4nkin. Repun sis\u00e4ll\u00e4 on tasku tietokoneelle tai vaikkapa luonnoslehti\u00f6lle.\u00a0 Repun ulkopuolelta selk\u00e4\u00e4 vasten l\u00f6ytyy salainen&hellip;<\/p>\n","protected":false},"featured_media":16426,"template":"","meta":{"_acf_changed":false},"product_brand":[],"product_cat":[1968,192],"product_tag":[],"class_list":{"0":"post-11240","1":"product","2":"type-product","3":"status-publish","4":"has-post-thumbnail","6":"product_cat-laukut","7":"product_cat-laukut-asusteet","8":"pa_pattern-colour-nereus-brick-fi","9":"pa_pattern-colour-tilkku-tiili","10":"pa_pattern-colour-tilkku-musta","11":"pa_pattern-colour-helios-manteli","12":"pa_pattern-colour-helios-tummansininen","13":"pa_pattern-colour-nereus-black-fi","14":"collection-normandie-2","16":"first","17":"instock","18":"taxable","19":"shipping-taxable","20":"purchasable","21":"product-type-variable"},"acf":[],"yoast_head":"<!-- This site is optimized with the Yoast SEO Premium plugin v27.2 (Yoast SEO v27.5) - https:\/\/yoast.com\/product\/yoast-seo-premium-wordpress\/ -->\n<title>Reppu - Johanna Gullichsen Reppu<\/title>\n<meta name=\"description\" content=\"Tyylik\u00e4s reppu moneen menoon. Kevyt\u00a0 ja tyylik\u00e4s selk\u00e4reppu on hyv\u00e4 kaveri niin t\u00f6ihin, luontoretkelle kuin kaupunkip\u00e4iv\u00e4\u00e4nkin.\" \/>\n<meta name=\"robots\" content=\"index, follow, max-snippet:-1, max-image-preview:large, max-video-preview:-1\" \/>\n<link rel=\"canonical\" href=\"https:\/\/www.johannagullichsen.com\/fi\/tuote\/reppu\/\" \/>\n<meta property=\"og:locale\" content=\"fi_FI\" \/>\n<meta property=\"og:type\" content=\"article\" \/>\n<meta property=\"og:title\" content=\"Reppu\" \/>\n<meta property=\"og:description\" content=\"Tyylik\u00e4s reppu moneen menoon. Kevyt\u00a0 ja tyylik\u00e4s selk\u00e4reppu on hyv\u00e4 kaveri niin t\u00f6ihin, luontoretkelle kuin kaupunkip\u00e4iv\u00e4\u00e4nkin.\" \/>\n<meta property=\"og:url\" content=\"https:\/\/www.johannagullichsen.com\/fi\/tuote\/reppu\/\" \/>\n<meta property=\"og:site_name\" content=\"Johanna Gullichsen\" \/>\n<meta property=\"article:modified_time\" content=\"2023-04-25T10:51:06+00:00\" \/>\n<meta property=\"og:image\" content=\"https:\/\/www.johannagullichsen.com\/wp-content\/uploads\/2021\/02\/Johanna-Gullichsen-Backpack-Helios-dark-blue-2.jpg\" \/>\n\t<meta property=\"og:image:width\" content=\"1600\" \/>\n\t<meta property=\"og:image:height\" content=\"1200\" \/>\n\t<meta property=\"og:image:type\" content=\"image\/jpeg\" \/>\n<meta name=\"twitter:card\" content=\"summary_large_image\" \/>\n<meta name=\"twitter:label1\" content=\"Arvioitu lukuaika\" \/>\n\t<meta name=\"twitter:data1\" content=\"1 minuutti\" \/>\n<script type=\"application\/ld+json\" class=\"yoast-schema-graph\">{\"@context\":\"https:\\\/\\\/schema.org\",\"@graph\":[{\"@type\":\"WebPage\",\"@id\":\"https:\\\/\\\/www.johannagullichsen.com\\\/fi\\\/tuote\\\/reppu\\\/\",\"url\":\"https:\\\/\\\/www.johannagullichsen.com\\\/fi\\\/tuote\\\/reppu\\\/\",\"name\":\"Reppu - Johanna Gullichsen Reppu\",\"isPartOf\":{\"@id\":\"https:\\\/\\\/www.johannagullichsen.com\\\/fi\\\/#website\"},\"primaryImageOfPage\":{\"@id\":\"https:\\\/\\\/www.johannagullichsen.com\\\/fi\\\/tuote\\\/reppu\\\/#primaryimage\"},\"image\":{\"@id\":\"https:\\\/\\\/www.johannagullichsen.com\\\/fi\\\/tuote\\\/reppu\\\/#primaryimage\"},\"thumbnailUrl\":\"https:\\\/\\\/www.johannagullichsen.com\\\/wp-content\\\/uploads\\\/2021\\\/02\\\/Johanna-Gullichsen-Backpack-Helios-dark-blue-2.jpg\",\"datePublished\":\"2021-02-17T10:41:04+00:00\",\"dateModified\":\"2023-04-25T10:51:06+00:00\",\"description\":\"Tyylik\u00e4s reppu moneen menoon. Kevyt\u00a0 ja tyylik\u00e4s selk\u00e4reppu on hyv\u00e4 kaveri niin t\u00f6ihin, luontoretkelle kuin kaupunkip\u00e4iv\u00e4\u00e4nkin.\",\"breadcrumb\":{\"@id\":\"https:\\\/\\\/www.johannagullichsen.com\\\/fi\\\/tuote\\\/reppu\\\/#breadcrumb\"},\"inLanguage\":\"fi\",\"potentialAction\":[{\"@type\":\"ReadAction\",\"target\":[\"https:\\\/\\\/www.johannagullichsen.com\\\/fi\\\/tuote\\\/reppu\\\/\"]}]},{\"@type\":\"ImageObject\",\"inLanguage\":\"fi\",\"@id\":\"https:\\\/\\\/www.johannagullichsen.com\\\/fi\\\/tuote\\\/reppu\\\/#primaryimage\",\"url\":\"https:\\\/\\\/www.johannagullichsen.com\\\/wp-content\\\/uploads\\\/2021\\\/02\\\/Johanna-Gullichsen-Backpack-Helios-dark-blue-2.jpg\",\"contentUrl\":\"https:\\\/\\\/www.johannagullichsen.com\\\/wp-content\\\/uploads\\\/2021\\\/02\\\/Johanna-Gullichsen-Backpack-Helios-dark-blue-2.jpg\",\"width\":1600,\"height\":1200},{\"@type\":\"BreadcrumbList\",\"@id\":\"https:\\\/\\\/www.johannagullichsen.com\\\/fi\\\/tuote\\\/reppu\\\/#breadcrumb\",\"itemListElement\":[{\"@type\":\"ListItem\",\"position\":1,\"name\":\"Home\",\"item\":\"https:\\\/\\\/www.johannagullichsen.com\\\/fi\\\/\"},{\"@type\":\"ListItem\",\"position\":2,\"name\":\"Tuotteet ja verkkokauppa\",\"item\":\"https:\\\/\\\/www.johannagullichsen.com\\\/fi\\\/tuotteet\\\/\"},{\"@type\":\"ListItem\",\"position\":3,\"name\":\"Reppu\"}]},{\"@type\":\"WebSite\",\"@id\":\"https:\\\/\\\/www.johannagullichsen.com\\\/fi\\\/#website\",\"url\":\"https:\\\/\\\/www.johannagullichsen.com\\\/fi\\\/\",\"name\":\"Johanna Gullichsen\",\"description\":\"\",\"potentialAction\":[{\"@type\":\"SearchAction\",\"target\":{\"@type\":\"EntryPoint\",\"urlTemplate\":\"https:\\\/\\\/www.johannagullichsen.com\\\/fi\\\/?s={search_term_string}\"},\"query-input\":{\"@type\":\"PropertyValueSpecification\",\"valueRequired\":true,\"valueName\":\"search_term_string\"}}],\"inLanguage\":\"fi\"}]}<\/script>\n<!-- \/ Yoast SEO Premium plugin. -->","yoast_head_json":{"title":"Reppu - Johanna Gullichsen Reppu","description":"Tyylik\u00e4s reppu moneen menoon. Kevyt\u00a0 ja tyylik\u00e4s selk\u00e4reppu on hyv\u00e4 kaveri niin t\u00f6ihin, luontoretkelle kuin kaupunkip\u00e4iv\u00e4\u00e4nkin.","robots":{"index":"index","follow":"follow","max-snippet":"max-snippet:-1","max-image-preview":"max-image-preview:large","max-video-preview":"max-video-preview:-1"},"canonical":"https:\/\/www.johannagullichsen.com\/fi\/tuote\/reppu\/","og_locale":"fi_FI","og_type":"article","og_title":"Reppu","og_description":"Tyylik\u00e4s reppu moneen menoon. Kevyt\u00a0 ja tyylik\u00e4s selk\u00e4reppu on hyv\u00e4 kaveri niin t\u00f6ihin, luontoretkelle kuin kaupunkip\u00e4iv\u00e4\u00e4nkin.","og_url":"https:\/\/www.johannagullichsen.com\/fi\/tuote\/reppu\/","og_site_name":"Johanna Gullichsen","article_modified_time":"2023-04-25T10:51:06+00:00","og_image":[{"width":1600,"height":1200,"url":"https:\/\/www.johannagullichsen.com\/wp-content\/uploads\/2021\/02\/Johanna-Gullichsen-Backpack-Helios-dark-blue-2.jpg","type":"image\/jpeg"}],"twitter_card":"summary_large_image","twitter_misc":{"Arvioitu lukuaika":"1 minuutti"},"schema":{"@context":"https:\/\/schema.org","@graph":[{"@type":"WebPage","@id":"https:\/\/www.johannagullichsen.com\/fi\/tuote\/reppu\/","url":"https:\/\/www.johannagullichsen.com\/fi\/tuote\/reppu\/","name":"Reppu - Johanna Gullichsen Reppu","isPartOf":{"@id":"https:\/\/www.johannagullichsen.com\/fi\/#website"},"primaryImageOfPage":{"@id":"https:\/\/www.johannagullichsen.com\/fi\/tuote\/reppu\/#primaryimage"},"image":{"@id":"https:\/\/www.johannagullichsen.com\/fi\/tuote\/reppu\/#primaryimage"},"thumbnailUrl":"https:\/\/www.johannagullichsen.com\/wp-content\/uploads\/2021\/02\/Johanna-Gullichsen-Backpack-Helios-dark-blue-2.jpg","datePublished":"2021-02-17T10:41:04+00:00","dateModified":"2023-04-25T10:51:06+00:00","description":"Tyylik\u00e4s reppu moneen menoon. Kevyt\u00a0 ja tyylik\u00e4s selk\u00e4reppu on hyv\u00e4 kaveri niin t\u00f6ihin, luontoretkelle kuin kaupunkip\u00e4iv\u00e4\u00e4nkin.","breadcrumb":{"@id":"https:\/\/www.johannagullichsen.com\/fi\/tuote\/reppu\/#breadcrumb"},"inLanguage":"fi","potentialAction":[{"@type":"ReadAction","target":["https:\/\/www.johannagullichsen.com\/fi\/tuote\/reppu\/"]}]},{"@type":"ImageObject","inLanguage":"fi","@id":"https:\/\/www.johannagullichsen.com\/fi\/tuote\/reppu\/#primaryimage","url":"https:\/\/www.johannagullichsen.com\/wp-content\/uploads\/2021\/02\/Johanna-Gullichsen-Backpack-Helios-dark-blue-2.jpg","contentUrl":"https:\/\/www.johannagullichsen.com\/wp-content\/uploads\/2021\/02\/Johanna-Gullichsen-Backpack-Helios-dark-blue-2.jpg","width":1600,"height":1200},{"@type":"BreadcrumbList","@id":"https:\/\/www.johannagullichsen.com\/fi\/tuote\/reppu\/#breadcrumb","itemListElement":[{"@type":"ListItem","position":1,"name":"Home","item":"https:\/\/www.johannagullichsen.com\/fi\/"},{"@type":"ListItem","position":2,"name":"Tuotteet ja verkkokauppa","item":"https:\/\/www.johannagullichsen.com\/fi\/tuotteet\/"},{"@type":"ListItem","position":3,"name":"Reppu"}]},{"@type":"WebSite","@id":"https:\/\/www.johannagullichsen.com\/fi\/#website","url":"https:\/\/www.johannagullichsen.com\/fi\/","name":"Johanna Gullichsen","description":"","potentialAction":[{"@type":"SearchAction","target":{"@type":"EntryPoint","urlTemplate":"https:\/\/www.johannagullichsen.com\/fi\/?s={search_term_string}"},"query-input":{"@type":"PropertyValueSpecification","valueRequired":true,"valueName":"search_term_string"}}],"inLanguage":"fi"}]}},"_links":{"self":[{"href":"https:\/\/www.johannagullichsen.com\/fi\/wp-json\/wp\/v2\/product\/11240","targetHints":{"allow":["GET"]}}],"collection":[{"href":"https:\/\/www.johannagullichsen.com\/fi\/wp-json\/wp\/v2\/product"}],"about":[{"href":"https:\/\/www.johannagullichsen.com\/fi\/wp-json\/wp\/v2\/types\/product"}],"wp:featuredmedia":[{"embeddable":true,"href":"https:\/\/www.johannagullichsen.com\/fi\/wp-json\/wp\/v2\/media\/16426"}],"wp:attachment":[{"href":"https:\/\/www.johannagullichsen.com\/fi\/wp-json\/wp\/v2\/media?parent=11240"}],"wp:term":[{"taxonomy":"product_brand","embeddable":true,"href":"https:\/\/www.johannagullichsen.com\/fi\/wp-json\/wp\/v2\/product_brand?post=11240"},{"taxonomy":"product_cat","embeddable":true,"href":"https:\/\/www.johannagullichsen.com\/fi\/wp-json\/wp\/v2\/product_cat?post=11240"},{"taxonomy":"product_tag","embeddable":true,"href":"https:\/\/www.johannagullichsen.com\/fi\/wp-json\/wp\/v2\/product_tag?post=11240"}],"curies":[{"name":"wp","href":"https:\/\/api.w.org\/{rel}","templated":true}]}}

<h4>Tyylikäs reppu moneen menoon</h4>
<p>Kevyt  ja tyylikäs selkäreppu on hyvä kaveri niin töihin, luontoretkelle kuin kaupunkipäiväänkin. Repun sisällä on tasku tietokoneelle tai vaikkapa luonnoslehtiölle.  Repun ulkopuolelta selkää vasten löytyy salainen pikkutasku esimerkiksi puhelimelle, mistä sen värinän tuntee kaupunkihumussakin. Repun sivutaskussa on vielä paikka matkakortille. Hihnojen pituus on säädettävissä.</p>
<p>&nbsp;</p>
<p>&nbsp;</p>
<p>&nbsp;</p>

<p>Tyylikäs reppu moneen menoon Kevyt  ja tyylikäs selkäreppu on hyvä kaveri niin töihin, luontoretkelle kuin kaupunkipäiväänkin. Repun sisällä on tasku tietokoneelle tai vaikkapa luonnoslehtiölle.  Repun ulkopuolelta selkää vasten löytyy salainen&hellip;</p>

<!-- This site is optimized with the Yoast SEO Premium plugin v27.2 (Yoast SEO v27.5) - https://yoast.com/product/yoast-seo-premium-wordpress/ -->
<title>Reppu - Johanna Gullichsen Reppu</title>
<meta name="description" content="Tyylikäs reppu moneen menoon. Kevyt  ja tyylikäs selkäreppu on hyvä kaveri niin töihin, luontoretkelle kuin kaupunkipäiväänkin." />
<meta name="robots" content="index, follow, max-snippet:-1, max-image-preview:large, max-video-preview:-1" />
<link rel="canonical" href="https://www.johannagullichsen.com/fi/tuote/reppu/" />
<meta property="og:locale" content="fi_FI" />
<meta property="og:type" content="article" />
<meta property="og:title" content="Reppu" />
<meta property="og:description" content="Tyylikäs reppu moneen menoon. Kevyt  ja tyylikäs selkäreppu on hyvä kaveri niin töihin, luontoretkelle kuin kaupunkipäiväänkin." />
<meta property="og:url" content="https://www.johannagullichsen.com/fi/tuote/reppu/" />
<meta property="og:site_name" content="Johanna Gullichsen" />
<meta property="article:modified_time" content="2023-04-25T10:51:06+00:00" />
<meta property="og:image" content="https://www.johannagullichsen.com/wp-content/uploads/2021/02/Johanna-Gullichsen-Backpack-Helios-dark-blue-2.jpg" />
	<meta property="og:image:width" content="1600" />
	<meta property="og:image:height" content="1200" />
	<meta property="og:image:type" content="image/jpeg" />
<meta name="twitter:card" content="summary_large_image" />
<meta name="twitter:label1" content="Arvioitu lukuaika" />
	<meta name="twitter:data1" content="1 minuutti" />
<script type="application/ld+json" class="yoast-schema-graph">{"@context":"https:\/\/schema.org","@graph":[{"@type":"WebPage","@id":"https:\/\/www.johannagullichsen.com\/fi\/tuote\/reppu\/","url":"https:\/\/www.johannagullichsen.com\/fi\/tuote\/reppu\/","name":"Reppu - Johanna Gullichsen Reppu","isPartOf":{"@id":"https:\/\/www.johannagullichsen.com\/fi\/#website"},"primaryImageOfPage":{"@id":"https:\/\/www.johannagullichsen.com\/fi\/tuote\/reppu\/#primaryimage"},"image":{"@id":"https:\/\/www.johannagullichsen.com\/fi\/tuote\/reppu\/#primaryimage"},"thumbnailUrl":"https:\/\/www.johannagullichsen.com\/wp-content\/uploads\/2021\/02\/Johanna-Gullichsen-Backpack-Helios-dark-blue-2.jpg","datePublished":"2021-02-17T10:41:04+00:00","dateModified":"2023-04-25T10:51:06+00:00","description":"Tyylikäs reppu moneen menoon. Kevyt  ja tyylikäs selkäreppu on hyvä kaveri niin töihin, luontoretkelle kuin kaupunkipäiväänkin.","breadcrumb":{"@id":"https:\/\/www.johannagullichsen.com\/fi\/tuote\/reppu\/#breadcrumb"},"inLanguage":"fi","potentialAction":[{"@type":"ReadAction","target":["https:\/\/www.johannagullichsen.com\/fi\/tuote\/reppu\/"]}]},{"@type":"ImageObject","inLanguage":"fi","@id":"https:\/\/www.johannagullichsen.com\/fi\/tuote\/reppu\/#primaryimage","url":"https:\/\/www.johannagullichsen.com\/wp-content\/uploads\/2021\/02\/Johanna-Gullichsen-Backpack-Helios-dark-blue-2.jpg","contentUrl":"https:\/\/www.johannagullichsen.com\/wp-content\/uploads\/2021\/02\/Johanna-Gullichsen-Backpack-Helios-dark-blue-2.jpg","width":1600,"height":1200},{"@type":"BreadcrumbList","@id":"https:\/\/www.johannagullichsen.com\/fi\/tuote\/reppu\/#breadcrumb","itemListElement":[{"@type":"ListItem","position":1,"name":"Home","item":"https:\/\/www.johannagullichsen.com\/fi\/"},{"@type":"ListItem","position":2,"name":"Tuotteet ja verkkokauppa","item":"https:\/\/www.johannagullichsen.com\/fi\/tuotteet\/"},{"@type":"ListItem","position":3,"name":"Reppu"}]},{"@type":"WebSite","@id":"https:\/\/www.johannagullichsen.com\/fi\/#website","url":"https:\/\/www.johannagullichsen.com\/fi\/","name":"Johanna Gullichsen","description":"","potentialAction":[{"@type":"SearchAction","target":{"@type":"EntryPoint","urlTemplate":"https:\/\/www.johannagullichsen.com\/fi\/?s={search_term_string}"},"query-input":{"@type":"PropertyValueSpecification","valueRequired":true,"valueName":"search_term_string"}}],"inLanguage":"fi"}]}</script>
<!-- / Yoast SEO Premium plugin. -->

Tyylikäs reppu moneen menoon. Kevyt  ja tyylikäs selkäreppu on hyvä kaveri niin töihin, luontoretkelle kuin kaupunkipäiväänkin.
