{"id":17426,"date":"2023-03-14T15:20:36","date_gmt":"2023-03-14T13:20:36","guid":{"rendered":"https:\/\/www.johannagullichsen.com\/?post_type=product&#038;p=17426"},"modified":"2023-03-15T07:50:07","modified_gmt":"2023-03-15T05:50:07","slug":"mallitilkku-selene","status":"publish","type":"product","link":"https:\/\/www.johannagullichsen.com\/fi\/tuote\/mallitilkku-selene\/","title":{"rendered":"Mallitilkku Selene"},"content":{"rendered":"<h4>Suunnittelijan paras ty\u00f6v\u00e4line<\/h4>\n<p>Mallitilkku on mainio apu kankaan v\u00e4ris\u00e4vyn ja laadun varmistamiseen. Voit tilata yhden tai useamman tilkun helpottamaan esimerkiksi verhoilukankaan tai p\u00e4iv\u00e4peitteen valintaa.<\/p>\n","protected":false},"excerpt":{"rendered":"<p>Suunnittelijan paras ty\u00f6v\u00e4line Mallitilkku on mainio apu kankaan v\u00e4ris\u00e4vyn ja laadun varmistamiseen. Voit tilata yhden tai useamman tilkun helpottamaan esimerkiksi verhoilukankaan tai p\u00e4iv\u00e4peitteen valintaa.<\/p>\n","protected":false},"featured_media":15287,"template":"","meta":{"_acf_changed":false},"product_brand":[],"product_cat":[17],"product_tag":[],"class_list":{"0":"post-17426","1":"product","2":"type-product","3":"status-publish","4":"has-post-thumbnail","6":"product_cat-uncategorized","7":"pa_pattern-colour-selene-sininen","8":"pa_pattern-colour-selene-viininpunainen","9":"pa_pattern-colour-selene-vihrea","10":"pa_pattern-colour-selene-musta","12":"first","13":"instock","14":"taxable","15":"shipping-taxable","16":"purchasable","17":"product-type-variable"},"acf":[],"yoast_head":"<!-- This site is optimized with the Yoast SEO Premium plugin v27.2 (Yoast SEO v27.5) - https:\/\/yoast.com\/product\/yoast-seo-premium-wordpress\/ -->\n<title>Mallitilkku Selene - Johanna Gullichsen<\/title>\n<meta name=\"robots\" content=\"index, follow, max-snippet:-1, max-image-preview:large, max-video-preview:-1\" \/>\n<link rel=\"canonical\" href=\"https:\/\/www.johannagullichsen.com\/fi\/tuote\/mallitilkku-selene\/\" \/>\n<meta property=\"og:locale\" content=\"fi_FI\" \/>\n<meta property=\"og:type\" content=\"article\" \/>\n<meta property=\"og:title\" content=\"Mallitilkku Selene\" \/>\n<meta property=\"og:description\" content=\"Suunnittelijan paras ty\u00f6v\u00e4line Mallitilkku on mainio apu kankaan v\u00e4ris\u00e4vyn ja laadun varmistamiseen. Voit tilata yhden tai useamman tilkun helpottamaan esimerkiksi verhoilukankaan tai p\u00e4iv\u00e4peitteen valintaa.\" \/>\n<meta property=\"og:url\" content=\"https:\/\/www.johannagullichsen.com\/fi\/tuote\/mallitilkku-selene\/\" \/>\n<meta property=\"og:site_name\" content=\"Johanna Gullichsen\" \/>\n<meta property=\"article:modified_time\" content=\"2023-03-15T05:50:07+00:00\" \/>\n<meta property=\"og:image\" content=\"https:\/\/www.johannagullichsen.com\/wp-content\/uploads\/2022\/08\/Johanna-Gullichsen-Selene-Black-thumb.jpg\" \/>\n\t<meta property=\"og:image:width\" content=\"800\" \/>\n\t<meta property=\"og:image:height\" content=\"589\" \/>\n\t<meta property=\"og:image:type\" content=\"image\/jpeg\" \/>\n<meta name=\"twitter:card\" content=\"summary_large_image\" \/>\n<meta name=\"twitter:label1\" content=\"Arvioitu lukuaika\" \/>\n\t<meta name=\"twitter:data1\" content=\"1 minuutti\" \/>\n<script type=\"application\/ld+json\" class=\"yoast-schema-graph\">{\"@context\":\"https:\\\/\\\/schema.org\",\"@graph\":[{\"@type\":\"WebPage\",\"@id\":\"https:\\\/\\\/www.johannagullichsen.com\\\/fi\\\/tuote\\\/mallitilkku-selene\\\/\",\"url\":\"https:\\\/\\\/www.johannagullichsen.com\\\/fi\\\/tuote\\\/mallitilkku-selene\\\/\",\"name\":\"Mallitilkku Selene - Johanna Gullichsen\",\"isPartOf\":{\"@id\":\"https:\\\/\\\/www.johannagullichsen.com\\\/fi\\\/#website\"},\"primaryImageOfPage\":{\"@id\":\"https:\\\/\\\/www.johannagullichsen.com\\\/fi\\\/tuote\\\/mallitilkku-selene\\\/#primaryimage\"},\"image\":{\"@id\":\"https:\\\/\\\/www.johannagullichsen.com\\\/fi\\\/tuote\\\/mallitilkku-selene\\\/#primaryimage\"},\"thumbnailUrl\":\"https:\\\/\\\/www.johannagullichsen.com\\\/wp-content\\\/uploads\\\/2022\\\/08\\\/Johanna-Gullichsen-Selene-Black-thumb.jpg\",\"datePublished\":\"2023-03-14T13:20:36+00:00\",\"dateModified\":\"2023-03-15T05:50:07+00:00\",\"breadcrumb\":{\"@id\":\"https:\\\/\\\/www.johannagullichsen.com\\\/fi\\\/tuote\\\/mallitilkku-selene\\\/#breadcrumb\"},\"inLanguage\":\"fi\",\"potentialAction\":[{\"@type\":\"ReadAction\",\"target\":[\"https:\\\/\\\/www.johannagullichsen.com\\\/fi\\\/tuote\\\/mallitilkku-selene\\\/\"]}]},{\"@type\":\"ImageObject\",\"inLanguage\":\"fi\",\"@id\":\"https:\\\/\\\/www.johannagullichsen.com\\\/fi\\\/tuote\\\/mallitilkku-selene\\\/#primaryimage\",\"url\":\"https:\\\/\\\/www.johannagullichsen.com\\\/wp-content\\\/uploads\\\/2022\\\/08\\\/Johanna-Gullichsen-Selene-Black-thumb.jpg\",\"contentUrl\":\"https:\\\/\\\/www.johannagullichsen.com\\\/wp-content\\\/uploads\\\/2022\\\/08\\\/Johanna-Gullichsen-Selene-Black-thumb.jpg\",\"width\":800,\"height\":589},{\"@type\":\"BreadcrumbList\",\"@id\":\"https:\\\/\\\/www.johannagullichsen.com\\\/fi\\\/tuote\\\/mallitilkku-selene\\\/#breadcrumb\",\"itemListElement\":[{\"@type\":\"ListItem\",\"position\":1,\"name\":\"Home\",\"item\":\"https:\\\/\\\/www.johannagullichsen.com\\\/fi\\\/\"},{\"@type\":\"ListItem\",\"position\":2,\"name\":\"Tuotteet ja verkkokauppa\",\"item\":\"https:\\\/\\\/www.johannagullichsen.com\\\/fi\\\/tuotteet\\\/\"},{\"@type\":\"ListItem\",\"position\":3,\"name\":\"Mallitilkku Selene\"}]},{\"@type\":\"WebSite\",\"@id\":\"https:\\\/\\\/www.johannagullichsen.com\\\/fi\\\/#website\",\"url\":\"https:\\\/\\\/www.johannagullichsen.com\\\/fi\\\/\",\"name\":\"Johanna Gullichsen\",\"description\":\"\",\"potentialAction\":[{\"@type\":\"SearchAction\",\"target\":{\"@type\":\"EntryPoint\",\"urlTemplate\":\"https:\\\/\\\/www.johannagullichsen.com\\\/fi\\\/?s={search_term_string}\"},\"query-input\":{\"@type\":\"PropertyValueSpecification\",\"valueRequired\":true,\"valueName\":\"search_term_string\"}}],\"inLanguage\":\"fi\"}]}<\/script>\n<!-- \/ Yoast SEO Premium plugin. -->","yoast_head_json":{"title":"Mallitilkku Selene - Johanna Gullichsen","robots":{"index":"index","follow":"follow","max-snippet":"max-snippet:-1","max-image-preview":"max-image-preview:large","max-video-preview":"max-video-preview:-1"},"canonical":"https:\/\/www.johannagullichsen.com\/fi\/tuote\/mallitilkku-selene\/","og_locale":"fi_FI","og_type":"article","og_title":"Mallitilkku Selene","og_description":"Suunnittelijan paras ty\u00f6v\u00e4line Mallitilkku on mainio apu kankaan v\u00e4ris\u00e4vyn ja laadun varmistamiseen. Voit tilata yhden tai useamman tilkun helpottamaan esimerkiksi verhoilukankaan tai p\u00e4iv\u00e4peitteen valintaa.","og_url":"https:\/\/www.johannagullichsen.com\/fi\/tuote\/mallitilkku-selene\/","og_site_name":"Johanna Gullichsen","article_modified_time":"2023-03-15T05:50:07+00:00","og_image":[{"width":800,"height":589,"url":"https:\/\/www.johannagullichsen.com\/wp-content\/uploads\/2022\/08\/Johanna-Gullichsen-Selene-Black-thumb.jpg","type":"image\/jpeg"}],"twitter_card":"summary_large_image","twitter_misc":{"Arvioitu lukuaika":"1 minuutti"},"schema":{"@context":"https:\/\/schema.org","@graph":[{"@type":"WebPage","@id":"https:\/\/www.johannagullichsen.com\/fi\/tuote\/mallitilkku-selene\/","url":"https:\/\/www.johannagullichsen.com\/fi\/tuote\/mallitilkku-selene\/","name":"Mallitilkku Selene - Johanna Gullichsen","isPartOf":{"@id":"https:\/\/www.johannagullichsen.com\/fi\/#website"},"primaryImageOfPage":{"@id":"https:\/\/www.johannagullichsen.com\/fi\/tuote\/mallitilkku-selene\/#primaryimage"},"image":{"@id":"https:\/\/www.johannagullichsen.com\/fi\/tuote\/mallitilkku-selene\/#primaryimage"},"thumbnailUrl":"https:\/\/www.johannagullichsen.com\/wp-content\/uploads\/2022\/08\/Johanna-Gullichsen-Selene-Black-thumb.jpg","datePublished":"2023-03-14T13:20:36+00:00","dateModified":"2023-03-15T05:50:07+00:00","breadcrumb":{"@id":"https:\/\/www.johannagullichsen.com\/fi\/tuote\/mallitilkku-selene\/#breadcrumb"},"inLanguage":"fi","potentialAction":[{"@type":"ReadAction","target":["https:\/\/www.johannagullichsen.com\/fi\/tuote\/mallitilkku-selene\/"]}]},{"@type":"ImageObject","inLanguage":"fi","@id":"https:\/\/www.johannagullichsen.com\/fi\/tuote\/mallitilkku-selene\/#primaryimage","url":"https:\/\/www.johannagullichsen.com\/wp-content\/uploads\/2022\/08\/Johanna-Gullichsen-Selene-Black-thumb.jpg","contentUrl":"https:\/\/www.johannagullichsen.com\/wp-content\/uploads\/2022\/08\/Johanna-Gullichsen-Selene-Black-thumb.jpg","width":800,"height":589},{"@type":"BreadcrumbList","@id":"https:\/\/www.johannagullichsen.com\/fi\/tuote\/mallitilkku-selene\/#breadcrumb","itemListElement":[{"@type":"ListItem","position":1,"name":"Home","item":"https:\/\/www.johannagullichsen.com\/fi\/"},{"@type":"ListItem","position":2,"name":"Tuotteet ja verkkokauppa","item":"https:\/\/www.johannagullichsen.com\/fi\/tuotteet\/"},{"@type":"ListItem","position":3,"name":"Mallitilkku Selene"}]},{"@type":"WebSite","@id":"https:\/\/www.johannagullichsen.com\/fi\/#website","url":"https:\/\/www.johannagullichsen.com\/fi\/","name":"Johanna Gullichsen","description":"","potentialAction":[{"@type":"SearchAction","target":{"@type":"EntryPoint","urlTemplate":"https:\/\/www.johannagullichsen.com\/fi\/?s={search_term_string}"},"query-input":{"@type":"PropertyValueSpecification","valueRequired":true,"valueName":"search_term_string"}}],"inLanguage":"fi"}]}},"_links":{"self":[{"href":"https:\/\/www.johannagullichsen.com\/fi\/wp-json\/wp\/v2\/product\/17426","targetHints":{"allow":["GET"]}}],"collection":[{"href":"https:\/\/www.johannagullichsen.com\/fi\/wp-json\/wp\/v2\/product"}],"about":[{"href":"https:\/\/www.johannagullichsen.com\/fi\/wp-json\/wp\/v2\/types\/product"}],"wp:featuredmedia":[{"embeddable":true,"href":"https:\/\/www.johannagullichsen.com\/fi\/wp-json\/wp\/v2\/media\/15287"}],"wp:attachment":[{"href":"https:\/\/www.johannagullichsen.com\/fi\/wp-json\/wp\/v2\/media?parent=17426"}],"wp:term":[{"taxonomy":"product_brand","embeddable":true,"href":"https:\/\/www.johannagullichsen.com\/fi\/wp-json\/wp\/v2\/product_brand?post=17426"},{"taxonomy":"product_cat","embeddable":true,"href":"https:\/\/www.johannagullichsen.com\/fi\/wp-json\/wp\/v2\/product_cat?post=17426"},{"taxonomy":"product_tag","embeddable":true,"href":"https:\/\/www.johannagullichsen.com\/fi\/wp-json\/wp\/v2\/product_tag?post=17426"}],"curies":[{"name":"wp","href":"https:\/\/api.w.org\/{rel}","templated":true}]}}

<h4>Suunnittelijan paras työväline</h4>
<p>Mallitilkku on mainio apu kankaan värisävyn ja laadun varmistamiseen. Voit tilata yhden tai useamman tilkun helpottamaan esimerkiksi verhoilukankaan tai päiväpeitteen valintaa.</p>

<p>Suunnittelijan paras työväline Mallitilkku on mainio apu kankaan värisävyn ja laadun varmistamiseen. Voit tilata yhden tai useamman tilkun helpottamaan esimerkiksi verhoilukankaan tai päiväpeitteen valintaa.</p>

<!-- This site is optimized with the Yoast SEO Premium plugin v27.2 (Yoast SEO v27.5) - https://yoast.com/product/yoast-seo-premium-wordpress/ -->
<title>Mallitilkku Selene - Johanna Gullichsen</title>
<meta name="robots" content="index, follow, max-snippet:-1, max-image-preview:large, max-video-preview:-1" />
<link rel="canonical" href="https://www.johannagullichsen.com/fi/tuote/mallitilkku-selene/" />
<meta property="og:locale" content="fi_FI" />
<meta property="og:type" content="article" />
<meta property="og:title" content="Mallitilkku Selene" />
<meta property="og:description" content="Suunnittelijan paras työväline Mallitilkku on mainio apu kankaan värisävyn ja laadun varmistamiseen. Voit tilata yhden tai useamman tilkun helpottamaan esimerkiksi verhoilukankaan tai päiväpeitteen valintaa." />
<meta property="og:url" content="https://www.johannagullichsen.com/fi/tuote/mallitilkku-selene/" />
<meta property="og:site_name" content="Johanna Gullichsen" />
<meta property="article:modified_time" content="2023-03-15T05:50:07+00:00" />
<meta property="og:image" content="https://www.johannagullichsen.com/wp-content/uploads/2022/08/Johanna-Gullichsen-Selene-Black-thumb.jpg" />
	<meta property="og:image:width" content="800" />
	<meta property="og:image:height" content="589" />
	<meta property="og:image:type" content="image/jpeg" />
<meta name="twitter:card" content="summary_large_image" />
<meta name="twitter:label1" content="Arvioitu lukuaika" />
	<meta name="twitter:data1" content="1 minuutti" />
<script type="application/ld+json" class="yoast-schema-graph">{"@context":"https:\/\/schema.org","@graph":[{"@type":"WebPage","@id":"https:\/\/www.johannagullichsen.com\/fi\/tuote\/mallitilkku-selene\/","url":"https:\/\/www.johannagullichsen.com\/fi\/tuote\/mallitilkku-selene\/","name":"Mallitilkku Selene - Johanna Gullichsen","isPartOf":{"@id":"https:\/\/www.johannagullichsen.com\/fi\/#website"},"primaryImageOfPage":{"@id":"https:\/\/www.johannagullichsen.com\/fi\/tuote\/mallitilkku-selene\/#primaryimage"},"image":{"@id":"https:\/\/www.johannagullichsen.com\/fi\/tuote\/mallitilkku-selene\/#primaryimage"},"thumbnailUrl":"https:\/\/www.johannagullichsen.com\/wp-content\/uploads\/2022\/08\/Johanna-Gullichsen-Selene-Black-thumb.jpg","datePublished":"2023-03-14T13:20:36+00:00","dateModified":"2023-03-15T05:50:07+00:00","breadcrumb":{"@id":"https:\/\/www.johannagullichsen.com\/fi\/tuote\/mallitilkku-selene\/#breadcrumb"},"inLanguage":"fi","potentialAction":[{"@type":"ReadAction","target":["https:\/\/www.johannagullichsen.com\/fi\/tuote\/mallitilkku-selene\/"]}]},{"@type":"ImageObject","inLanguage":"fi","@id":"https:\/\/www.johannagullichsen.com\/fi\/tuote\/mallitilkku-selene\/#primaryimage","url":"https:\/\/www.johannagullichsen.com\/wp-content\/uploads\/2022\/08\/Johanna-Gullichsen-Selene-Black-thumb.jpg","contentUrl":"https:\/\/www.johannagullichsen.com\/wp-content\/uploads\/2022\/08\/Johanna-Gullichsen-Selene-Black-thumb.jpg","width":800,"height":589},{"@type":"BreadcrumbList","@id":"https:\/\/www.johannagullichsen.com\/fi\/tuote\/mallitilkku-selene\/#breadcrumb","itemListElement":[{"@type":"ListItem","position":1,"name":"Home","item":"https:\/\/www.johannagullichsen.com\/fi\/"},{"@type":"ListItem","position":2,"name":"Tuotteet ja verkkokauppa","item":"https:\/\/www.johannagullichsen.com\/fi\/tuotteet\/"},{"@type":"ListItem","position":3,"name":"Mallitilkku Selene"}]},{"@type":"WebSite","@id":"https:\/\/www.johannagullichsen.com\/fi\/#website","url":"https:\/\/www.johannagullichsen.com\/fi\/","name":"Johanna Gullichsen","description":"","potentialAction":[{"@type":"SearchAction","target":{"@type":"EntryPoint","urlTemplate":"https:\/\/www.johannagullichsen.com\/fi\/?s={search_term_string}"},"query-input":{"@type":"PropertyValueSpecification","valueRequired":true,"valueName":"search_term_string"}}],"inLanguage":"fi"}]}</script>
<!-- / Yoast SEO Premium plugin. -->

Suunnittelijan paras työväline Mallitilkku on mainio apu kankaan värisävyn ja laadun varmistamiseen. Voit tilata yhden tai useamman tilkun helpottamaan esimerkiksi verhoilukankaan tai päiväpeitteen valintaa.
