{"id":23866,"date":"2024-05-24T15:23:32","date_gmt":"2024-05-24T12:23:32","guid":{"rendered":"https:\/\/www.johannagullichsen.com\/?post_type=product&#038;p=23866"},"modified":"2026-03-16T17:47:43","modified_gmt":"2026-03-16T15:47:43","slug":"viktorino-laukku","status":"publish","type":"product","link":"https:\/\/www.johannagullichsen.com\/fi\/tuote\/viktorino-laukku\/","title":{"rendered":"Viktorino-laukku"},"content":{"rendered":"<h4>Tyylik\u00e4s olkalaukku<\/h4>\n<p>Pienen Viktorino-olkalaukun l\u00e4pp\u00e4 ja vetoketju varmistavat, ett\u00e4 t\u00e4rke\u00e4t tavarasi pysyv\u00e4t tallessa. Laukun hihna on\u00a0 irrotettava ja s\u00e4\u00e4dett\u00e4v\u00e4. Viktorino on pienempi versio Johanna Gullichsenin malliston klassikkolaukusta, Viktorista.<\/p>\n<p>V\u00e4rj\u00e4tty, kudottu ja ommeltu Suomessa.<\/p>\n","protected":false},"excerpt":{"rendered":"<p>Tyylik\u00e4s olkalaukku Pienen Viktorino-olkalaukun l\u00e4pp\u00e4 ja vetoketju varmistavat, ett\u00e4 t\u00e4rke\u00e4t tavarasi pysyv\u00e4t tallessa. Laukun hihna on\u00a0 irrotettava ja s\u00e4\u00e4dett\u00e4v\u00e4. Viktorino on pienempi versio Johanna Gullichsenin malliston klassikkolaukusta, Viktorista. V\u00e4rj\u00e4tty, kudottu&hellip;<\/p>\n","protected":false},"featured_media":30132,"template":"","meta":{"_acf_changed":false},"product_brand":[],"product_cat":[1968,192],"product_tag":[],"class_list":{"0":"post-23866","1":"product","2":"type-product","3":"status-publish","4":"has-post-thumbnail","6":"product_cat-laukut","7":"product_cat-laukut-asusteet","8":"pa_pattern-colour-doris-tummansininen","9":"pa_pattern-colour-doris-keltainen","10":"pa_pattern-colour-doris-cirrus","11":"pa_pattern-colour-eos-musta","12":"pa_pattern-colour-eos-vaaleanharmaa","13":"pa_pattern-colour-helios-black-fi","14":"pa_pattern-colour-helios-lyijy","15":"pa_pattern-colour-nereus-dark-blue-fi","16":"pa_pattern-colour-tithonus-black-fi","17":"pa_pattern-colour-tithonus-lead-fi","18":"pa_pattern-colour-selene-vihrea","19":"pa_pattern-colour-doris-musta","20":"pa_pattern-colour-doris-olki","21":"collection-normandie-2","23":"first","24":"instock","25":"taxable","26":"shipping-taxable","27":"purchasable","28":"product-type-variable"},"acf":[],"yoast_head":"<!-- This site is optimized with the Yoast SEO Premium plugin v27.2 (Yoast SEO v27.5) - https:\/\/yoast.com\/product\/yoast-seo-premium-wordpress\/ -->\n<title>Viktorino-laukku - Johanna Gullichsen<\/title>\n<meta name=\"robots\" content=\"index, follow, max-snippet:-1, max-image-preview:large, max-video-preview:-1\" \/>\n<link rel=\"canonical\" href=\"https:\/\/www.johannagullichsen.com\/fi\/tuote\/viktorino-laukku\/\" \/>\n<meta property=\"og:locale\" content=\"fi_FI\" \/>\n<meta property=\"og:type\" content=\"article\" \/>\n<meta property=\"og:title\" content=\"Viktorino-laukku\" \/>\n<meta property=\"og:description\" content=\"Tyylik\u00e4s olkalaukku Pienen Viktorino-olkalaukun l\u00e4pp\u00e4 ja vetoketju varmistavat, ett\u00e4 t\u00e4rke\u00e4t tavarasi pysyv\u00e4t tallessa. Laukun hihna on\u00a0 irrotettava ja s\u00e4\u00e4dett\u00e4v\u00e4. Viktorino on pienempi versio Johanna Gullichsenin malliston klassikkolaukusta, Viktorista. V\u00e4rj\u00e4tty, kudottu&hellip;\" \/>\n<meta property=\"og:url\" content=\"https:\/\/www.johannagullichsen.com\/fi\/tuote\/viktorino-laukku\/\" \/>\n<meta property=\"og:site_name\" content=\"Johanna Gullichsen\" \/>\n<meta property=\"article:modified_time\" content=\"2026-03-16T15:47:43+00:00\" \/>\n<meta property=\"og:image\" content=\"https:\/\/www.johannagullichsen.com\/wp-content\/uploads\/2020\/04\/PR_Johanna_Gullichsen-Viktorino-Cirrus.jpg\" \/>\n\t<meta property=\"og:image:width\" content=\"1600\" \/>\n\t<meta property=\"og:image:height\" content=\"1200\" \/>\n\t<meta property=\"og:image:type\" content=\"image\/jpeg\" \/>\n<meta name=\"twitter:card\" content=\"summary_large_image\" \/>\n<meta name=\"twitter:label1\" content=\"Arvioitu lukuaika\" \/>\n\t<meta name=\"twitter:data1\" content=\"1 minuutti\" \/>\n<script type=\"application\/ld+json\" class=\"yoast-schema-graph\">{\"@context\":\"https:\\\/\\\/schema.org\",\"@graph\":[{\"@type\":\"WebPage\",\"@id\":\"https:\\\/\\\/www.johannagullichsen.com\\\/fi\\\/tuote\\\/viktorino-laukku\\\/\",\"url\":\"https:\\\/\\\/www.johannagullichsen.com\\\/fi\\\/tuote\\\/viktorino-laukku\\\/\",\"name\":\"Viktorino-laukku - Johanna Gullichsen\",\"isPartOf\":{\"@id\":\"https:\\\/\\\/www.johannagullichsen.com\\\/fi\\\/#website\"},\"primaryImageOfPage\":{\"@id\":\"https:\\\/\\\/www.johannagullichsen.com\\\/fi\\\/tuote\\\/viktorino-laukku\\\/#primaryimage\"},\"image\":{\"@id\":\"https:\\\/\\\/www.johannagullichsen.com\\\/fi\\\/tuote\\\/viktorino-laukku\\\/#primaryimage\"},\"thumbnailUrl\":\"https:\\\/\\\/www.johannagullichsen.com\\\/wp-content\\\/uploads\\\/2020\\\/04\\\/PR_Johanna_Gullichsen-Viktorino-Cirrus.jpg\",\"datePublished\":\"2024-05-24T12:23:32+00:00\",\"dateModified\":\"2026-03-16T15:47:43+00:00\",\"breadcrumb\":{\"@id\":\"https:\\\/\\\/www.johannagullichsen.com\\\/fi\\\/tuote\\\/viktorino-laukku\\\/#breadcrumb\"},\"inLanguage\":\"fi\",\"potentialAction\":[{\"@type\":\"ReadAction\",\"target\":[\"https:\\\/\\\/www.johannagullichsen.com\\\/fi\\\/tuote\\\/viktorino-laukku\\\/\"]}]},{\"@type\":\"ImageObject\",\"inLanguage\":\"fi\",\"@id\":\"https:\\\/\\\/www.johannagullichsen.com\\\/fi\\\/tuote\\\/viktorino-laukku\\\/#primaryimage\",\"url\":\"https:\\\/\\\/www.johannagullichsen.com\\\/wp-content\\\/uploads\\\/2020\\\/04\\\/PR_Johanna_Gullichsen-Viktorino-Cirrus.jpg\",\"contentUrl\":\"https:\\\/\\\/www.johannagullichsen.com\\\/wp-content\\\/uploads\\\/2020\\\/04\\\/PR_Johanna_Gullichsen-Viktorino-Cirrus.jpg\",\"width\":1600,\"height\":1200},{\"@type\":\"BreadcrumbList\",\"@id\":\"https:\\\/\\\/www.johannagullichsen.com\\\/fi\\\/tuote\\\/viktorino-laukku\\\/#breadcrumb\",\"itemListElement\":[{\"@type\":\"ListItem\",\"position\":1,\"name\":\"Home\",\"item\":\"https:\\\/\\\/www.johannagullichsen.com\\\/fi\\\/\"},{\"@type\":\"ListItem\",\"position\":2,\"name\":\"Tuotteet ja verkkokauppa\",\"item\":\"https:\\\/\\\/www.johannagullichsen.com\\\/fi\\\/tuotteet\\\/\"},{\"@type\":\"ListItem\",\"position\":3,\"name\":\"Viktorino-laukku\"}]},{\"@type\":\"WebSite\",\"@id\":\"https:\\\/\\\/www.johannagullichsen.com\\\/fi\\\/#website\",\"url\":\"https:\\\/\\\/www.johannagullichsen.com\\\/fi\\\/\",\"name\":\"Johanna Gullichsen\",\"description\":\"\",\"potentialAction\":[{\"@type\":\"SearchAction\",\"target\":{\"@type\":\"EntryPoint\",\"urlTemplate\":\"https:\\\/\\\/www.johannagullichsen.com\\\/fi\\\/?s={search_term_string}\"},\"query-input\":{\"@type\":\"PropertyValueSpecification\",\"valueRequired\":true,\"valueName\":\"search_term_string\"}}],\"inLanguage\":\"fi\"}]}<\/script>\n<!-- \/ Yoast SEO Premium plugin. -->","yoast_head_json":{"title":"Viktorino-laukku - Johanna Gullichsen","robots":{"index":"index","follow":"follow","max-snippet":"max-snippet:-1","max-image-preview":"max-image-preview:large","max-video-preview":"max-video-preview:-1"},"canonical":"https:\/\/www.johannagullichsen.com\/fi\/tuote\/viktorino-laukku\/","og_locale":"fi_FI","og_type":"article","og_title":"Viktorino-laukku","og_description":"Tyylik\u00e4s olkalaukku Pienen Viktorino-olkalaukun l\u00e4pp\u00e4 ja vetoketju varmistavat, ett\u00e4 t\u00e4rke\u00e4t tavarasi pysyv\u00e4t tallessa. Laukun hihna on\u00a0 irrotettava ja s\u00e4\u00e4dett\u00e4v\u00e4. Viktorino on pienempi versio Johanna Gullichsenin malliston klassikkolaukusta, Viktorista. V\u00e4rj\u00e4tty, kudottu&hellip;","og_url":"https:\/\/www.johannagullichsen.com\/fi\/tuote\/viktorino-laukku\/","og_site_name":"Johanna Gullichsen","article_modified_time":"2026-03-16T15:47:43+00:00","og_image":[{"width":1600,"height":1200,"url":"https:\/\/www.johannagullichsen.com\/wp-content\/uploads\/2020\/04\/PR_Johanna_Gullichsen-Viktorino-Cirrus.jpg","type":"image\/jpeg"}],"twitter_card":"summary_large_image","twitter_misc":{"Arvioitu lukuaika":"1 minuutti"},"schema":{"@context":"https:\/\/schema.org","@graph":[{"@type":"WebPage","@id":"https:\/\/www.johannagullichsen.com\/fi\/tuote\/viktorino-laukku\/","url":"https:\/\/www.johannagullichsen.com\/fi\/tuote\/viktorino-laukku\/","name":"Viktorino-laukku - Johanna Gullichsen","isPartOf":{"@id":"https:\/\/www.johannagullichsen.com\/fi\/#website"},"primaryImageOfPage":{"@id":"https:\/\/www.johannagullichsen.com\/fi\/tuote\/viktorino-laukku\/#primaryimage"},"image":{"@id":"https:\/\/www.johannagullichsen.com\/fi\/tuote\/viktorino-laukku\/#primaryimage"},"thumbnailUrl":"https:\/\/www.johannagullichsen.com\/wp-content\/uploads\/2020\/04\/PR_Johanna_Gullichsen-Viktorino-Cirrus.jpg","datePublished":"2024-05-24T12:23:32+00:00","dateModified":"2026-03-16T15:47:43+00:00","breadcrumb":{"@id":"https:\/\/www.johannagullichsen.com\/fi\/tuote\/viktorino-laukku\/#breadcrumb"},"inLanguage":"fi","potentialAction":[{"@type":"ReadAction","target":["https:\/\/www.johannagullichsen.com\/fi\/tuote\/viktorino-laukku\/"]}]},{"@type":"ImageObject","inLanguage":"fi","@id":"https:\/\/www.johannagullichsen.com\/fi\/tuote\/viktorino-laukku\/#primaryimage","url":"https:\/\/www.johannagullichsen.com\/wp-content\/uploads\/2020\/04\/PR_Johanna_Gullichsen-Viktorino-Cirrus.jpg","contentUrl":"https:\/\/www.johannagullichsen.com\/wp-content\/uploads\/2020\/04\/PR_Johanna_Gullichsen-Viktorino-Cirrus.jpg","width":1600,"height":1200},{"@type":"BreadcrumbList","@id":"https:\/\/www.johannagullichsen.com\/fi\/tuote\/viktorino-laukku\/#breadcrumb","itemListElement":[{"@type":"ListItem","position":1,"name":"Home","item":"https:\/\/www.johannagullichsen.com\/fi\/"},{"@type":"ListItem","position":2,"name":"Tuotteet ja verkkokauppa","item":"https:\/\/www.johannagullichsen.com\/fi\/tuotteet\/"},{"@type":"ListItem","position":3,"name":"Viktorino-laukku"}]},{"@type":"WebSite","@id":"https:\/\/www.johannagullichsen.com\/fi\/#website","url":"https:\/\/www.johannagullichsen.com\/fi\/","name":"Johanna Gullichsen","description":"","potentialAction":[{"@type":"SearchAction","target":{"@type":"EntryPoint","urlTemplate":"https:\/\/www.johannagullichsen.com\/fi\/?s={search_term_string}"},"query-input":{"@type":"PropertyValueSpecification","valueRequired":true,"valueName":"search_term_string"}}],"inLanguage":"fi"}]}},"_links":{"self":[{"href":"https:\/\/www.johannagullichsen.com\/fi\/wp-json\/wp\/v2\/product\/23866","targetHints":{"allow":["GET"]}}],"collection":[{"href":"https:\/\/www.johannagullichsen.com\/fi\/wp-json\/wp\/v2\/product"}],"about":[{"href":"https:\/\/www.johannagullichsen.com\/fi\/wp-json\/wp\/v2\/types\/product"}],"wp:featuredmedia":[{"embeddable":true,"href":"https:\/\/www.johannagullichsen.com\/fi\/wp-json\/wp\/v2\/media\/30132"}],"wp:attachment":[{"href":"https:\/\/www.johannagullichsen.com\/fi\/wp-json\/wp\/v2\/media?parent=23866"}],"wp:term":[{"taxonomy":"product_brand","embeddable":true,"href":"https:\/\/www.johannagullichsen.com\/fi\/wp-json\/wp\/v2\/product_brand?post=23866"},{"taxonomy":"product_cat","embeddable":true,"href":"https:\/\/www.johannagullichsen.com\/fi\/wp-json\/wp\/v2\/product_cat?post=23866"},{"taxonomy":"product_tag","embeddable":true,"href":"https:\/\/www.johannagullichsen.com\/fi\/wp-json\/wp\/v2\/product_tag?post=23866"}],"curies":[{"name":"wp","href":"https:\/\/api.w.org\/{rel}","templated":true}]}}

<h4>Tyylikäs olkalaukku</h4>
<p>Pienen Viktorino-olkalaukun läppä ja vetoketju varmistavat, että tärkeät tavarasi pysyvät tallessa. Laukun hihna on  irrotettava ja säädettävä. Viktorino on pienempi versio Johanna Gullichsenin malliston klassikkolaukusta, Viktorista.</p>
<p>Värjätty, kudottu ja ommeltu Suomessa.</p>

<p>Tyylikäs olkalaukku Pienen Viktorino-olkalaukun läppä ja vetoketju varmistavat, että tärkeät tavarasi pysyvät tallessa. Laukun hihna on  irrotettava ja säädettävä. Viktorino on pienempi versio Johanna Gullichsenin malliston klassikkolaukusta, Viktorista. Värjätty, kudottu&hellip;</p>

<!-- This site is optimized with the Yoast SEO Premium plugin v27.2 (Yoast SEO v27.5) - https://yoast.com/product/yoast-seo-premium-wordpress/ -->
<title>Viktorino-laukku - Johanna Gullichsen</title>
<meta name="robots" content="index, follow, max-snippet:-1, max-image-preview:large, max-video-preview:-1" />
<link rel="canonical" href="https://www.johannagullichsen.com/fi/tuote/viktorino-laukku/" />
<meta property="og:locale" content="fi_FI" />
<meta property="og:type" content="article" />
<meta property="og:title" content="Viktorino-laukku" />
<meta property="og:description" content="Tyylikäs olkalaukku Pienen Viktorino-olkalaukun läppä ja vetoketju varmistavat, että tärkeät tavarasi pysyvät tallessa. Laukun hihna on  irrotettava ja säädettävä. Viktorino on pienempi versio Johanna Gullichsenin malliston klassikkolaukusta, Viktorista. Värjätty, kudottu&hellip;" />
<meta property="og:url" content="https://www.johannagullichsen.com/fi/tuote/viktorino-laukku/" />
<meta property="og:site_name" content="Johanna Gullichsen" />
<meta property="article:modified_time" content="2026-03-16T15:47:43+00:00" />
<meta property="og:image" content="https://www.johannagullichsen.com/wp-content/uploads/2020/04/PR_Johanna_Gullichsen-Viktorino-Cirrus.jpg" />
	<meta property="og:image:width" content="1600" />
	<meta property="og:image:height" content="1200" />
	<meta property="og:image:type" content="image/jpeg" />
<meta name="twitter:card" content="summary_large_image" />
<meta name="twitter:label1" content="Arvioitu lukuaika" />
	<meta name="twitter:data1" content="1 minuutti" />
<script type="application/ld+json" class="yoast-schema-graph">{"@context":"https:\/\/schema.org","@graph":[{"@type":"WebPage","@id":"https:\/\/www.johannagullichsen.com\/fi\/tuote\/viktorino-laukku\/","url":"https:\/\/www.johannagullichsen.com\/fi\/tuote\/viktorino-laukku\/","name":"Viktorino-laukku - Johanna Gullichsen","isPartOf":{"@id":"https:\/\/www.johannagullichsen.com\/fi\/#website"},"primaryImageOfPage":{"@id":"https:\/\/www.johannagullichsen.com\/fi\/tuote\/viktorino-laukku\/#primaryimage"},"image":{"@id":"https:\/\/www.johannagullichsen.com\/fi\/tuote\/viktorino-laukku\/#primaryimage"},"thumbnailUrl":"https:\/\/www.johannagullichsen.com\/wp-content\/uploads\/2020\/04\/PR_Johanna_Gullichsen-Viktorino-Cirrus.jpg","datePublished":"2024-05-24T12:23:32+00:00","dateModified":"2026-03-16T15:47:43+00:00","breadcrumb":{"@id":"https:\/\/www.johannagullichsen.com\/fi\/tuote\/viktorino-laukku\/#breadcrumb"},"inLanguage":"fi","potentialAction":[{"@type":"ReadAction","target":["https:\/\/www.johannagullichsen.com\/fi\/tuote\/viktorino-laukku\/"]}]},{"@type":"ImageObject","inLanguage":"fi","@id":"https:\/\/www.johannagullichsen.com\/fi\/tuote\/viktorino-laukku\/#primaryimage","url":"https:\/\/www.johannagullichsen.com\/wp-content\/uploads\/2020\/04\/PR_Johanna_Gullichsen-Viktorino-Cirrus.jpg","contentUrl":"https:\/\/www.johannagullichsen.com\/wp-content\/uploads\/2020\/04\/PR_Johanna_Gullichsen-Viktorino-Cirrus.jpg","width":1600,"height":1200},{"@type":"BreadcrumbList","@id":"https:\/\/www.johannagullichsen.com\/fi\/tuote\/viktorino-laukku\/#breadcrumb","itemListElement":[{"@type":"ListItem","position":1,"name":"Home","item":"https:\/\/www.johannagullichsen.com\/fi\/"},{"@type":"ListItem","position":2,"name":"Tuotteet ja verkkokauppa","item":"https:\/\/www.johannagullichsen.com\/fi\/tuotteet\/"},{"@type":"ListItem","position":3,"name":"Viktorino-laukku"}]},{"@type":"WebSite","@id":"https:\/\/www.johannagullichsen.com\/fi\/#website","url":"https:\/\/www.johannagullichsen.com\/fi\/","name":"Johanna Gullichsen","description":"","potentialAction":[{"@type":"SearchAction","target":{"@type":"EntryPoint","urlTemplate":"https:\/\/www.johannagullichsen.com\/fi\/?s={search_term_string}"},"query-input":{"@type":"PropertyValueSpecification","valueRequired":true,"valueName":"search_term_string"}}],"inLanguage":"fi"}]}</script>
<!-- / Yoast SEO Premium plugin. -->

Tyylikäs olkalaukku Pienen Viktorino-olkalaukun läppä ja vetoketju varmistavat, että tärkeät tavarasi pysyvät tallessa. Laukun hihna on  irrotettava ja säädettävä. Viktorino on pienempi versio Johanna Gullichsenin malliston klassikkolaukusta, Viktorista. Värjätty, kudottu&hellip;
