{"id":27880,"date":"2025-05-06T14:55:52","date_gmt":"2025-05-06T11:55:52","guid":{"rendered":"https:\/\/www.johannagullichsen.com\/?post_type=product&#038;p=27880"},"modified":"2025-06-13T14:49:50","modified_gmt":"2025-06-13T11:49:50","slug":"kangas-damast-delft","status":"publish","type":"product","link":"https:\/\/www.johannagullichsen.com\/fi\/tuote\/kangas-damast-delft\/","title":{"rendered":"Kangas Damast Delft"},"content":{"rendered":"<p>Delft-kankaan kumpikin puoli on yht\u00e4 kaunis. Vaalealla puolella on pellavan herkk\u00e4 kiilto ja puuvilla tuo kankaan toiselle puolelle v\u00e4ri\u00e4. Damastikankaita voi k\u00e4ytt\u00e4\u00e4 eri tavoin, esimerkiksi p\u00f6yt\u00e4liinoissa ja pyyhkeiss\u00e4. Delft on osa Johanna Gullichsenin ensimm\u00e4ist\u00e4 teollisesti kudottua mallistoa, joka lanseerattiin vuonna1989. Mallistossa oli alun perin viisi kuosia, joista Aallot ja Delft otettiin uudelleen tuotantoon kes\u00e4ll\u00e4 2025.<\/p>\n","protected":false},"excerpt":{"rendered":"<p>Delft-kankaan kumpikin puoli on yht\u00e4 kaunis. Vaalealla puolella on pellavan herkk\u00e4 kiilto ja puuvilla tuo kankaan toiselle puolelle v\u00e4ri\u00e4. Damastikankaita voi k\u00e4ytt\u00e4\u00e4 eri tavoin, esimerkiksi p\u00f6yt\u00e4liinoissa ja pyyhkeiss\u00e4. Delft on&hellip;<\/p>\n","protected":false},"featured_media":27864,"template":"","meta":{"_acf_changed":false},"product_brand":[],"product_cat":[1972,195],"product_tag":[],"class_list":{"0":"post-27880","1":"product","2":"type-product","3":"status-publish","4":"has-post-thumbnail","6":"product_cat-kodin-kankaat","7":"product_cat-kankaat","8":"pa_pattern-colour-delft-navy-fi","9":"pa_pattern-colour-delft-kuusi","10":"pa_pattern-colour-delft-ruskea","11":"collection-damast-fi","13":"first","14":"instock","15":"taxable","16":"shipping-taxable","17":"purchasable","18":"product-type-variable"},"acf":[],"yoast_head":"<!-- This site is optimized with the Yoast SEO Premium plugin v27.2 (Yoast SEO v27.5) - https:\/\/yoast.com\/product\/yoast-seo-premium-wordpress\/ -->\n<title>Kangas Damast Delft - Johanna Gullichsen<\/title>\n<meta name=\"robots\" content=\"index, follow, max-snippet:-1, max-image-preview:large, max-video-preview:-1\" \/>\n<link rel=\"canonical\" href=\"https:\/\/www.johannagullichsen.com\/fi\/tuote\/kangas-damast-delft\/\" \/>\n<meta property=\"og:locale\" content=\"fi_FI\" \/>\n<meta property=\"og:type\" content=\"article\" \/>\n<meta property=\"og:title\" content=\"Kangas Damast Delft\" \/>\n<meta property=\"og:description\" content=\"Delft-kankaan kumpikin puoli on yht\u00e4 kaunis. Vaalealla puolella on pellavan herkk\u00e4 kiilto ja puuvilla tuo kankaan toiselle puolelle v\u00e4ri\u00e4. Damastikankaita voi k\u00e4ytt\u00e4\u00e4 eri tavoin, esimerkiksi p\u00f6yt\u00e4liinoissa ja pyyhkeiss\u00e4. Delft on&hellip;\" \/>\n<meta property=\"og:url\" content=\"https:\/\/www.johannagullichsen.com\/fi\/tuote\/kangas-damast-delft\/\" \/>\n<meta property=\"og:site_name\" content=\"Johanna Gullichsen\" \/>\n<meta property=\"article:modified_time\" content=\"2025-06-13T11:49:50+00:00\" \/>\n<meta property=\"og:image\" content=\"https:\/\/www.johannagullichsen.com\/wp-content\/uploads\/2025\/05\/Johanna-Gullichsen-Damast-Delft-Green-1024x768.jpg\" \/>\n\t<meta property=\"og:image:width\" content=\"1024\" \/>\n\t<meta property=\"og:image:height\" content=\"768\" \/>\n\t<meta property=\"og:image:type\" content=\"image\/jpeg\" \/>\n<meta name=\"twitter:card\" content=\"summary_large_image\" \/>\n<meta name=\"twitter:label1\" content=\"Arvioitu lukuaika\" \/>\n\t<meta name=\"twitter:data1\" content=\"1 minuutti\" \/>\n<script type=\"application\/ld+json\" class=\"yoast-schema-graph\">{\"@context\":\"https:\\\/\\\/schema.org\",\"@graph\":[{\"@type\":\"WebPage\",\"@id\":\"https:\\\/\\\/www.johannagullichsen.com\\\/fi\\\/tuote\\\/kangas-damast-delft\\\/\",\"url\":\"https:\\\/\\\/www.johannagullichsen.com\\\/fi\\\/tuote\\\/kangas-damast-delft\\\/\",\"name\":\"Kangas Damast Delft - Johanna Gullichsen\",\"isPartOf\":{\"@id\":\"https:\\\/\\\/www.johannagullichsen.com\\\/fi\\\/#website\"},\"primaryImageOfPage\":{\"@id\":\"https:\\\/\\\/www.johannagullichsen.com\\\/fi\\\/tuote\\\/kangas-damast-delft\\\/#primaryimage\"},\"image\":{\"@id\":\"https:\\\/\\\/www.johannagullichsen.com\\\/fi\\\/tuote\\\/kangas-damast-delft\\\/#primaryimage\"},\"thumbnailUrl\":\"https:\\\/\\\/www.johannagullichsen.com\\\/wp-content\\\/uploads\\\/2025\\\/05\\\/Johanna-Gullichsen-Damast-Delft-Brown.jpg\",\"datePublished\":\"2025-05-06T11:55:52+00:00\",\"dateModified\":\"2025-06-13T11:49:50+00:00\",\"breadcrumb\":{\"@id\":\"https:\\\/\\\/www.johannagullichsen.com\\\/fi\\\/tuote\\\/kangas-damast-delft\\\/#breadcrumb\"},\"inLanguage\":\"fi\",\"potentialAction\":[{\"@type\":\"ReadAction\",\"target\":[\"https:\\\/\\\/www.johannagullichsen.com\\\/fi\\\/tuote\\\/kangas-damast-delft\\\/\"]}]},{\"@type\":\"ImageObject\",\"inLanguage\":\"fi\",\"@id\":\"https:\\\/\\\/www.johannagullichsen.com\\\/fi\\\/tuote\\\/kangas-damast-delft\\\/#primaryimage\",\"url\":\"https:\\\/\\\/www.johannagullichsen.com\\\/wp-content\\\/uploads\\\/2025\\\/05\\\/Johanna-Gullichsen-Damast-Delft-Brown.jpg\",\"contentUrl\":\"https:\\\/\\\/www.johannagullichsen.com\\\/wp-content\\\/uploads\\\/2025\\\/05\\\/Johanna-Gullichsen-Damast-Delft-Brown.jpg\",\"width\":1600,\"height\":1200},{\"@type\":\"BreadcrumbList\",\"@id\":\"https:\\\/\\\/www.johannagullichsen.com\\\/fi\\\/tuote\\\/kangas-damast-delft\\\/#breadcrumb\",\"itemListElement\":[{\"@type\":\"ListItem\",\"position\":1,\"name\":\"Home\",\"item\":\"https:\\\/\\\/www.johannagullichsen.com\\\/fi\\\/\"},{\"@type\":\"ListItem\",\"position\":2,\"name\":\"Tuotteet ja verkkokauppa\",\"item\":\"https:\\\/\\\/www.johannagullichsen.com\\\/fi\\\/tuotteet\\\/\"},{\"@type\":\"ListItem\",\"position\":3,\"name\":\"Kangas Damast Delft\"}]},{\"@type\":\"WebSite\",\"@id\":\"https:\\\/\\\/www.johannagullichsen.com\\\/fi\\\/#website\",\"url\":\"https:\\\/\\\/www.johannagullichsen.com\\\/fi\\\/\",\"name\":\"Johanna Gullichsen\",\"description\":\"\",\"potentialAction\":[{\"@type\":\"SearchAction\",\"target\":{\"@type\":\"EntryPoint\",\"urlTemplate\":\"https:\\\/\\\/www.johannagullichsen.com\\\/fi\\\/?s={search_term_string}\"},\"query-input\":{\"@type\":\"PropertyValueSpecification\",\"valueRequired\":true,\"valueName\":\"search_term_string\"}}],\"inLanguage\":\"fi\"}]}<\/script>\n<!-- \/ Yoast SEO Premium plugin. -->","yoast_head_json":{"title":"Kangas Damast Delft - Johanna Gullichsen","robots":{"index":"index","follow":"follow","max-snippet":"max-snippet:-1","max-image-preview":"max-image-preview:large","max-video-preview":"max-video-preview:-1"},"canonical":"https:\/\/www.johannagullichsen.com\/fi\/tuote\/kangas-damast-delft\/","og_locale":"fi_FI","og_type":"article","og_title":"Kangas Damast Delft","og_description":"Delft-kankaan kumpikin puoli on yht\u00e4 kaunis. Vaalealla puolella on pellavan herkk\u00e4 kiilto ja puuvilla tuo kankaan toiselle puolelle v\u00e4ri\u00e4. Damastikankaita voi k\u00e4ytt\u00e4\u00e4 eri tavoin, esimerkiksi p\u00f6yt\u00e4liinoissa ja pyyhkeiss\u00e4. Delft on&hellip;","og_url":"https:\/\/www.johannagullichsen.com\/fi\/tuote\/kangas-damast-delft\/","og_site_name":"Johanna Gullichsen","article_modified_time":"2025-06-13T11:49:50+00:00","og_image":[{"width":1024,"height":768,"url":"https:\/\/www.johannagullichsen.com\/wp-content\/uploads\/2025\/05\/Johanna-Gullichsen-Damast-Delft-Green-1024x768.jpg","type":"image\/jpeg"}],"twitter_card":"summary_large_image","twitter_misc":{"Arvioitu lukuaika":"1 minuutti"},"schema":{"@context":"https:\/\/schema.org","@graph":[{"@type":"WebPage","@id":"https:\/\/www.johannagullichsen.com\/fi\/tuote\/kangas-damast-delft\/","url":"https:\/\/www.johannagullichsen.com\/fi\/tuote\/kangas-damast-delft\/","name":"Kangas Damast Delft - Johanna Gullichsen","isPartOf":{"@id":"https:\/\/www.johannagullichsen.com\/fi\/#website"},"primaryImageOfPage":{"@id":"https:\/\/www.johannagullichsen.com\/fi\/tuote\/kangas-damast-delft\/#primaryimage"},"image":{"@id":"https:\/\/www.johannagullichsen.com\/fi\/tuote\/kangas-damast-delft\/#primaryimage"},"thumbnailUrl":"https:\/\/www.johannagullichsen.com\/wp-content\/uploads\/2025\/05\/Johanna-Gullichsen-Damast-Delft-Brown.jpg","datePublished":"2025-05-06T11:55:52+00:00","dateModified":"2025-06-13T11:49:50+00:00","breadcrumb":{"@id":"https:\/\/www.johannagullichsen.com\/fi\/tuote\/kangas-damast-delft\/#breadcrumb"},"inLanguage":"fi","potentialAction":[{"@type":"ReadAction","target":["https:\/\/www.johannagullichsen.com\/fi\/tuote\/kangas-damast-delft\/"]}]},{"@type":"ImageObject","inLanguage":"fi","@id":"https:\/\/www.johannagullichsen.com\/fi\/tuote\/kangas-damast-delft\/#primaryimage","url":"https:\/\/www.johannagullichsen.com\/wp-content\/uploads\/2025\/05\/Johanna-Gullichsen-Damast-Delft-Brown.jpg","contentUrl":"https:\/\/www.johannagullichsen.com\/wp-content\/uploads\/2025\/05\/Johanna-Gullichsen-Damast-Delft-Brown.jpg","width":1600,"height":1200},{"@type":"BreadcrumbList","@id":"https:\/\/www.johannagullichsen.com\/fi\/tuote\/kangas-damast-delft\/#breadcrumb","itemListElement":[{"@type":"ListItem","position":1,"name":"Home","item":"https:\/\/www.johannagullichsen.com\/fi\/"},{"@type":"ListItem","position":2,"name":"Tuotteet ja verkkokauppa","item":"https:\/\/www.johannagullichsen.com\/fi\/tuotteet\/"},{"@type":"ListItem","position":3,"name":"Kangas Damast Delft"}]},{"@type":"WebSite","@id":"https:\/\/www.johannagullichsen.com\/fi\/#website","url":"https:\/\/www.johannagullichsen.com\/fi\/","name":"Johanna Gullichsen","description":"","potentialAction":[{"@type":"SearchAction","target":{"@type":"EntryPoint","urlTemplate":"https:\/\/www.johannagullichsen.com\/fi\/?s={search_term_string}"},"query-input":{"@type":"PropertyValueSpecification","valueRequired":true,"valueName":"search_term_string"}}],"inLanguage":"fi"}]}},"_links":{"self":[{"href":"https:\/\/www.johannagullichsen.com\/fi\/wp-json\/wp\/v2\/product\/27880","targetHints":{"allow":["GET"]}}],"collection":[{"href":"https:\/\/www.johannagullichsen.com\/fi\/wp-json\/wp\/v2\/product"}],"about":[{"href":"https:\/\/www.johannagullichsen.com\/fi\/wp-json\/wp\/v2\/types\/product"}],"wp:featuredmedia":[{"embeddable":true,"href":"https:\/\/www.johannagullichsen.com\/fi\/wp-json\/wp\/v2\/media\/27864"}],"wp:attachment":[{"href":"https:\/\/www.johannagullichsen.com\/fi\/wp-json\/wp\/v2\/media?parent=27880"}],"wp:term":[{"taxonomy":"product_brand","embeddable":true,"href":"https:\/\/www.johannagullichsen.com\/fi\/wp-json\/wp\/v2\/product_brand?post=27880"},{"taxonomy":"product_cat","embeddable":true,"href":"https:\/\/www.johannagullichsen.com\/fi\/wp-json\/wp\/v2\/product_cat?post=27880"},{"taxonomy":"product_tag","embeddable":true,"href":"https:\/\/www.johannagullichsen.com\/fi\/wp-json\/wp\/v2\/product_tag?post=27880"}],"curies":[{"name":"wp","href":"https:\/\/api.w.org\/{rel}","templated":true}]}}

<p>Delft-kankaan kumpikin puoli on yhtä kaunis. Vaalealla puolella on pellavan herkkä kiilto ja puuvilla tuo kankaan toiselle puolelle väriä. Damastikankaita voi käyttää eri tavoin, esimerkiksi pöytäliinoissa ja pyyhkeissä. Delft on osa Johanna Gullichsenin ensimmäistä teollisesti kudottua mallistoa, joka lanseerattiin vuonna1989. Mallistossa oli alun perin viisi kuosia, joista Aallot ja Delft otettiin uudelleen tuotantoon kesällä 2025.</p>

<p>Delft-kankaan kumpikin puoli on yhtä kaunis. Vaalealla puolella on pellavan herkkä kiilto ja puuvilla tuo kankaan toiselle puolelle väriä. Damastikankaita voi käyttää eri tavoin, esimerkiksi pöytäliinoissa ja pyyhkeissä. Delft on&hellip;</p>

<!-- This site is optimized with the Yoast SEO Premium plugin v27.2 (Yoast SEO v27.5) - https://yoast.com/product/yoast-seo-premium-wordpress/ -->
<title>Kangas Damast Delft - Johanna Gullichsen</title>
<meta name="robots" content="index, follow, max-snippet:-1, max-image-preview:large, max-video-preview:-1" />
<link rel="canonical" href="https://www.johannagullichsen.com/fi/tuote/kangas-damast-delft/" />
<meta property="og:locale" content="fi_FI" />
<meta property="og:type" content="article" />
<meta property="og:title" content="Kangas Damast Delft" />
<meta property="og:description" content="Delft-kankaan kumpikin puoli on yhtä kaunis. Vaalealla puolella on pellavan herkkä kiilto ja puuvilla tuo kankaan toiselle puolelle väriä. Damastikankaita voi käyttää eri tavoin, esimerkiksi pöytäliinoissa ja pyyhkeissä. Delft on&hellip;" />
<meta property="og:url" content="https://www.johannagullichsen.com/fi/tuote/kangas-damast-delft/" />
<meta property="og:site_name" content="Johanna Gullichsen" />
<meta property="article:modified_time" content="2025-06-13T11:49:50+00:00" />
<meta property="og:image" content="https://www.johannagullichsen.com/wp-content/uploads/2025/05/Johanna-Gullichsen-Damast-Delft-Green-1024x768.jpg" />
	<meta property="og:image:width" content="1024" />
	<meta property="og:image:height" content="768" />
	<meta property="og:image:type" content="image/jpeg" />
<meta name="twitter:card" content="summary_large_image" />
<meta name="twitter:label1" content="Arvioitu lukuaika" />
	<meta name="twitter:data1" content="1 minuutti" />
<script type="application/ld+json" class="yoast-schema-graph">{"@context":"https:\/\/schema.org","@graph":[{"@type":"WebPage","@id":"https:\/\/www.johannagullichsen.com\/fi\/tuote\/kangas-damast-delft\/","url":"https:\/\/www.johannagullichsen.com\/fi\/tuote\/kangas-damast-delft\/","name":"Kangas Damast Delft - Johanna Gullichsen","isPartOf":{"@id":"https:\/\/www.johannagullichsen.com\/fi\/#website"},"primaryImageOfPage":{"@id":"https:\/\/www.johannagullichsen.com\/fi\/tuote\/kangas-damast-delft\/#primaryimage"},"image":{"@id":"https:\/\/www.johannagullichsen.com\/fi\/tuote\/kangas-damast-delft\/#primaryimage"},"thumbnailUrl":"https:\/\/www.johannagullichsen.com\/wp-content\/uploads\/2025\/05\/Johanna-Gullichsen-Damast-Delft-Brown.jpg","datePublished":"2025-05-06T11:55:52+00:00","dateModified":"2025-06-13T11:49:50+00:00","breadcrumb":{"@id":"https:\/\/www.johannagullichsen.com\/fi\/tuote\/kangas-damast-delft\/#breadcrumb"},"inLanguage":"fi","potentialAction":[{"@type":"ReadAction","target":["https:\/\/www.johannagullichsen.com\/fi\/tuote\/kangas-damast-delft\/"]}]},{"@type":"ImageObject","inLanguage":"fi","@id":"https:\/\/www.johannagullichsen.com\/fi\/tuote\/kangas-damast-delft\/#primaryimage","url":"https:\/\/www.johannagullichsen.com\/wp-content\/uploads\/2025\/05\/Johanna-Gullichsen-Damast-Delft-Brown.jpg","contentUrl":"https:\/\/www.johannagullichsen.com\/wp-content\/uploads\/2025\/05\/Johanna-Gullichsen-Damast-Delft-Brown.jpg","width":1600,"height":1200},{"@type":"BreadcrumbList","@id":"https:\/\/www.johannagullichsen.com\/fi\/tuote\/kangas-damast-delft\/#breadcrumb","itemListElement":[{"@type":"ListItem","position":1,"name":"Home","item":"https:\/\/www.johannagullichsen.com\/fi\/"},{"@type":"ListItem","position":2,"name":"Tuotteet ja verkkokauppa","item":"https:\/\/www.johannagullichsen.com\/fi\/tuotteet\/"},{"@type":"ListItem","position":3,"name":"Kangas Damast Delft"}]},{"@type":"WebSite","@id":"https:\/\/www.johannagullichsen.com\/fi\/#website","url":"https:\/\/www.johannagullichsen.com\/fi\/","name":"Johanna Gullichsen","description":"","potentialAction":[{"@type":"SearchAction","target":{"@type":"EntryPoint","urlTemplate":"https:\/\/www.johannagullichsen.com\/fi\/?s={search_term_string}"},"query-input":{"@type":"PropertyValueSpecification","valueRequired":true,"valueName":"search_term_string"}}],"inLanguage":"fi"}]}</script>
<!-- / Yoast SEO Premium plugin. -->

Delft-kankaan kumpikin puoli on yhtä kaunis. Vaalealla puolella on pellavan herkkä kiilto ja puuvilla tuo kankaan toiselle puolelle väriä. Damastikankaita voi käyttää eri tavoin, esimerkiksi pöytäliinoissa ja pyyhkeissä. Delft on&hellip;
