{"id":6676,"date":"2020-04-27T13:09:48","date_gmt":"2020-04-27T10:09:48","guid":{"rendered":"https:\/\/www.johannagullichsen.com\/products\/Ei-luokiteltu\/macbook-15-sleeve\/"},"modified":"2026-03-20T12:34:20","modified_gmt":"2026-03-20T10:34:20","slug":"laptop-15-suojus","status":"publish","type":"product","link":"https:\/\/www.johannagullichsen.com\/fi\/tuote\/laptop-15-suojus\/","title":{"rendered":"Laptop suojus 15&#8243;"},"content":{"rendered":"<h4>Kanna koneesi tyylikk\u00e4\u00e4sti<\/h4>\n<p>Pehmustettu suojus vetoketjukiinnityksell\u00e4.<\/p>\n<p>Muita kokoja: <a href=\"\/?product_cat=macbook-13-air-suojus\">Laptop 13&#8243; Suojus<\/a><\/p>\n<p>V\u00e4rj\u00e4tty, kudottu ja ommeltu Suomessa.<\/p>\n","protected":false},"excerpt":{"rendered":"<p>Kanna koneesi tyylikk\u00e4\u00e4sti Pehmustettu suojus vetoketjukiinnityksell\u00e4. Muita kokoja: Laptop 13&#8243; Suojus V\u00e4rj\u00e4tty, kudottu ja ommeltu Suomessa.<\/p>\n","protected":false},"featured_media":28456,"template":"","meta":{"_acf_changed":false},"product_brand":[],"product_cat":[192,1969,1971],"product_tag":[],"class_list":{"0":"post-6676","1":"product","2":"type-product","3":"status-publish","4":"has-post-thumbnail","6":"product_cat-laukut-asusteet","7":"product_cat-kosmetiikkalaukut-ja-kukkarot","8":"product_cat-tietokonesuojukset","9":"pa_pattern-colour-tithonus-kultainen","10":"pa_pattern-colour-helios-manteli","11":"pa_pattern-colour-nereus-okra","12":"pa_pattern-colour-tithonus-tummansininen","13":"pa_pattern-colour-helios-black-fi","14":"pa_pattern-colour-nereus-kultainen","15":"pa_pattern-colour-helios-tiili","16":"pa_pattern-colour-tithonus-black-fi","17":"pa_pattern-colour-helios-tummansininen","18":"pa_pattern-colour-tithonus-sininen","19":"pa_pattern-colour-helios-lyijy","20":"pa_pattern-colour-tithonus-viininpunainen","21":"pa_pattern-colour-nereus-black-fi","22":"pa_pattern-colour-tithonus-tiili","23":"pa_pattern-colour-nereus-blue-fi","24":"pa_pattern-colour-tithonus-dark-green-fi","25":"pa_pattern-colour-doris-musta-fi","26":"pa_pattern-colour-nereus-dark-blue-fi","27":"pa_pattern-colour-tithonus-vihrea","28":"pa_pattern-colour-doris-vihrea","29":"pa_pattern-colour-nereus-dark-bordeaux-fi","30":"pa_pattern-colour-tithonus-lead-fi","31":"pa_pattern-colour-eos-musta","32":"pa_pattern-colour-nereus-tummanvihrea","33":"pa_pattern-colour-tithonus-okra","34":"pa_pattern-colour-eos-vaaleanharmaa","35":"pa_pattern-colour-nereus-green-fi","36":"collection-normandie-2","38":"first","39":"instock","40":"taxable","41":"shipping-taxable","42":"purchasable","43":"product-type-variable"},"acf":[],"yoast_head":"<!-- This site is optimized with the Yoast SEO Premium plugin v27.2 (Yoast SEO v27.2) - https:\/\/yoast.com\/product\/yoast-seo-premium-wordpress\/ -->\n<title>Laptop suojus 15&quot; - Johanna Gullichsen<\/title>\n<meta name=\"description\" content=\"Laptopsuoju 15 tuuman kannettavalle tietokoneelle.\" \/>\n<meta name=\"robots\" content=\"index, follow, max-snippet:-1, max-image-preview:large, max-video-preview:-1\" \/>\n<link rel=\"canonical\" href=\"https:\/\/www.johannagullichsen.com\/fi\/tuote\/laptop-15-suojus\/\" \/>\n<meta property=\"og:locale\" content=\"fi_FI\" \/>\n<meta property=\"og:type\" content=\"article\" \/>\n<meta property=\"og:title\" content=\"Laptop suojus 15&quot;\" \/>\n<meta property=\"og:description\" content=\"Laptopsuoju 15 tuuman kannettavalle tietokoneelle.\" \/>\n<meta property=\"og:url\" content=\"https:\/\/www.johannagullichsen.com\/fi\/tuote\/laptop-15-suojus\/\" \/>\n<meta property=\"og:site_name\" content=\"Johanna Gullichsen\" \/>\n<meta property=\"article:modified_time\" content=\"2026-03-20T10:34:20+00:00\" \/>\n<meta property=\"og:image\" content=\"https:\/\/www.johannagullichsen.com\/wp-content\/uploads\/2020\/04\/Johanna-Gullichsen-laptop-sleeve-Doris-green-2.jpg\" \/>\n\t<meta property=\"og:image:width\" content=\"1600\" \/>\n\t<meta property=\"og:image:height\" content=\"1200\" \/>\n\t<meta property=\"og:image:type\" content=\"image\/jpeg\" \/>\n<meta name=\"twitter:card\" content=\"summary_large_image\" \/>\n<meta name=\"twitter:label1\" content=\"Arvioitu lukuaika\" \/>\n\t<meta name=\"twitter:data1\" content=\"1 minuutti\" \/>\n<script type=\"application\/ld+json\" class=\"yoast-schema-graph\">{\"@context\":\"https:\/\/schema.org\",\"@graph\":[{\"@type\":\"WebPage\",\"@id\":\"https:\/\/www.johannagullichsen.com\/fi\/tuote\/laptop-15-suojus\/\",\"url\":\"https:\/\/www.johannagullichsen.com\/fi\/tuote\/laptop-15-suojus\/\",\"name\":\"Laptop suojus 15\\\" - Johanna Gullichsen\",\"isPartOf\":{\"@id\":\"https:\/\/www.johannagullichsen.com\/fi\/#website\"},\"primaryImageOfPage\":{\"@id\":\"https:\/\/www.johannagullichsen.com\/fi\/tuote\/laptop-15-suojus\/#primaryimage\"},\"image\":{\"@id\":\"https:\/\/www.johannagullichsen.com\/fi\/tuote\/laptop-15-suojus\/#primaryimage\"},\"thumbnailUrl\":\"https:\/\/www.johannagullichsen.com\/wp-content\/uploads\/2020\/04\/Johanna-Gullichsen-laptop-sleeve-Doris-green-2.jpg\",\"datePublished\":\"2020-04-27T10:09:48+00:00\",\"dateModified\":\"2026-03-20T10:34:20+00:00\",\"description\":\"Laptopsuoju 15 tuuman kannettavalle tietokoneelle.\",\"breadcrumb\":{\"@id\":\"https:\/\/www.johannagullichsen.com\/fi\/tuote\/laptop-15-suojus\/#breadcrumb\"},\"inLanguage\":\"fi\",\"potentialAction\":[{\"@type\":\"ReadAction\",\"target\":[\"https:\/\/www.johannagullichsen.com\/fi\/tuote\/laptop-15-suojus\/\"]}]},{\"@type\":\"ImageObject\",\"inLanguage\":\"fi\",\"@id\":\"https:\/\/www.johannagullichsen.com\/fi\/tuote\/laptop-15-suojus\/#primaryimage\",\"url\":\"https:\/\/www.johannagullichsen.com\/wp-content\/uploads\/2020\/04\/Johanna-Gullichsen-laptop-sleeve-Doris-green-2.jpg\",\"contentUrl\":\"https:\/\/www.johannagullichsen.com\/wp-content\/uploads\/2020\/04\/Johanna-Gullichsen-laptop-sleeve-Doris-green-2.jpg\",\"width\":1600,\"height\":1200},{\"@type\":\"BreadcrumbList\",\"@id\":\"https:\/\/www.johannagullichsen.com\/fi\/tuote\/laptop-15-suojus\/#breadcrumb\",\"itemListElement\":[{\"@type\":\"ListItem\",\"position\":1,\"name\":\"Home\",\"item\":\"https:\/\/www.johannagullichsen.com\/fi\/\"},{\"@type\":\"ListItem\",\"position\":2,\"name\":\"Tuotteet ja verkkokauppa\",\"item\":\"https:\/\/www.johannagullichsen.com\/fi\/tuotteet\/\"},{\"@type\":\"ListItem\",\"position\":3,\"name\":\"Laptop suojus 15&#8243;\"}]},{\"@type\":\"WebSite\",\"@id\":\"https:\/\/www.johannagullichsen.com\/fi\/#website\",\"url\":\"https:\/\/www.johannagullichsen.com\/fi\/\",\"name\":\"Johanna Gullichsen\",\"description\":\"\",\"potentialAction\":[{\"@type\":\"SearchAction\",\"target\":{\"@type\":\"EntryPoint\",\"urlTemplate\":\"https:\/\/www.johannagullichsen.com\/fi\/?s={search_term_string}\"},\"query-input\":{\"@type\":\"PropertyValueSpecification\",\"valueRequired\":true,\"valueName\":\"search_term_string\"}}],\"inLanguage\":\"fi\"}]}<\/script>\n<!-- \/ Yoast SEO Premium plugin. -->","yoast_head_json":{"title":"Laptop suojus 15\" - Johanna Gullichsen","description":"Laptopsuoju 15 tuuman kannettavalle tietokoneelle.","robots":{"index":"index","follow":"follow","max-snippet":"max-snippet:-1","max-image-preview":"max-image-preview:large","max-video-preview":"max-video-preview:-1"},"canonical":"https:\/\/www.johannagullichsen.com\/fi\/tuote\/laptop-15-suojus\/","og_locale":"fi_FI","og_type":"article","og_title":"Laptop suojus 15\"","og_description":"Laptopsuoju 15 tuuman kannettavalle tietokoneelle.","og_url":"https:\/\/www.johannagullichsen.com\/fi\/tuote\/laptop-15-suojus\/","og_site_name":"Johanna Gullichsen","article_modified_time":"2026-03-20T10:34:20+00:00","og_image":[{"width":1600,"height":1200,"url":"https:\/\/www.johannagullichsen.com\/wp-content\/uploads\/2020\/04\/Johanna-Gullichsen-laptop-sleeve-Doris-green-2.jpg","type":"image\/jpeg"}],"twitter_card":"summary_large_image","twitter_misc":{"Arvioitu lukuaika":"1 minuutti"},"schema":{"@context":"https:\/\/schema.org","@graph":[{"@type":"WebPage","@id":"https:\/\/www.johannagullichsen.com\/fi\/tuote\/laptop-15-suojus\/","url":"https:\/\/www.johannagullichsen.com\/fi\/tuote\/laptop-15-suojus\/","name":"Laptop suojus 15\" - Johanna Gullichsen","isPartOf":{"@id":"https:\/\/www.johannagullichsen.com\/fi\/#website"},"primaryImageOfPage":{"@id":"https:\/\/www.johannagullichsen.com\/fi\/tuote\/laptop-15-suojus\/#primaryimage"},"image":{"@id":"https:\/\/www.johannagullichsen.com\/fi\/tuote\/laptop-15-suojus\/#primaryimage"},"thumbnailUrl":"https:\/\/www.johannagullichsen.com\/wp-content\/uploads\/2020\/04\/Johanna-Gullichsen-laptop-sleeve-Doris-green-2.jpg","datePublished":"2020-04-27T10:09:48+00:00","dateModified":"2026-03-20T10:34:20+00:00","description":"Laptopsuoju 15 tuuman kannettavalle tietokoneelle.","breadcrumb":{"@id":"https:\/\/www.johannagullichsen.com\/fi\/tuote\/laptop-15-suojus\/#breadcrumb"},"inLanguage":"fi","potentialAction":[{"@type":"ReadAction","target":["https:\/\/www.johannagullichsen.com\/fi\/tuote\/laptop-15-suojus\/"]}]},{"@type":"ImageObject","inLanguage":"fi","@id":"https:\/\/www.johannagullichsen.com\/fi\/tuote\/laptop-15-suojus\/#primaryimage","url":"https:\/\/www.johannagullichsen.com\/wp-content\/uploads\/2020\/04\/Johanna-Gullichsen-laptop-sleeve-Doris-green-2.jpg","contentUrl":"https:\/\/www.johannagullichsen.com\/wp-content\/uploads\/2020\/04\/Johanna-Gullichsen-laptop-sleeve-Doris-green-2.jpg","width":1600,"height":1200},{"@type":"BreadcrumbList","@id":"https:\/\/www.johannagullichsen.com\/fi\/tuote\/laptop-15-suojus\/#breadcrumb","itemListElement":[{"@type":"ListItem","position":1,"name":"Home","item":"https:\/\/www.johannagullichsen.com\/fi\/"},{"@type":"ListItem","position":2,"name":"Tuotteet ja verkkokauppa","item":"https:\/\/www.johannagullichsen.com\/fi\/tuotteet\/"},{"@type":"ListItem","position":3,"name":"Laptop suojus 15&#8243;"}]},{"@type":"WebSite","@id":"https:\/\/www.johannagullichsen.com\/fi\/#website","url":"https:\/\/www.johannagullichsen.com\/fi\/","name":"Johanna Gullichsen","description":"","potentialAction":[{"@type":"SearchAction","target":{"@type":"EntryPoint","urlTemplate":"https:\/\/www.johannagullichsen.com\/fi\/?s={search_term_string}"},"query-input":{"@type":"PropertyValueSpecification","valueRequired":true,"valueName":"search_term_string"}}],"inLanguage":"fi"}]}},"_links":{"self":[{"href":"https:\/\/www.johannagullichsen.com\/fi\/wp-json\/wp\/v2\/product\/6676","targetHints":{"allow":["GET"]}}],"collection":[{"href":"https:\/\/www.johannagullichsen.com\/fi\/wp-json\/wp\/v2\/product"}],"about":[{"href":"https:\/\/www.johannagullichsen.com\/fi\/wp-json\/wp\/v2\/types\/product"}],"wp:featuredmedia":[{"embeddable":true,"href":"https:\/\/www.johannagullichsen.com\/fi\/wp-json\/wp\/v2\/media\/28456"}],"wp:attachment":[{"href":"https:\/\/www.johannagullichsen.com\/fi\/wp-json\/wp\/v2\/media?parent=6676"}],"wp:term":[{"taxonomy":"product_brand","embeddable":true,"href":"https:\/\/www.johannagullichsen.com\/fi\/wp-json\/wp\/v2\/product_brand?post=6676"},{"taxonomy":"product_cat","embeddable":true,"href":"https:\/\/www.johannagullichsen.com\/fi\/wp-json\/wp\/v2\/product_cat?post=6676"},{"taxonomy":"product_tag","embeddable":true,"href":"https:\/\/www.johannagullichsen.com\/fi\/wp-json\/wp\/v2\/product_tag?post=6676"}],"curies":[{"name":"wp","href":"https:\/\/api.w.org\/{rel}","templated":true}]}}

<h4>Kanna koneesi tyylikkäästi</h4>
<p>Pehmustettu suojus vetoketjukiinnityksellä.</p>
<p>Muita kokoja: <a href="/?product_cat=macbook-13-air-suojus">Laptop 13&#8243; Suojus</a></p>
<p>Värjätty, kudottu ja ommeltu Suomessa.</p>

<p>Kanna koneesi tyylikkäästi Pehmustettu suojus vetoketjukiinnityksellä. Muita kokoja: Laptop 13&#8243; Suojus Värjätty, kudottu ja ommeltu Suomessa.</p>
