{"id":7068,"date":"2020-04-06T15:46:03","date_gmt":"2020-04-06T12:46:03","guid":{"rendered":"https:\/\/www.johannagullichsen.com\/products\/Ei-luokiteltu\/luggage-belt\/"},"modified":"2021-04-19T12:24:54","modified_gmt":"2021-04-19T09:24:54","slug":"matkalaukkuvyo","status":"publish","type":"product","link":"https:\/\/www.johannagullichsen.com\/fi\/tuote\/matkalaukkuvyo\/","title":{"rendered":"Matkalaukkuvy\u00f6"},"content":{"rendered":"<h4>Tunnista matkalaukkusi silm\u00e4yksell\u00e4!<\/h4>\n<p>S\u00e4\u00e4dett\u00e4v\u00e4 matkalaukkuvy\u00f6, ymp\u00e4rysmitta 88cm-156cm<\/p>\n","protected":false},"excerpt":{"rendered":"<p>Tunnista matkalaukkusi silm\u00e4yksell\u00e4! S\u00e4\u00e4dett\u00e4v\u00e4 matkalaukkuvy\u00f6, ymp\u00e4rysmitta 88cm-156cm<\/p>\n","protected":false},"featured_media":3045,"template":"","meta":{"_acf_changed":false},"product_brand":[],"product_cat":[192,1969],"product_tag":[],"class_list":{"0":"post-7068","1":"product","2":"type-product","3":"status-publish","4":"has-post-thumbnail","6":"product_cat-laukut-asusteet","7":"product_cat-kosmetiikkalaukut-ja-kukkarot","8":"pa_pattern-colour-ribbon-narrow-yellow-fi","9":"pa_pattern-colour-ribbon-narrow-sininen-vihrea","10":"pa_pattern-colour-ribbon-narrow-oranssi","11":"collection-ribbon-2","13":"first","14":"instock","15":"taxable","16":"shipping-taxable","17":"purchasable","18":"product-type-variable","19":"has-default-attributes"},"acf":[],"yoast_head":"<!-- This site is optimized with the Yoast SEO Premium plugin v27.2 (Yoast SEO v27.5) - https:\/\/yoast.com\/product\/yoast-seo-premium-wordpress\/ -->\n<title>Matkalaukkuvy\u00f6 - Johanna Gullichsen<\/title>\n<meta name=\"description\" content=\"S\u00e4\u00e4dett\u00e4v\u00e4 tyylik\u00e4s matkalaukkuvy\u00f6. Kest\u00e4v\u00e4\u00e4 puuvillaa ja nahkaa. Tunnista laukkusi silm\u00e4yksell\u00e4!\" \/>\n<meta name=\"robots\" content=\"index, follow, max-snippet:-1, max-image-preview:large, max-video-preview:-1\" \/>\n<link rel=\"canonical\" href=\"https:\/\/www.johannagullichsen.com\/fi\/tuote\/matkalaukkuvyo\/\" \/>\n<meta property=\"og:locale\" content=\"fi_FI\" \/>\n<meta property=\"og:type\" content=\"article\" \/>\n<meta property=\"og:title\" content=\"Matkalaukkuvy\u00f6\" \/>\n<meta property=\"og:description\" content=\"S\u00e4\u00e4dett\u00e4v\u00e4 tyylik\u00e4s matkalaukkuvy\u00f6. Kest\u00e4v\u00e4\u00e4 puuvillaa ja nahkaa. Tunnista laukkusi silm\u00e4yksell\u00e4!\" \/>\n<meta property=\"og:url\" content=\"https:\/\/www.johannagullichsen.com\/fi\/tuote\/matkalaukkuvyo\/\" \/>\n<meta property=\"og:site_name\" content=\"Johanna Gullichsen\" \/>\n<meta property=\"article:modified_time\" content=\"2021-04-19T09:24:54+00:00\" \/>\n<meta property=\"og:image\" content=\"https:\/\/www.johannagullichsen.com\/wp-content\/uploads\/2020\/04\/johanna_gullichsen-luggage_belt-1.jpg\" \/>\n\t<meta property=\"og:image:width\" content=\"1600\" \/>\n\t<meta property=\"og:image:height\" content=\"1200\" \/>\n\t<meta property=\"og:image:type\" content=\"image\/jpeg\" \/>\n<meta name=\"twitter:card\" content=\"summary_large_image\" \/>\n<script type=\"application\/ld+json\" class=\"yoast-schema-graph\">{\"@context\":\"https:\\\/\\\/schema.org\",\"@graph\":[{\"@type\":\"WebPage\",\"@id\":\"https:\\\/\\\/www.johannagullichsen.com\\\/fi\\\/tuote\\\/matkalaukkuvyo\\\/\",\"url\":\"https:\\\/\\\/www.johannagullichsen.com\\\/fi\\\/tuote\\\/matkalaukkuvyo\\\/\",\"name\":\"Matkalaukkuvy\u00f6 - Johanna Gullichsen\",\"isPartOf\":{\"@id\":\"https:\\\/\\\/www.johannagullichsen.com\\\/fi\\\/#website\"},\"primaryImageOfPage\":{\"@id\":\"https:\\\/\\\/www.johannagullichsen.com\\\/fi\\\/tuote\\\/matkalaukkuvyo\\\/#primaryimage\"},\"image\":{\"@id\":\"https:\\\/\\\/www.johannagullichsen.com\\\/fi\\\/tuote\\\/matkalaukkuvyo\\\/#primaryimage\"},\"thumbnailUrl\":\"https:\\\/\\\/www.johannagullichsen.com\\\/wp-content\\\/uploads\\\/2020\\\/04\\\/johanna_gullichsen-luggage_belt-1.jpg\",\"datePublished\":\"2020-04-06T12:46:03+00:00\",\"dateModified\":\"2021-04-19T09:24:54+00:00\",\"description\":\"S\u00e4\u00e4dett\u00e4v\u00e4 tyylik\u00e4s matkalaukkuvy\u00f6. Kest\u00e4v\u00e4\u00e4 puuvillaa ja nahkaa. Tunnista laukkusi silm\u00e4yksell\u00e4!\",\"breadcrumb\":{\"@id\":\"https:\\\/\\\/www.johannagullichsen.com\\\/fi\\\/tuote\\\/matkalaukkuvyo\\\/#breadcrumb\"},\"inLanguage\":\"fi\",\"potentialAction\":[{\"@type\":\"ReadAction\",\"target\":[\"https:\\\/\\\/www.johannagullichsen.com\\\/fi\\\/tuote\\\/matkalaukkuvyo\\\/\"]}]},{\"@type\":\"ImageObject\",\"inLanguage\":\"fi\",\"@id\":\"https:\\\/\\\/www.johannagullichsen.com\\\/fi\\\/tuote\\\/matkalaukkuvyo\\\/#primaryimage\",\"url\":\"https:\\\/\\\/www.johannagullichsen.com\\\/wp-content\\\/uploads\\\/2020\\\/04\\\/johanna_gullichsen-luggage_belt-1.jpg\",\"contentUrl\":\"https:\\\/\\\/www.johannagullichsen.com\\\/wp-content\\\/uploads\\\/2020\\\/04\\\/johanna_gullichsen-luggage_belt-1.jpg\",\"width\":1600,\"height\":1200,\"caption\":\"Johanna Gullichsen matkalaukkuvy\u00f6\"},{\"@type\":\"BreadcrumbList\",\"@id\":\"https:\\\/\\\/www.johannagullichsen.com\\\/fi\\\/tuote\\\/matkalaukkuvyo\\\/#breadcrumb\",\"itemListElement\":[{\"@type\":\"ListItem\",\"position\":1,\"name\":\"Home\",\"item\":\"https:\\\/\\\/www.johannagullichsen.com\\\/fi\\\/\"},{\"@type\":\"ListItem\",\"position\":2,\"name\":\"Tuotteet ja verkkokauppa\",\"item\":\"https:\\\/\\\/www.johannagullichsen.com\\\/fi\\\/tuotteet\\\/\"},{\"@type\":\"ListItem\",\"position\":3,\"name\":\"Matkalaukkuvy\u00f6\"}]},{\"@type\":\"WebSite\",\"@id\":\"https:\\\/\\\/www.johannagullichsen.com\\\/fi\\\/#website\",\"url\":\"https:\\\/\\\/www.johannagullichsen.com\\\/fi\\\/\",\"name\":\"Johanna Gullichsen\",\"description\":\"\",\"potentialAction\":[{\"@type\":\"SearchAction\",\"target\":{\"@type\":\"EntryPoint\",\"urlTemplate\":\"https:\\\/\\\/www.johannagullichsen.com\\\/fi\\\/?s={search_term_string}\"},\"query-input\":{\"@type\":\"PropertyValueSpecification\",\"valueRequired\":true,\"valueName\":\"search_term_string\"}}],\"inLanguage\":\"fi\"}]}<\/script>\n<!-- \/ Yoast SEO Premium plugin. -->","yoast_head_json":{"title":"Matkalaukkuvy\u00f6 - Johanna Gullichsen","description":"S\u00e4\u00e4dett\u00e4v\u00e4 tyylik\u00e4s matkalaukkuvy\u00f6. Kest\u00e4v\u00e4\u00e4 puuvillaa ja nahkaa. Tunnista laukkusi silm\u00e4yksell\u00e4!","robots":{"index":"index","follow":"follow","max-snippet":"max-snippet:-1","max-image-preview":"max-image-preview:large","max-video-preview":"max-video-preview:-1"},"canonical":"https:\/\/www.johannagullichsen.com\/fi\/tuote\/matkalaukkuvyo\/","og_locale":"fi_FI","og_type":"article","og_title":"Matkalaukkuvy\u00f6","og_description":"S\u00e4\u00e4dett\u00e4v\u00e4 tyylik\u00e4s matkalaukkuvy\u00f6. Kest\u00e4v\u00e4\u00e4 puuvillaa ja nahkaa. Tunnista laukkusi silm\u00e4yksell\u00e4!","og_url":"https:\/\/www.johannagullichsen.com\/fi\/tuote\/matkalaukkuvyo\/","og_site_name":"Johanna Gullichsen","article_modified_time":"2021-04-19T09:24:54+00:00","og_image":[{"width":1600,"height":1200,"url":"https:\/\/www.johannagullichsen.com\/wp-content\/uploads\/2020\/04\/johanna_gullichsen-luggage_belt-1.jpg","type":"image\/jpeg"}],"twitter_card":"summary_large_image","schema":{"@context":"https:\/\/schema.org","@graph":[{"@type":"WebPage","@id":"https:\/\/www.johannagullichsen.com\/fi\/tuote\/matkalaukkuvyo\/","url":"https:\/\/www.johannagullichsen.com\/fi\/tuote\/matkalaukkuvyo\/","name":"Matkalaukkuvy\u00f6 - Johanna Gullichsen","isPartOf":{"@id":"https:\/\/www.johannagullichsen.com\/fi\/#website"},"primaryImageOfPage":{"@id":"https:\/\/www.johannagullichsen.com\/fi\/tuote\/matkalaukkuvyo\/#primaryimage"},"image":{"@id":"https:\/\/www.johannagullichsen.com\/fi\/tuote\/matkalaukkuvyo\/#primaryimage"},"thumbnailUrl":"https:\/\/www.johannagullichsen.com\/wp-content\/uploads\/2020\/04\/johanna_gullichsen-luggage_belt-1.jpg","datePublished":"2020-04-06T12:46:03+00:00","dateModified":"2021-04-19T09:24:54+00:00","description":"S\u00e4\u00e4dett\u00e4v\u00e4 tyylik\u00e4s matkalaukkuvy\u00f6. Kest\u00e4v\u00e4\u00e4 puuvillaa ja nahkaa. Tunnista laukkusi silm\u00e4yksell\u00e4!","breadcrumb":{"@id":"https:\/\/www.johannagullichsen.com\/fi\/tuote\/matkalaukkuvyo\/#breadcrumb"},"inLanguage":"fi","potentialAction":[{"@type":"ReadAction","target":["https:\/\/www.johannagullichsen.com\/fi\/tuote\/matkalaukkuvyo\/"]}]},{"@type":"ImageObject","inLanguage":"fi","@id":"https:\/\/www.johannagullichsen.com\/fi\/tuote\/matkalaukkuvyo\/#primaryimage","url":"https:\/\/www.johannagullichsen.com\/wp-content\/uploads\/2020\/04\/johanna_gullichsen-luggage_belt-1.jpg","contentUrl":"https:\/\/www.johannagullichsen.com\/wp-content\/uploads\/2020\/04\/johanna_gullichsen-luggage_belt-1.jpg","width":1600,"height":1200,"caption":"Johanna Gullichsen matkalaukkuvy\u00f6"},{"@type":"BreadcrumbList","@id":"https:\/\/www.johannagullichsen.com\/fi\/tuote\/matkalaukkuvyo\/#breadcrumb","itemListElement":[{"@type":"ListItem","position":1,"name":"Home","item":"https:\/\/www.johannagullichsen.com\/fi\/"},{"@type":"ListItem","position":2,"name":"Tuotteet ja verkkokauppa","item":"https:\/\/www.johannagullichsen.com\/fi\/tuotteet\/"},{"@type":"ListItem","position":3,"name":"Matkalaukkuvy\u00f6"}]},{"@type":"WebSite","@id":"https:\/\/www.johannagullichsen.com\/fi\/#website","url":"https:\/\/www.johannagullichsen.com\/fi\/","name":"Johanna Gullichsen","description":"","potentialAction":[{"@type":"SearchAction","target":{"@type":"EntryPoint","urlTemplate":"https:\/\/www.johannagullichsen.com\/fi\/?s={search_term_string}"},"query-input":{"@type":"PropertyValueSpecification","valueRequired":true,"valueName":"search_term_string"}}],"inLanguage":"fi"}]}},"_links":{"self":[{"href":"https:\/\/www.johannagullichsen.com\/fi\/wp-json\/wp\/v2\/product\/7068","targetHints":{"allow":["GET"]}}],"collection":[{"href":"https:\/\/www.johannagullichsen.com\/fi\/wp-json\/wp\/v2\/product"}],"about":[{"href":"https:\/\/www.johannagullichsen.com\/fi\/wp-json\/wp\/v2\/types\/product"}],"wp:featuredmedia":[{"embeddable":true,"href":"https:\/\/www.johannagullichsen.com\/fi\/wp-json\/wp\/v2\/media\/3045"}],"wp:attachment":[{"href":"https:\/\/www.johannagullichsen.com\/fi\/wp-json\/wp\/v2\/media?parent=7068"}],"wp:term":[{"taxonomy":"product_brand","embeddable":true,"href":"https:\/\/www.johannagullichsen.com\/fi\/wp-json\/wp\/v2\/product_brand?post=7068"},{"taxonomy":"product_cat","embeddable":true,"href":"https:\/\/www.johannagullichsen.com\/fi\/wp-json\/wp\/v2\/product_cat?post=7068"},{"taxonomy":"product_tag","embeddable":true,"href":"https:\/\/www.johannagullichsen.com\/fi\/wp-json\/wp\/v2\/product_tag?post=7068"}],"curies":[{"name":"wp","href":"https:\/\/api.w.org\/{rel}","templated":true}]}}

Matkalaukkuvyö

<h4>Tunnista matkalaukkusi silmäyksellä!</h4>
<p>Säädettävä matkalaukkuvyö, ympärysmitta 88cm-156cm</p>

<p>Tunnista matkalaukkusi silmäyksellä! Säädettävä matkalaukkuvyö, ympärysmitta 88cm-156cm</p>

<!-- This site is optimized with the Yoast SEO Premium plugin v27.2 (Yoast SEO v27.5) - https://yoast.com/product/yoast-seo-premium-wordpress/ -->
<title>Matkalaukkuvyö - Johanna Gullichsen</title>
<meta name="description" content="Säädettävä tyylikäs matkalaukkuvyö. Kestävää puuvillaa ja nahkaa. Tunnista laukkusi silmäyksellä!" />
<meta name="robots" content="index, follow, max-snippet:-1, max-image-preview:large, max-video-preview:-1" />
<link rel="canonical" href="https://www.johannagullichsen.com/fi/tuote/matkalaukkuvyo/" />
<meta property="og:locale" content="fi_FI" />
<meta property="og:type" content="article" />
<meta property="og:title" content="Matkalaukkuvyö" />
<meta property="og:description" content="Säädettävä tyylikäs matkalaukkuvyö. Kestävää puuvillaa ja nahkaa. Tunnista laukkusi silmäyksellä!" />
<meta property="og:url" content="https://www.johannagullichsen.com/fi/tuote/matkalaukkuvyo/" />
<meta property="og:site_name" content="Johanna Gullichsen" />
<meta property="article:modified_time" content="2021-04-19T09:24:54+00:00" />
<meta property="og:image" content="https://www.johannagullichsen.com/wp-content/uploads/2020/04/johanna_gullichsen-luggage_belt-1.jpg" />
	<meta property="og:image:width" content="1600" />
	<meta property="og:image:height" content="1200" />
	<meta property="og:image:type" content="image/jpeg" />
<meta name="twitter:card" content="summary_large_image" />
<script type="application/ld+json" class="yoast-schema-graph">{"@context":"https:\/\/schema.org","@graph":[{"@type":"WebPage","@id":"https:\/\/www.johannagullichsen.com\/fi\/tuote\/matkalaukkuvyo\/","url":"https:\/\/www.johannagullichsen.com\/fi\/tuote\/matkalaukkuvyo\/","name":"Matkalaukkuvyö - Johanna Gullichsen","isPartOf":{"@id":"https:\/\/www.johannagullichsen.com\/fi\/#website"},"primaryImageOfPage":{"@id":"https:\/\/www.johannagullichsen.com\/fi\/tuote\/matkalaukkuvyo\/#primaryimage"},"image":{"@id":"https:\/\/www.johannagullichsen.com\/fi\/tuote\/matkalaukkuvyo\/#primaryimage"},"thumbnailUrl":"https:\/\/www.johannagullichsen.com\/wp-content\/uploads\/2020\/04\/johanna_gullichsen-luggage_belt-1.jpg","datePublished":"2020-04-06T12:46:03+00:00","dateModified":"2021-04-19T09:24:54+00:00","description":"Säädettävä tyylikäs matkalaukkuvyö. Kestävää puuvillaa ja nahkaa. Tunnista laukkusi silmäyksellä!","breadcrumb":{"@id":"https:\/\/www.johannagullichsen.com\/fi\/tuote\/matkalaukkuvyo\/#breadcrumb"},"inLanguage":"fi","potentialAction":[{"@type":"ReadAction","target":["https:\/\/www.johannagullichsen.com\/fi\/tuote\/matkalaukkuvyo\/"]}]},{"@type":"ImageObject","inLanguage":"fi","@id":"https:\/\/www.johannagullichsen.com\/fi\/tuote\/matkalaukkuvyo\/#primaryimage","url":"https:\/\/www.johannagullichsen.com\/wp-content\/uploads\/2020\/04\/johanna_gullichsen-luggage_belt-1.jpg","contentUrl":"https:\/\/www.johannagullichsen.com\/wp-content\/uploads\/2020\/04\/johanna_gullichsen-luggage_belt-1.jpg","width":1600,"height":1200,"caption":"Johanna Gullichsen matkalaukkuvyö"},{"@type":"BreadcrumbList","@id":"https:\/\/www.johannagullichsen.com\/fi\/tuote\/matkalaukkuvyo\/#breadcrumb","itemListElement":[{"@type":"ListItem","position":1,"name":"Home","item":"https:\/\/www.johannagullichsen.com\/fi\/"},{"@type":"ListItem","position":2,"name":"Tuotteet ja verkkokauppa","item":"https:\/\/www.johannagullichsen.com\/fi\/tuotteet\/"},{"@type":"ListItem","position":3,"name":"Matkalaukkuvyö"}]},{"@type":"WebSite","@id":"https:\/\/www.johannagullichsen.com\/fi\/#website","url":"https:\/\/www.johannagullichsen.com\/fi\/","name":"Johanna Gullichsen","description":"","potentialAction":[{"@type":"SearchAction","target":{"@type":"EntryPoint","urlTemplate":"https:\/\/www.johannagullichsen.com\/fi\/?s={search_term_string}"},"query-input":{"@type":"PropertyValueSpecification","valueRequired":true,"valueName":"search_term_string"}}],"inLanguage":"fi"}]}</script>
<!-- / Yoast SEO Premium plugin. -->

Matkalaukkuvyö - Johanna Gullichsen

Säädettävä tyylikäs matkalaukkuvyö. Kestävää puuvillaa ja nahkaa. Tunnista laukkusi silmäyksellä!

Johanna Gullichsen matkalaukkuvyö
