{"id":22867,"date":"2024-04-05T12:20:31","date_gmt":"2024-04-05T09:20:31","guid":{"rendered":"https:\/\/www.johannagullichsen.com\/?post_type=product&#038;p=22867"},"modified":"2024-04-24T17:10:40","modified_gmt":"2024-04-24T14:10:40","slug":"mug-nereus","status":"publish","type":"product","link":"https:\/\/www.johannagullichsen.com\/fr\/produit\/mug-nereus\/","title":{"rendered":"Mug Nereus"},"content":{"rendered":"<div>\n<h4>Une tasse de taille g\u00e9n\u00e9reuse<\/h4>\n<p>Si vous avez besoin d&rsquo;une bonne tasse de caf\u00e9 ou de th\u00e9, optez pour le mug de 4dl, fabriqu\u00e9 en porcelaine vitrifi\u00e9e durable.<\/p>\n<\/div>\n<p>Les tasses et soucoupes lin\u00e9aires de Vaja Finland sont fabriqu\u00e9es \u00e0 Porvoo, en Finlande. Le motif Nereus a \u00e9t\u00e9 adapt\u00e9 \u00e0 l&rsquo;origine pour la soucoupe et la tasse Vaja, sp\u00e9cialement pour le caf\u00e9 du mus\u00e9e Villa Gyllenberg. Elles ont \u00e9t\u00e9 lanc\u00e9es en 2022 pour marquer la r\u00e9ouverture de Villa Gyllenberg apr\u00e8s sa r\u00e9novation. Au printemps 2024, le mug et la bo\u00eete Nereus ont compl\u00e9t\u00e9 la collection.<\/p>\n","protected":false},"excerpt":{"rendered":"<p>Une tasse de taille g\u00e9n\u00e9reuse Si vous avez besoin d&rsquo;une bonne tasse de caf\u00e9 ou de th\u00e9, optez pour le mug de 4dl, fabriqu\u00e9 en porcelaine vitrifi\u00e9e durable. Les tasses&hellip;<\/p>\n","protected":false},"featured_media":27606,"template":"","meta":{"_acf_changed":false},"product_brand":[],"product_cat":[262],"product_tag":[],"class_list":{"0":"post-22867","1":"product","2":"type-product","3":"status-publish","4":"has-post-thumbnail","6":"product_cat-a-table","7":"pa_pattern-colour-nereus-mousse","8":"pa_pattern-colour-nereus-ochre-1-fr","9":"collection-normandie-fr","11":"first","12":"instock","13":"taxable","14":"shipping-taxable","15":"purchasable","16":"product-type-variable"},"acf":[],"yoast_head":"<!-- This site is optimized with the Yoast SEO Premium plugin v27.2 (Yoast SEO v27.2) - https:\/\/yoast.com\/product\/yoast-seo-premium-wordpress\/ -->\n<title>Mug Nereus - Johanna Gullichsen<\/title>\n<meta name=\"robots\" content=\"index, follow, max-snippet:-1, max-image-preview:large, max-video-preview:-1\" \/>\n<link rel=\"canonical\" href=\"https:\/\/www.johannagullichsen.com\/fr\/produit\/mug-nereus\/\" \/>\n<meta property=\"og:locale\" content=\"fr_FR\" \/>\n<meta property=\"og:type\" content=\"article\" \/>\n<meta property=\"og:title\" content=\"Mug Nereus\" \/>\n<meta property=\"og:description\" content=\"Une tasse de taille g\u00e9n\u00e9reuse Si vous avez besoin d&rsquo;une bonne tasse de caf\u00e9 ou de th\u00e9, optez pour le mug de 4dl, fabriqu\u00e9 en porcelaine vitrifi\u00e9e durable. Les tasses&hellip;\" \/>\n<meta property=\"og:url\" content=\"https:\/\/www.johannagullichsen.com\/fr\/produit\/mug-nereus\/\" \/>\n<meta property=\"og:site_name\" content=\"Johanna Gullichsen\" \/>\n<meta property=\"article:modified_time\" content=\"2024-04-24T14:10:40+00:00\" \/>\n<meta property=\"og:image\" content=\"https:\/\/www.johannagullichsen.com\/wp-content\/uploads\/2024\/04\/vajafinland_mug_nereus_ochre.jpg\" \/>\n\t<meta property=\"og:image:width\" content=\"1600\" \/>\n\t<meta property=\"og:image:height\" content=\"1200\" \/>\n\t<meta property=\"og:image:type\" content=\"image\/jpeg\" \/>\n<meta name=\"twitter:card\" content=\"summary_large_image\" \/>\n<meta name=\"twitter:label1\" content=\"Dur\u00e9e de lecture estim\u00e9e\" \/>\n\t<meta name=\"twitter:data1\" content=\"1 minute\" \/>\n<script type=\"application\/ld+json\" class=\"yoast-schema-graph\">{\"@context\":\"https:\/\/schema.org\",\"@graph\":[{\"@type\":\"WebPage\",\"@id\":\"https:\/\/www.johannagullichsen.com\/fr\/produit\/mug-nereus\/\",\"url\":\"https:\/\/www.johannagullichsen.com\/fr\/produit\/mug-nereus\/\",\"name\":\"Mug Nereus - Johanna Gullichsen\",\"isPartOf\":{\"@id\":\"https:\/\/www.johannagullichsen.com\/fr\/#website\"},\"primaryImageOfPage\":{\"@id\":\"https:\/\/www.johannagullichsen.com\/fr\/produit\/mug-nereus\/#primaryimage\"},\"image\":{\"@id\":\"https:\/\/www.johannagullichsen.com\/fr\/produit\/mug-nereus\/#primaryimage\"},\"thumbnailUrl\":\"https:\/\/www.johannagullichsen.com\/wp-content\/uploads\/2025\/05\/Johanna-Gullichsen-Nereus-Mug-gardening-copy.jpg\",\"datePublished\":\"2024-04-05T09:20:31+00:00\",\"dateModified\":\"2024-04-24T14:10:40+00:00\",\"breadcrumb\":{\"@id\":\"https:\/\/www.johannagullichsen.com\/fr\/produit\/mug-nereus\/#breadcrumb\"},\"inLanguage\":\"fr-FR\",\"potentialAction\":[{\"@type\":\"ReadAction\",\"target\":[\"https:\/\/www.johannagullichsen.com\/fr\/produit\/mug-nereus\/\"]}]},{\"@type\":\"ImageObject\",\"inLanguage\":\"fr-FR\",\"@id\":\"https:\/\/www.johannagullichsen.com\/fr\/produit\/mug-nereus\/#primaryimage\",\"url\":\"https:\/\/www.johannagullichsen.com\/wp-content\/uploads\/2025\/05\/Johanna-Gullichsen-Nereus-Mug-gardening-copy.jpg\",\"contentUrl\":\"https:\/\/www.johannagullichsen.com\/wp-content\/uploads\/2025\/05\/Johanna-Gullichsen-Nereus-Mug-gardening-copy.jpg\",\"width\":1350,\"height\":1000},{\"@type\":\"BreadcrumbList\",\"@id\":\"https:\/\/www.johannagullichsen.com\/fr\/produit\/mug-nereus\/#breadcrumb\",\"itemListElement\":[{\"@type\":\"ListItem\",\"position\":1,\"name\":\"Home\",\"item\":\"https:\/\/www.johannagullichsen.com\/fr\/\"},{\"@type\":\"ListItem\",\"position\":2,\"name\":\"Produits et Boutique en ligne\",\"item\":\"https:\/\/www.johannagullichsen.com\/fr\/produits\/\"},{\"@type\":\"ListItem\",\"position\":3,\"name\":\"Mug Nereus\"}]},{\"@type\":\"WebSite\",\"@id\":\"https:\/\/www.johannagullichsen.com\/fr\/#website\",\"url\":\"https:\/\/www.johannagullichsen.com\/fr\/\",\"name\":\"Johanna Gullichsen\",\"description\":\"\",\"potentialAction\":[{\"@type\":\"SearchAction\",\"target\":{\"@type\":\"EntryPoint\",\"urlTemplate\":\"https:\/\/www.johannagullichsen.com\/fr\/?s={search_term_string}\"},\"query-input\":{\"@type\":\"PropertyValueSpecification\",\"valueRequired\":true,\"valueName\":\"search_term_string\"}}],\"inLanguage\":\"fr-FR\"}]}<\/script>\n<!-- \/ Yoast SEO Premium plugin. -->","yoast_head_json":{"title":"Mug Nereus - Johanna Gullichsen","robots":{"index":"index","follow":"follow","max-snippet":"max-snippet:-1","max-image-preview":"max-image-preview:large","max-video-preview":"max-video-preview:-1"},"canonical":"https:\/\/www.johannagullichsen.com\/fr\/produit\/mug-nereus\/","og_locale":"fr_FR","og_type":"article","og_title":"Mug Nereus","og_description":"Une tasse de taille g\u00e9n\u00e9reuse Si vous avez besoin d&rsquo;une bonne tasse de caf\u00e9 ou de th\u00e9, optez pour le mug de 4dl, fabriqu\u00e9 en porcelaine vitrifi\u00e9e durable. Les tasses&hellip;","og_url":"https:\/\/www.johannagullichsen.com\/fr\/produit\/mug-nereus\/","og_site_name":"Johanna Gullichsen","article_modified_time":"2024-04-24T14:10:40+00:00","og_image":[{"width":1600,"height":1200,"url":"https:\/\/www.johannagullichsen.com\/wp-content\/uploads\/2024\/04\/vajafinland_mug_nereus_ochre.jpg","type":"image\/jpeg"}],"twitter_card":"summary_large_image","twitter_misc":{"Dur\u00e9e de lecture estim\u00e9e":"1 minute"},"schema":{"@context":"https:\/\/schema.org","@graph":[{"@type":"WebPage","@id":"https:\/\/www.johannagullichsen.com\/fr\/produit\/mug-nereus\/","url":"https:\/\/www.johannagullichsen.com\/fr\/produit\/mug-nereus\/","name":"Mug Nereus - Johanna Gullichsen","isPartOf":{"@id":"https:\/\/www.johannagullichsen.com\/fr\/#website"},"primaryImageOfPage":{"@id":"https:\/\/www.johannagullichsen.com\/fr\/produit\/mug-nereus\/#primaryimage"},"image":{"@id":"https:\/\/www.johannagullichsen.com\/fr\/produit\/mug-nereus\/#primaryimage"},"thumbnailUrl":"https:\/\/www.johannagullichsen.com\/wp-content\/uploads\/2025\/05\/Johanna-Gullichsen-Nereus-Mug-gardening-copy.jpg","datePublished":"2024-04-05T09:20:31+00:00","dateModified":"2024-04-24T14:10:40+00:00","breadcrumb":{"@id":"https:\/\/www.johannagullichsen.com\/fr\/produit\/mug-nereus\/#breadcrumb"},"inLanguage":"fr-FR","potentialAction":[{"@type":"ReadAction","target":["https:\/\/www.johannagullichsen.com\/fr\/produit\/mug-nereus\/"]}]},{"@type":"ImageObject","inLanguage":"fr-FR","@id":"https:\/\/www.johannagullichsen.com\/fr\/produit\/mug-nereus\/#primaryimage","url":"https:\/\/www.johannagullichsen.com\/wp-content\/uploads\/2025\/05\/Johanna-Gullichsen-Nereus-Mug-gardening-copy.jpg","contentUrl":"https:\/\/www.johannagullichsen.com\/wp-content\/uploads\/2025\/05\/Johanna-Gullichsen-Nereus-Mug-gardening-copy.jpg","width":1350,"height":1000},{"@type":"BreadcrumbList","@id":"https:\/\/www.johannagullichsen.com\/fr\/produit\/mug-nereus\/#breadcrumb","itemListElement":[{"@type":"ListItem","position":1,"name":"Home","item":"https:\/\/www.johannagullichsen.com\/fr\/"},{"@type":"ListItem","position":2,"name":"Produits et Boutique en ligne","item":"https:\/\/www.johannagullichsen.com\/fr\/produits\/"},{"@type":"ListItem","position":3,"name":"Mug Nereus"}]},{"@type":"WebSite","@id":"https:\/\/www.johannagullichsen.com\/fr\/#website","url":"https:\/\/www.johannagullichsen.com\/fr\/","name":"Johanna Gullichsen","description":"","potentialAction":[{"@type":"SearchAction","target":{"@type":"EntryPoint","urlTemplate":"https:\/\/www.johannagullichsen.com\/fr\/?s={search_term_string}"},"query-input":{"@type":"PropertyValueSpecification","valueRequired":true,"valueName":"search_term_string"}}],"inLanguage":"fr-FR"}]}},"_links":{"self":[{"href":"https:\/\/www.johannagullichsen.com\/fr\/wp-json\/wp\/v2\/product\/22867","targetHints":{"allow":["GET"]}}],"collection":[{"href":"https:\/\/www.johannagullichsen.com\/fr\/wp-json\/wp\/v2\/product"}],"about":[{"href":"https:\/\/www.johannagullichsen.com\/fr\/wp-json\/wp\/v2\/types\/product"}],"wp:featuredmedia":[{"embeddable":true,"href":"https:\/\/www.johannagullichsen.com\/fr\/wp-json\/wp\/v2\/media\/27606"}],"wp:attachment":[{"href":"https:\/\/www.johannagullichsen.com\/fr\/wp-json\/wp\/v2\/media?parent=22867"}],"wp:term":[{"taxonomy":"product_brand","embeddable":true,"href":"https:\/\/www.johannagullichsen.com\/fr\/wp-json\/wp\/v2\/product_brand?post=22867"},{"taxonomy":"product_cat","embeddable":true,"href":"https:\/\/www.johannagullichsen.com\/fr\/wp-json\/wp\/v2\/product_cat?post=22867"},{"taxonomy":"product_tag","embeddable":true,"href":"https:\/\/www.johannagullichsen.com\/fr\/wp-json\/wp\/v2\/product_tag?post=22867"}],"curies":[{"name":"wp","href":"https:\/\/api.w.org\/{rel}","templated":true}]}}

<div>
<h4>Une tasse de taille généreuse</h4>
<p>Si vous avez besoin d&rsquo;une bonne tasse de café ou de thé, optez pour le mug de 4dl, fabriqué en porcelaine vitrifiée durable.</p>
</div>
<p>Les tasses et soucoupes linéaires de Vaja Finland sont fabriquées à Porvoo, en Finlande. Le motif Nereus a été adapté à l&rsquo;origine pour la soucoupe et la tasse Vaja, spécialement pour le café du musée Villa Gyllenberg. Elles ont été lancées en 2022 pour marquer la réouverture de Villa Gyllenberg après sa rénovation. Au printemps 2024, le mug et la boîte Nereus ont complété la collection.</p>

<p>Une tasse de taille généreuse Si vous avez besoin d&rsquo;une bonne tasse de café ou de thé, optez pour le mug de 4dl, fabriqué en porcelaine vitrifiée durable. Les tasses&hellip;</p>

<!-- This site is optimized with the Yoast SEO Premium plugin v27.2 (Yoast SEO v27.2) - https://yoast.com/product/yoast-seo-premium-wordpress/ -->
<title>Mug Nereus - Johanna Gullichsen</title>
<meta name="robots" content="index, follow, max-snippet:-1, max-image-preview:large, max-video-preview:-1" />
<link rel="canonical" href="https://www.johannagullichsen.com/fr/produit/mug-nereus/" />
<meta property="og:locale" content="fr_FR" />
<meta property="og:type" content="article" />
<meta property="og:title" content="Mug Nereus" />
<meta property="og:description" content="Une tasse de taille généreuse Si vous avez besoin d&rsquo;une bonne tasse de café ou de thé, optez pour le mug de 4dl, fabriqué en porcelaine vitrifiée durable. Les tasses&hellip;" />
<meta property="og:url" content="https://www.johannagullichsen.com/fr/produit/mug-nereus/" />
<meta property="og:site_name" content="Johanna Gullichsen" />
<meta property="article:modified_time" content="2024-04-24T14:10:40+00:00" />
<meta property="og:image" content="https://www.johannagullichsen.com/wp-content/uploads/2024/04/vajafinland_mug_nereus_ochre.jpg" />
	<meta property="og:image:width" content="1600" />
	<meta property="og:image:height" content="1200" />
	<meta property="og:image:type" content="image/jpeg" />
<meta name="twitter:card" content="summary_large_image" />
<meta name="twitter:label1" content="Durée de lecture estimée" />
	<meta name="twitter:data1" content="1 minute" />
<script type="application/ld+json" class="yoast-schema-graph">{"@context":"https://schema.org","@graph":[{"@type":"WebPage","@id":"https://www.johannagullichsen.com/fr/produit/mug-nereus/","url":"https://www.johannagullichsen.com/fr/produit/mug-nereus/","name":"Mug Nereus - Johanna Gullichsen","isPartOf":{"@id":"https://www.johannagullichsen.com/fr/#website"},"primaryImageOfPage":{"@id":"https://www.johannagullichsen.com/fr/produit/mug-nereus/#primaryimage"},"image":{"@id":"https://www.johannagullichsen.com/fr/produit/mug-nereus/#primaryimage"},"thumbnailUrl":"https://www.johannagullichsen.com/wp-content/uploads/2025/05/Johanna-Gullichsen-Nereus-Mug-gardening-copy.jpg","datePublished":"2024-04-05T09:20:31+00:00","dateModified":"2024-04-24T14:10:40+00:00","breadcrumb":{"@id":"https://www.johannagullichsen.com/fr/produit/mug-nereus/#breadcrumb"},"inLanguage":"fr-FR","potentialAction":[{"@type":"ReadAction","target":["https://www.johannagullichsen.com/fr/produit/mug-nereus/"]}]},{"@type":"ImageObject","inLanguage":"fr-FR","@id":"https://www.johannagullichsen.com/fr/produit/mug-nereus/#primaryimage","url":"https://www.johannagullichsen.com/wp-content/uploads/2025/05/Johanna-Gullichsen-Nereus-Mug-gardening-copy.jpg","contentUrl":"https://www.johannagullichsen.com/wp-content/uploads/2025/05/Johanna-Gullichsen-Nereus-Mug-gardening-copy.jpg","width":1350,"height":1000},{"@type":"BreadcrumbList","@id":"https://www.johannagullichsen.com/fr/produit/mug-nereus/#breadcrumb","itemListElement":[{"@type":"ListItem","position":1,"name":"Home","item":"https://www.johannagullichsen.com/fr/"},{"@type":"ListItem","position":2,"name":"Produits et Boutique en ligne","item":"https://www.johannagullichsen.com/fr/produits/"},{"@type":"ListItem","position":3,"name":"Mug Nereus"}]},{"@type":"WebSite","@id":"https://www.johannagullichsen.com/fr/#website","url":"https://www.johannagullichsen.com/fr/","name":"Johanna Gullichsen","description":"","potentialAction":[{"@type":"SearchAction","target":{"@type":"EntryPoint","urlTemplate":"https://www.johannagullichsen.com/fr/?s={search_term_string}"},"query-input":{"@type":"PropertyValueSpecification","valueRequired":true,"valueName":"search_term_string"}}],"inLanguage":"fr-FR"}]}</script>
<!-- / Yoast SEO Premium plugin. -->

Une tasse de taille généreuse Si vous avez besoin d&rsquo;une bonne tasse de café ou de thé, optez pour le mug de 4dl, fabriqué en porcelaine vitrifiée durable. Les tasses&hellip;
