{"id":23438,"date":"2024-05-20T09:38:30","date_gmt":"2024-05-20T06:38:30","guid":{"rendered":"https:\/\/www.johannagullichsen.com\/?post_type=product&#038;p=23438"},"modified":"2026-03-16T16:58:53","modified_gmt":"2026-03-16T14:58:53","slug":"sac-origami-m","status":"publish","type":"product","link":"https:\/\/www.johannagullichsen.com\/fr\/produit\/sac-origami-m\/","title":{"rendered":"Sac Origami M"},"content":{"rendered":"<div>\n<p class=\"p1\">Ce petit sac \u00e0 bandouli\u00e8re Origami combine \u00e9l\u00e9gance et fonctionnalit\u00e9. Sa forme d\u00e9contract\u00e9e est cr\u00e9\u00e9e par des plis, comme un origami, ce qui le rend \u00e9l\u00e9gant et agr\u00e9able \u00e0 porter. \u00a0Il est dot\u00e9 d&rsquo;une bandouli\u00e8re amovible et r\u00e9glable. Le sac M est la taille moyenne de nos trois articles Origami ; les autres tailles sont la <a href=\"\/?product_cat=pochette-origami-s\"><span class=\"s1\">pochette Origami<\/span><\/a> et le <a href=\"\/?product_cat=sac-origami-l\"><span class=\"s1\">sac Origami L.<\/span><\/a><\/p>\n<p class=\"p1\">Teinture, tissage et couture en Finlande.<\/p>\n<\/div>\n<div><\/div>\n","protected":false},"excerpt":{"rendered":"<p>Ce petit sac \u00e0 bandouli\u00e8re Origami combine \u00e9l\u00e9gance et fonctionnalit\u00e9. Sa forme d\u00e9contract\u00e9e est cr\u00e9\u00e9e par des plis, comme un origami, ce qui le rend \u00e9l\u00e9gant et agr\u00e9able \u00e0 porter.&hellip;<\/p>\n","protected":false},"featured_media":23022,"template":"","meta":{"_acf_changed":false},"product_brand":[],"product_cat":[1982,263],"product_tag":[],"class_list":{"0":"post-23438","1":"product","2":"type-product","3":"status-publish","4":"has-post-thumbnail","6":"product_cat-sacs","7":"product_cat-accessoires","8":"pa_pattern-colour-helios-ochre-fr","9":"pa_pattern-colour-nereus-noir-fr","10":"pa_pattern-colour-nereus-bleu-fonce","11":"pa_pattern-colour-tithonus-plomb","12":"pa_pattern-colour-doris-amande","13":"pa_pattern-colour-doris-jaune","14":"pa_pattern-colour-eos-noir","15":"pa_pattern-colour-eos-gris-clair","16":"collection-normandie-fr","18":"first","19":"instock","20":"taxable","21":"shipping-taxable","22":"purchasable","23":"product-type-variable"},"acf":[],"yoast_head":"<!-- This site is optimized with the Yoast SEO Premium plugin v27.2 (Yoast SEO v27.5) - https:\/\/yoast.com\/product\/yoast-seo-premium-wordpress\/ -->\n<title>Sac Origami M - Johanna Gullichsen<\/title>\n<meta name=\"robots\" content=\"index, follow, max-snippet:-1, max-image-preview:large, max-video-preview:-1\" \/>\n<link rel=\"canonical\" href=\"https:\/\/www.johannagullichsen.com\/fr\/produit\/sac-origami-m\/\" \/>\n<meta property=\"og:locale\" content=\"fr_FR\" \/>\n<meta property=\"og:type\" content=\"article\" \/>\n<meta property=\"og:title\" content=\"Sac Origami M\" \/>\n<meta property=\"og:description\" content=\"Ce petit sac \u00e0 bandouli\u00e8re Origami combine \u00e9l\u00e9gance et fonctionnalit\u00e9. Sa forme d\u00e9contract\u00e9e est cr\u00e9\u00e9e par des plis, comme un origami, ce qui le rend \u00e9l\u00e9gant et agr\u00e9able \u00e0 porter.&hellip;\" \/>\n<meta property=\"og:url\" content=\"https:\/\/www.johannagullichsen.com\/fr\/produit\/sac-origami-m\/\" \/>\n<meta property=\"og:site_name\" content=\"Johanna Gullichsen\" \/>\n<meta property=\"article:modified_time\" content=\"2026-03-16T14:58:53+00:00\" \/>\n<meta property=\"og:image\" content=\"https:\/\/www.johannagullichsen.com\/wp-content\/uploads\/2024\/05\/Johanna-Gullichsen-Origami-M-Doris-yellow-1.jpg\" \/>\n\t<meta property=\"og:image:width\" content=\"1600\" \/>\n\t<meta property=\"og:image:height\" content=\"1200\" \/>\n\t<meta property=\"og:image:type\" content=\"image\/jpeg\" \/>\n<meta name=\"twitter:card\" content=\"summary_large_image\" \/>\n<meta name=\"twitter:label1\" content=\"Dur\u00e9e de lecture estim\u00e9e\" \/>\n\t<meta name=\"twitter:data1\" content=\"1 minute\" \/>\n<script type=\"application\/ld+json\" class=\"yoast-schema-graph\">{\"@context\":\"https:\\\/\\\/schema.org\",\"@graph\":[{\"@type\":\"WebPage\",\"@id\":\"https:\\\/\\\/www.johannagullichsen.com\\\/fr\\\/produit\\\/sac-origami-m\\\/\",\"url\":\"https:\\\/\\\/www.johannagullichsen.com\\\/fr\\\/produit\\\/sac-origami-m\\\/\",\"name\":\"Sac Origami M - Johanna Gullichsen\",\"isPartOf\":{\"@id\":\"https:\\\/\\\/www.johannagullichsen.com\\\/fr\\\/#website\"},\"primaryImageOfPage\":{\"@id\":\"https:\\\/\\\/www.johannagullichsen.com\\\/fr\\\/produit\\\/sac-origami-m\\\/#primaryimage\"},\"image\":{\"@id\":\"https:\\\/\\\/www.johannagullichsen.com\\\/fr\\\/produit\\\/sac-origami-m\\\/#primaryimage\"},\"thumbnailUrl\":\"https:\\\/\\\/www.johannagullichsen.com\\\/wp-content\\\/uploads\\\/2024\\\/05\\\/Johanna-Gullichsen-Origami-M-Doris-yellow-1.jpg\",\"datePublished\":\"2024-05-20T06:38:30+00:00\",\"dateModified\":\"2026-03-16T14:58:53+00:00\",\"breadcrumb\":{\"@id\":\"https:\\\/\\\/www.johannagullichsen.com\\\/fr\\\/produit\\\/sac-origami-m\\\/#breadcrumb\"},\"inLanguage\":\"fr-FR\",\"potentialAction\":[{\"@type\":\"ReadAction\",\"target\":[\"https:\\\/\\\/www.johannagullichsen.com\\\/fr\\\/produit\\\/sac-origami-m\\\/\"]}]},{\"@type\":\"ImageObject\",\"inLanguage\":\"fr-FR\",\"@id\":\"https:\\\/\\\/www.johannagullichsen.com\\\/fr\\\/produit\\\/sac-origami-m\\\/#primaryimage\",\"url\":\"https:\\\/\\\/www.johannagullichsen.com\\\/wp-content\\\/uploads\\\/2024\\\/05\\\/Johanna-Gullichsen-Origami-M-Doris-yellow-1.jpg\",\"contentUrl\":\"https:\\\/\\\/www.johannagullichsen.com\\\/wp-content\\\/uploads\\\/2024\\\/05\\\/Johanna-Gullichsen-Origami-M-Doris-yellow-1.jpg\",\"width\":1600,\"height\":1200},{\"@type\":\"BreadcrumbList\",\"@id\":\"https:\\\/\\\/www.johannagullichsen.com\\\/fr\\\/produit\\\/sac-origami-m\\\/#breadcrumb\",\"itemListElement\":[{\"@type\":\"ListItem\",\"position\":1,\"name\":\"Home\",\"item\":\"https:\\\/\\\/www.johannagullichsen.com\\\/fr\\\/\"},{\"@type\":\"ListItem\",\"position\":2,\"name\":\"Produits et Boutique en ligne\",\"item\":\"https:\\\/\\\/www.johannagullichsen.com\\\/fr\\\/produits\\\/\"},{\"@type\":\"ListItem\",\"position\":3,\"name\":\"Sac Origami M\"}]},{\"@type\":\"WebSite\",\"@id\":\"https:\\\/\\\/www.johannagullichsen.com\\\/fr\\\/#website\",\"url\":\"https:\\\/\\\/www.johannagullichsen.com\\\/fr\\\/\",\"name\":\"Johanna Gullichsen\",\"description\":\"\",\"potentialAction\":[{\"@type\":\"SearchAction\",\"target\":{\"@type\":\"EntryPoint\",\"urlTemplate\":\"https:\\\/\\\/www.johannagullichsen.com\\\/fr\\\/?s={search_term_string}\"},\"query-input\":{\"@type\":\"PropertyValueSpecification\",\"valueRequired\":true,\"valueName\":\"search_term_string\"}}],\"inLanguage\":\"fr-FR\"}]}<\/script>\n<!-- \/ Yoast SEO Premium plugin. -->","yoast_head_json":{"title":"Sac Origami M - Johanna Gullichsen","robots":{"index":"index","follow":"follow","max-snippet":"max-snippet:-1","max-image-preview":"max-image-preview:large","max-video-preview":"max-video-preview:-1"},"canonical":"https:\/\/www.johannagullichsen.com\/fr\/produit\/sac-origami-m\/","og_locale":"fr_FR","og_type":"article","og_title":"Sac Origami M","og_description":"Ce petit sac \u00e0 bandouli\u00e8re Origami combine \u00e9l\u00e9gance et fonctionnalit\u00e9. Sa forme d\u00e9contract\u00e9e est cr\u00e9\u00e9e par des plis, comme un origami, ce qui le rend \u00e9l\u00e9gant et agr\u00e9able \u00e0 porter.&hellip;","og_url":"https:\/\/www.johannagullichsen.com\/fr\/produit\/sac-origami-m\/","og_site_name":"Johanna Gullichsen","article_modified_time":"2026-03-16T14:58:53+00:00","og_image":[{"width":1600,"height":1200,"url":"https:\/\/www.johannagullichsen.com\/wp-content\/uploads\/2024\/05\/Johanna-Gullichsen-Origami-M-Doris-yellow-1.jpg","type":"image\/jpeg"}],"twitter_card":"summary_large_image","twitter_misc":{"Dur\u00e9e de lecture estim\u00e9e":"1 minute"},"schema":{"@context":"https:\/\/schema.org","@graph":[{"@type":"WebPage","@id":"https:\/\/www.johannagullichsen.com\/fr\/produit\/sac-origami-m\/","url":"https:\/\/www.johannagullichsen.com\/fr\/produit\/sac-origami-m\/","name":"Sac Origami M - Johanna Gullichsen","isPartOf":{"@id":"https:\/\/www.johannagullichsen.com\/fr\/#website"},"primaryImageOfPage":{"@id":"https:\/\/www.johannagullichsen.com\/fr\/produit\/sac-origami-m\/#primaryimage"},"image":{"@id":"https:\/\/www.johannagullichsen.com\/fr\/produit\/sac-origami-m\/#primaryimage"},"thumbnailUrl":"https:\/\/www.johannagullichsen.com\/wp-content\/uploads\/2024\/05\/Johanna-Gullichsen-Origami-M-Doris-yellow-1.jpg","datePublished":"2024-05-20T06:38:30+00:00","dateModified":"2026-03-16T14:58:53+00:00","breadcrumb":{"@id":"https:\/\/www.johannagullichsen.com\/fr\/produit\/sac-origami-m\/#breadcrumb"},"inLanguage":"fr-FR","potentialAction":[{"@type":"ReadAction","target":["https:\/\/www.johannagullichsen.com\/fr\/produit\/sac-origami-m\/"]}]},{"@type":"ImageObject","inLanguage":"fr-FR","@id":"https:\/\/www.johannagullichsen.com\/fr\/produit\/sac-origami-m\/#primaryimage","url":"https:\/\/www.johannagullichsen.com\/wp-content\/uploads\/2024\/05\/Johanna-Gullichsen-Origami-M-Doris-yellow-1.jpg","contentUrl":"https:\/\/www.johannagullichsen.com\/wp-content\/uploads\/2024\/05\/Johanna-Gullichsen-Origami-M-Doris-yellow-1.jpg","width":1600,"height":1200},{"@type":"BreadcrumbList","@id":"https:\/\/www.johannagullichsen.com\/fr\/produit\/sac-origami-m\/#breadcrumb","itemListElement":[{"@type":"ListItem","position":1,"name":"Home","item":"https:\/\/www.johannagullichsen.com\/fr\/"},{"@type":"ListItem","position":2,"name":"Produits et Boutique en ligne","item":"https:\/\/www.johannagullichsen.com\/fr\/produits\/"},{"@type":"ListItem","position":3,"name":"Sac Origami M"}]},{"@type":"WebSite","@id":"https:\/\/www.johannagullichsen.com\/fr\/#website","url":"https:\/\/www.johannagullichsen.com\/fr\/","name":"Johanna Gullichsen","description":"","potentialAction":[{"@type":"SearchAction","target":{"@type":"EntryPoint","urlTemplate":"https:\/\/www.johannagullichsen.com\/fr\/?s={search_term_string}"},"query-input":{"@type":"PropertyValueSpecification","valueRequired":true,"valueName":"search_term_string"}}],"inLanguage":"fr-FR"}]}},"_links":{"self":[{"href":"https:\/\/www.johannagullichsen.com\/fr\/wp-json\/wp\/v2\/product\/23438","targetHints":{"allow":["GET"]}}],"collection":[{"href":"https:\/\/www.johannagullichsen.com\/fr\/wp-json\/wp\/v2\/product"}],"about":[{"href":"https:\/\/www.johannagullichsen.com\/fr\/wp-json\/wp\/v2\/types\/product"}],"wp:featuredmedia":[{"embeddable":true,"href":"https:\/\/www.johannagullichsen.com\/fr\/wp-json\/wp\/v2\/media\/23022"}],"wp:attachment":[{"href":"https:\/\/www.johannagullichsen.com\/fr\/wp-json\/wp\/v2\/media?parent=23438"}],"wp:term":[{"taxonomy":"product_brand","embeddable":true,"href":"https:\/\/www.johannagullichsen.com\/fr\/wp-json\/wp\/v2\/product_brand?post=23438"},{"taxonomy":"product_cat","embeddable":true,"href":"https:\/\/www.johannagullichsen.com\/fr\/wp-json\/wp\/v2\/product_cat?post=23438"},{"taxonomy":"product_tag","embeddable":true,"href":"https:\/\/www.johannagullichsen.com\/fr\/wp-json\/wp\/v2\/product_tag?post=23438"}],"curies":[{"name":"wp","href":"https:\/\/api.w.org\/{rel}","templated":true}]}}

<div>
<p class="p1">Ce petit sac à bandoulière Origami combine élégance et fonctionnalité. Sa forme décontractée est créée par des plis, comme un origami, ce qui le rend élégant et agréable à porter.  Il est doté d&rsquo;une bandoulière amovible et réglable. Le sac M est la taille moyenne de nos trois articles Origami ; les autres tailles sont la <a href="/?product_cat=pochette-origami-s"><span class="s1">pochette Origami</span></a> et le <a href="/?product_cat=sac-origami-l"><span class="s1">sac Origami L.</span></a></p>
<p class="p1">Teinture, tissage et couture en Finlande.</p>
</div>
<div></div>

<p>Ce petit sac à bandoulière Origami combine élégance et fonctionnalité. Sa forme décontractée est créée par des plis, comme un origami, ce qui le rend élégant et agréable à porter.&hellip;</p>

<!-- This site is optimized with the Yoast SEO Premium plugin v27.2 (Yoast SEO v27.5) - https://yoast.com/product/yoast-seo-premium-wordpress/ -->
<title>Sac Origami M - Johanna Gullichsen</title>
<meta name="robots" content="index, follow, max-snippet:-1, max-image-preview:large, max-video-preview:-1" />
<link rel="canonical" href="https://www.johannagullichsen.com/fr/produit/sac-origami-m/" />
<meta property="og:locale" content="fr_FR" />
<meta property="og:type" content="article" />
<meta property="og:title" content="Sac Origami M" />
<meta property="og:description" content="Ce petit sac à bandoulière Origami combine élégance et fonctionnalité. Sa forme décontractée est créée par des plis, comme un origami, ce qui le rend élégant et agréable à porter.&hellip;" />
<meta property="og:url" content="https://www.johannagullichsen.com/fr/produit/sac-origami-m/" />
<meta property="og:site_name" content="Johanna Gullichsen" />
<meta property="article:modified_time" content="2026-03-16T14:58:53+00:00" />
<meta property="og:image" content="https://www.johannagullichsen.com/wp-content/uploads/2024/05/Johanna-Gullichsen-Origami-M-Doris-yellow-1.jpg" />
	<meta property="og:image:width" content="1600" />
	<meta property="og:image:height" content="1200" />
	<meta property="og:image:type" content="image/jpeg" />
<meta name="twitter:card" content="summary_large_image" />
<meta name="twitter:label1" content="Durée de lecture estimée" />
	<meta name="twitter:data1" content="1 minute" />
<script type="application/ld+json" class="yoast-schema-graph">{"@context":"https:\/\/schema.org","@graph":[{"@type":"WebPage","@id":"https:\/\/www.johannagullichsen.com\/fr\/produit\/sac-origami-m\/","url":"https:\/\/www.johannagullichsen.com\/fr\/produit\/sac-origami-m\/","name":"Sac Origami M - Johanna Gullichsen","isPartOf":{"@id":"https:\/\/www.johannagullichsen.com\/fr\/#website"},"primaryImageOfPage":{"@id":"https:\/\/www.johannagullichsen.com\/fr\/produit\/sac-origami-m\/#primaryimage"},"image":{"@id":"https:\/\/www.johannagullichsen.com\/fr\/produit\/sac-origami-m\/#primaryimage"},"thumbnailUrl":"https:\/\/www.johannagullichsen.com\/wp-content\/uploads\/2024\/05\/Johanna-Gullichsen-Origami-M-Doris-yellow-1.jpg","datePublished":"2024-05-20T06:38:30+00:00","dateModified":"2026-03-16T14:58:53+00:00","breadcrumb":{"@id":"https:\/\/www.johannagullichsen.com\/fr\/produit\/sac-origami-m\/#breadcrumb"},"inLanguage":"fr-FR","potentialAction":[{"@type":"ReadAction","target":["https:\/\/www.johannagullichsen.com\/fr\/produit\/sac-origami-m\/"]}]},{"@type":"ImageObject","inLanguage":"fr-FR","@id":"https:\/\/www.johannagullichsen.com\/fr\/produit\/sac-origami-m\/#primaryimage","url":"https:\/\/www.johannagullichsen.com\/wp-content\/uploads\/2024\/05\/Johanna-Gullichsen-Origami-M-Doris-yellow-1.jpg","contentUrl":"https:\/\/www.johannagullichsen.com\/wp-content\/uploads\/2024\/05\/Johanna-Gullichsen-Origami-M-Doris-yellow-1.jpg","width":1600,"height":1200},{"@type":"BreadcrumbList","@id":"https:\/\/www.johannagullichsen.com\/fr\/produit\/sac-origami-m\/#breadcrumb","itemListElement":[{"@type":"ListItem","position":1,"name":"Home","item":"https:\/\/www.johannagullichsen.com\/fr\/"},{"@type":"ListItem","position":2,"name":"Produits et Boutique en ligne","item":"https:\/\/www.johannagullichsen.com\/fr\/produits\/"},{"@type":"ListItem","position":3,"name":"Sac Origami M"}]},{"@type":"WebSite","@id":"https:\/\/www.johannagullichsen.com\/fr\/#website","url":"https:\/\/www.johannagullichsen.com\/fr\/","name":"Johanna Gullichsen","description":"","potentialAction":[{"@type":"SearchAction","target":{"@type":"EntryPoint","urlTemplate":"https:\/\/www.johannagullichsen.com\/fr\/?s={search_term_string}"},"query-input":{"@type":"PropertyValueSpecification","valueRequired":true,"valueName":"search_term_string"}}],"inLanguage":"fr-FR"}]}</script>
<!-- / Yoast SEO Premium plugin. -->

Ce petit sac à bandoulière Origami combine élégance et fonctionnalité. Sa forme décontractée est créée par des plis, comme un origami, ce qui le rend élégant et agréable à porter.&hellip;
