{"id":26463,"date":"2025-04-01T15:53:33","date_gmt":"2025-04-01T12:53:33","guid":{"rendered":"https:\/\/www.johannagullichsen.com\/?post_type=product&#038;p=26463"},"modified":"2025-11-11T17:39:47","modified_gmt":"2025-11-11T15:39:47","slug":"tissu-project-kronos","status":"publish","type":"product","link":"https:\/\/www.johannagullichsen.com\/fr\/produit\/tissu-project-kronos\/","title":{"rendered":"Tissu Project Ariel"},"content":{"rendered":"<h4>Con\u00e7u pour inspirer &#8211; Tiss\u00e9 pour durer<\/h4>\n<p>Ariel fait partie de la Collection Project, qui propose des tissus d&rsquo;ameublement ignifug\u00e9s et durables, con\u00e7us pour r\u00e9pondre aux exigences rigoureuses des projets publics. Les tissus de la gamme Project sont fabriqu\u00e9s en Trevira CS et offrent un toucher laineux et naturel. Le design double face d&rsquo;Ariel vous permet de choisir d&rsquo;utiliser le c\u00f4t\u00e9 clair ou fonc\u00e9, ou m\u00eame les deux! Vous pouvez s\u00e9lectionner vos favoris parmi une large gamme de couleurs et les assortir facilement avec les motifs Doris et Kronos.<br \/>\nLe tissu a une r\u00e9sistance \u00e0 l&rsquo;abrasion de plus de 80 000 cycles Martindale et est lavable.<\/p>\n<p>Ce tissu est tiss\u00e9 \u00e0 la commande, avec un d\u00e9lai de livraison d&rsquo;environ 5 semaines. Pour toute demande de renseignements ou commande, veuillez contacter sales@johannagullichsen.com.<\/p>\n","protected":false},"excerpt":{"rendered":"<p>Con\u00e7u pour inspirer &#8211; Tiss\u00e9 pour durer Ariel fait partie de la Collection Project, qui propose des tissus d&rsquo;ameublement ignifug\u00e9s et durables, con\u00e7us pour r\u00e9pondre aux exigences rigoureuses des projets&hellip;<\/p>\n","protected":false},"featured_media":26197,"template":"","meta":{"_acf_changed":false},"product_brand":[],"product_cat":[1978,260],"product_tag":[],"class_list":{"0":"post-26463","1":"product","2":"type-product","3":"status-publish","4":"has-post-thumbnail","6":"product_cat-collectivites","7":"product_cat-tissus","8":"pa_pattern-colour-project-ariel-clay-fr","9":"pa_pattern-colour-project-ariel-dune-fr","10":"pa_pattern-colour-project-ariel-emerald-fr","11":"pa_pattern-colour-project-ariel-fog-fr","12":"pa_pattern-colour-project-ariel-harbour-fr","13":"pa_pattern-colour-project-ariel-hay-fr","14":"pa_pattern-colour-ariel-apricot-fr","15":"pa_pattern-colour-project-ariel-juniper-fr","16":"pa_pattern-colour-project-ariel-atlantic-fr","17":"pa_pattern-colour-project-ariel-larch-fr","18":"pa_pattern-colour-project-ariel-baltic-fr","19":"pa_pattern-colour-project-ariel-nimbus-fr","20":"pa_pattern-colour-project-ariel-cacao-fr","21":"pa_pattern-colour-project-ariel-cherry-fr","22":"collection-project-fr","24":"first","25":"instock","26":"taxable","27":"shipping-taxable","28":"product-type-variable"},"acf":[],"yoast_head":"<!-- This site is optimized with the Yoast SEO Premium plugin v27.2 (Yoast SEO v27.5) - https:\/\/yoast.com\/product\/yoast-seo-premium-wordpress\/ -->\n<title>Tissu Project Ariel - Johanna Gullichsen<\/title>\n<meta name=\"robots\" content=\"index, follow, max-snippet:-1, max-image-preview:large, max-video-preview:-1\" \/>\n<link rel=\"canonical\" href=\"https:\/\/www.johannagullichsen.com\/fr\/produit\/tissu-project-kronos\/\" \/>\n<meta property=\"og:locale\" content=\"fr_FR\" \/>\n<meta property=\"og:type\" content=\"article\" \/>\n<meta property=\"og:title\" content=\"Tissu Project Ariel\" \/>\n<meta property=\"og:description\" content=\"Con\u00e7u pour inspirer &#8211; Tiss\u00e9 pour durer Ariel fait partie de la Collection Project, qui propose des tissus d&rsquo;ameublement ignifug\u00e9s et durables, con\u00e7us pour r\u00e9pondre aux exigences rigoureuses des projets&hellip;\" \/>\n<meta property=\"og:url\" content=\"https:\/\/www.johannagullichsen.com\/fr\/produit\/tissu-project-kronos\/\" \/>\n<meta property=\"og:site_name\" content=\"Johanna Gullichsen\" \/>\n<meta property=\"article:modified_time\" content=\"2025-11-11T15:39:47+00:00\" \/>\n<meta property=\"og:image\" content=\"https:\/\/www.johannagullichsen.com\/wp-content\/uploads\/2025\/04\/Johanna-Gullichsen-Project-Ariel-Larch.jpg\" \/>\n\t<meta property=\"og:image:width\" content=\"1600\" \/>\n\t<meta property=\"og:image:height\" content=\"1200\" \/>\n\t<meta property=\"og:image:type\" content=\"image\/jpeg\" \/>\n<meta name=\"twitter:card\" content=\"summary_large_image\" \/>\n<meta name=\"twitter:label1\" content=\"Dur\u00e9e de lecture estim\u00e9e\" \/>\n\t<meta name=\"twitter:data1\" content=\"1 minute\" \/>\n<script type=\"application\/ld+json\" class=\"yoast-schema-graph\">{\"@context\":\"https:\\\/\\\/schema.org\",\"@graph\":[{\"@type\":\"WebPage\",\"@id\":\"https:\\\/\\\/www.johannagullichsen.com\\\/fr\\\/produit\\\/tissu-project-kronos\\\/\",\"url\":\"https:\\\/\\\/www.johannagullichsen.com\\\/fr\\\/produit\\\/tissu-project-kronos\\\/\",\"name\":\"Tissu Project Ariel - Johanna Gullichsen\",\"isPartOf\":{\"@id\":\"https:\\\/\\\/www.johannagullichsen.com\\\/fr\\\/#website\"},\"primaryImageOfPage\":{\"@id\":\"https:\\\/\\\/www.johannagullichsen.com\\\/fr\\\/produit\\\/tissu-project-kronos\\\/#primaryimage\"},\"image\":{\"@id\":\"https:\\\/\\\/www.johannagullichsen.com\\\/fr\\\/produit\\\/tissu-project-kronos\\\/#primaryimage\"},\"thumbnailUrl\":\"https:\\\/\\\/www.johannagullichsen.com\\\/wp-content\\\/uploads\\\/2025\\\/04\\\/Johanna-Gullichsen-Project-Ariel-Larch.jpg\",\"datePublished\":\"2025-04-01T12:53:33+00:00\",\"dateModified\":\"2025-11-11T15:39:47+00:00\",\"breadcrumb\":{\"@id\":\"https:\\\/\\\/www.johannagullichsen.com\\\/fr\\\/produit\\\/tissu-project-kronos\\\/#breadcrumb\"},\"inLanguage\":\"fr-FR\",\"potentialAction\":[{\"@type\":\"ReadAction\",\"target\":[\"https:\\\/\\\/www.johannagullichsen.com\\\/fr\\\/produit\\\/tissu-project-kronos\\\/\"]}]},{\"@type\":\"ImageObject\",\"inLanguage\":\"fr-FR\",\"@id\":\"https:\\\/\\\/www.johannagullichsen.com\\\/fr\\\/produit\\\/tissu-project-kronos\\\/#primaryimage\",\"url\":\"https:\\\/\\\/www.johannagullichsen.com\\\/wp-content\\\/uploads\\\/2025\\\/04\\\/Johanna-Gullichsen-Project-Ariel-Larch.jpg\",\"contentUrl\":\"https:\\\/\\\/www.johannagullichsen.com\\\/wp-content\\\/uploads\\\/2025\\\/04\\\/Johanna-Gullichsen-Project-Ariel-Larch.jpg\",\"width\":1600,\"height\":1200},{\"@type\":\"BreadcrumbList\",\"@id\":\"https:\\\/\\\/www.johannagullichsen.com\\\/fr\\\/produit\\\/tissu-project-kronos\\\/#breadcrumb\",\"itemListElement\":[{\"@type\":\"ListItem\",\"position\":1,\"name\":\"Home\",\"item\":\"https:\\\/\\\/www.johannagullichsen.com\\\/fr\\\/\"},{\"@type\":\"ListItem\",\"position\":2,\"name\":\"Produits et Boutique en ligne\",\"item\":\"https:\\\/\\\/www.johannagullichsen.com\\\/fr\\\/produits\\\/\"},{\"@type\":\"ListItem\",\"position\":3,\"name\":\"Tissu Project Ariel\"}]},{\"@type\":\"WebSite\",\"@id\":\"https:\\\/\\\/www.johannagullichsen.com\\\/fr\\\/#website\",\"url\":\"https:\\\/\\\/www.johannagullichsen.com\\\/fr\\\/\",\"name\":\"Johanna Gullichsen\",\"description\":\"\",\"potentialAction\":[{\"@type\":\"SearchAction\",\"target\":{\"@type\":\"EntryPoint\",\"urlTemplate\":\"https:\\\/\\\/www.johannagullichsen.com\\\/fr\\\/?s={search_term_string}\"},\"query-input\":{\"@type\":\"PropertyValueSpecification\",\"valueRequired\":true,\"valueName\":\"search_term_string\"}}],\"inLanguage\":\"fr-FR\"}]}<\/script>\n<!-- \/ Yoast SEO Premium plugin. -->","yoast_head_json":{"title":"Tissu Project Ariel - Johanna Gullichsen","robots":{"index":"index","follow":"follow","max-snippet":"max-snippet:-1","max-image-preview":"max-image-preview:large","max-video-preview":"max-video-preview:-1"},"canonical":"https:\/\/www.johannagullichsen.com\/fr\/produit\/tissu-project-kronos\/","og_locale":"fr_FR","og_type":"article","og_title":"Tissu Project Ariel","og_description":"Con\u00e7u pour inspirer &#8211; Tiss\u00e9 pour durer Ariel fait partie de la Collection Project, qui propose des tissus d&rsquo;ameublement ignifug\u00e9s et durables, con\u00e7us pour r\u00e9pondre aux exigences rigoureuses des projets&hellip;","og_url":"https:\/\/www.johannagullichsen.com\/fr\/produit\/tissu-project-kronos\/","og_site_name":"Johanna Gullichsen","article_modified_time":"2025-11-11T15:39:47+00:00","og_image":[{"width":1600,"height":1200,"url":"https:\/\/www.johannagullichsen.com\/wp-content\/uploads\/2025\/04\/Johanna-Gullichsen-Project-Ariel-Larch.jpg","type":"image\/jpeg"}],"twitter_card":"summary_large_image","twitter_misc":{"Dur\u00e9e de lecture estim\u00e9e":"1 minute"},"schema":{"@context":"https:\/\/schema.org","@graph":[{"@type":"WebPage","@id":"https:\/\/www.johannagullichsen.com\/fr\/produit\/tissu-project-kronos\/","url":"https:\/\/www.johannagullichsen.com\/fr\/produit\/tissu-project-kronos\/","name":"Tissu Project Ariel - Johanna Gullichsen","isPartOf":{"@id":"https:\/\/www.johannagullichsen.com\/fr\/#website"},"primaryImageOfPage":{"@id":"https:\/\/www.johannagullichsen.com\/fr\/produit\/tissu-project-kronos\/#primaryimage"},"image":{"@id":"https:\/\/www.johannagullichsen.com\/fr\/produit\/tissu-project-kronos\/#primaryimage"},"thumbnailUrl":"https:\/\/www.johannagullichsen.com\/wp-content\/uploads\/2025\/04\/Johanna-Gullichsen-Project-Ariel-Larch.jpg","datePublished":"2025-04-01T12:53:33+00:00","dateModified":"2025-11-11T15:39:47+00:00","breadcrumb":{"@id":"https:\/\/www.johannagullichsen.com\/fr\/produit\/tissu-project-kronos\/#breadcrumb"},"inLanguage":"fr-FR","potentialAction":[{"@type":"ReadAction","target":["https:\/\/www.johannagullichsen.com\/fr\/produit\/tissu-project-kronos\/"]}]},{"@type":"ImageObject","inLanguage":"fr-FR","@id":"https:\/\/www.johannagullichsen.com\/fr\/produit\/tissu-project-kronos\/#primaryimage","url":"https:\/\/www.johannagullichsen.com\/wp-content\/uploads\/2025\/04\/Johanna-Gullichsen-Project-Ariel-Larch.jpg","contentUrl":"https:\/\/www.johannagullichsen.com\/wp-content\/uploads\/2025\/04\/Johanna-Gullichsen-Project-Ariel-Larch.jpg","width":1600,"height":1200},{"@type":"BreadcrumbList","@id":"https:\/\/www.johannagullichsen.com\/fr\/produit\/tissu-project-kronos\/#breadcrumb","itemListElement":[{"@type":"ListItem","position":1,"name":"Home","item":"https:\/\/www.johannagullichsen.com\/fr\/"},{"@type":"ListItem","position":2,"name":"Produits et Boutique en ligne","item":"https:\/\/www.johannagullichsen.com\/fr\/produits\/"},{"@type":"ListItem","position":3,"name":"Tissu Project Ariel"}]},{"@type":"WebSite","@id":"https:\/\/www.johannagullichsen.com\/fr\/#website","url":"https:\/\/www.johannagullichsen.com\/fr\/","name":"Johanna Gullichsen","description":"","potentialAction":[{"@type":"SearchAction","target":{"@type":"EntryPoint","urlTemplate":"https:\/\/www.johannagullichsen.com\/fr\/?s={search_term_string}"},"query-input":{"@type":"PropertyValueSpecification","valueRequired":true,"valueName":"search_term_string"}}],"inLanguage":"fr-FR"}]}},"_links":{"self":[{"href":"https:\/\/www.johannagullichsen.com\/fr\/wp-json\/wp\/v2\/product\/26463","targetHints":{"allow":["GET"]}}],"collection":[{"href":"https:\/\/www.johannagullichsen.com\/fr\/wp-json\/wp\/v2\/product"}],"about":[{"href":"https:\/\/www.johannagullichsen.com\/fr\/wp-json\/wp\/v2\/types\/product"}],"wp:featuredmedia":[{"embeddable":true,"href":"https:\/\/www.johannagullichsen.com\/fr\/wp-json\/wp\/v2\/media\/26197"}],"wp:attachment":[{"href":"https:\/\/www.johannagullichsen.com\/fr\/wp-json\/wp\/v2\/media?parent=26463"}],"wp:term":[{"taxonomy":"product_brand","embeddable":true,"href":"https:\/\/www.johannagullichsen.com\/fr\/wp-json\/wp\/v2\/product_brand?post=26463"},{"taxonomy":"product_cat","embeddable":true,"href":"https:\/\/www.johannagullichsen.com\/fr\/wp-json\/wp\/v2\/product_cat?post=26463"},{"taxonomy":"product_tag","embeddable":true,"href":"https:\/\/www.johannagullichsen.com\/fr\/wp-json\/wp\/v2\/product_tag?post=26463"}],"curies":[{"name":"wp","href":"https:\/\/api.w.org\/{rel}","templated":true}]}}

<h4>Conçu pour inspirer &#8211; Tissé pour durer</h4>
<p>Ariel fait partie de la Collection Project, qui propose des tissus d&rsquo;ameublement ignifugés et durables, conçus pour répondre aux exigences rigoureuses des projets publics. Les tissus de la gamme Project sont fabriqués en Trevira CS et offrent un toucher laineux et naturel. Le design double face d&rsquo;Ariel vous permet de choisir d&rsquo;utiliser le côté clair ou foncé, ou même les deux! Vous pouvez sélectionner vos favoris parmi une large gamme de couleurs et les assortir facilement avec les motifs Doris et Kronos.<br />
Le tissu a une résistance à l&rsquo;abrasion de plus de 80 000 cycles Martindale et est lavable.</p>
<p>Ce tissu est tissé à la commande, avec un délai de livraison d&rsquo;environ 5 semaines. Pour toute demande de renseignements ou commande, veuillez contacter sales@johannagullichsen.com.</p>

<p>Conçu pour inspirer &#8211; Tissé pour durer Ariel fait partie de la Collection Project, qui propose des tissus d&rsquo;ameublement ignifugés et durables, conçus pour répondre aux exigences rigoureuses des projets&hellip;</p>

<!-- This site is optimized with the Yoast SEO Premium plugin v27.2 (Yoast SEO v27.5) - https://yoast.com/product/yoast-seo-premium-wordpress/ -->
<title>Tissu Project Ariel - Johanna Gullichsen</title>
<meta name="robots" content="index, follow, max-snippet:-1, max-image-preview:large, max-video-preview:-1" />
<link rel="canonical" href="https://www.johannagullichsen.com/fr/produit/tissu-project-kronos/" />
<meta property="og:locale" content="fr_FR" />
<meta property="og:type" content="article" />
<meta property="og:title" content="Tissu Project Ariel" />
<meta property="og:description" content="Conçu pour inspirer &#8211; Tissé pour durer Ariel fait partie de la Collection Project, qui propose des tissus d&rsquo;ameublement ignifugés et durables, conçus pour répondre aux exigences rigoureuses des projets&hellip;" />
<meta property="og:url" content="https://www.johannagullichsen.com/fr/produit/tissu-project-kronos/" />
<meta property="og:site_name" content="Johanna Gullichsen" />
<meta property="article:modified_time" content="2025-11-11T15:39:47+00:00" />
<meta property="og:image" content="https://www.johannagullichsen.com/wp-content/uploads/2025/04/Johanna-Gullichsen-Project-Ariel-Larch.jpg" />
	<meta property="og:image:width" content="1600" />
	<meta property="og:image:height" content="1200" />
	<meta property="og:image:type" content="image/jpeg" />
<meta name="twitter:card" content="summary_large_image" />
<meta name="twitter:label1" content="Durée de lecture estimée" />
	<meta name="twitter:data1" content="1 minute" />
<script type="application/ld+json" class="yoast-schema-graph">{"@context":"https:\/\/schema.org","@graph":[{"@type":"WebPage","@id":"https:\/\/www.johannagullichsen.com\/fr\/produit\/tissu-project-kronos\/","url":"https:\/\/www.johannagullichsen.com\/fr\/produit\/tissu-project-kronos\/","name":"Tissu Project Ariel - Johanna Gullichsen","isPartOf":{"@id":"https:\/\/www.johannagullichsen.com\/fr\/#website"},"primaryImageOfPage":{"@id":"https:\/\/www.johannagullichsen.com\/fr\/produit\/tissu-project-kronos\/#primaryimage"},"image":{"@id":"https:\/\/www.johannagullichsen.com\/fr\/produit\/tissu-project-kronos\/#primaryimage"},"thumbnailUrl":"https:\/\/www.johannagullichsen.com\/wp-content\/uploads\/2025\/04\/Johanna-Gullichsen-Project-Ariel-Larch.jpg","datePublished":"2025-04-01T12:53:33+00:00","dateModified":"2025-11-11T15:39:47+00:00","breadcrumb":{"@id":"https:\/\/www.johannagullichsen.com\/fr\/produit\/tissu-project-kronos\/#breadcrumb"},"inLanguage":"fr-FR","potentialAction":[{"@type":"ReadAction","target":["https:\/\/www.johannagullichsen.com\/fr\/produit\/tissu-project-kronos\/"]}]},{"@type":"ImageObject","inLanguage":"fr-FR","@id":"https:\/\/www.johannagullichsen.com\/fr\/produit\/tissu-project-kronos\/#primaryimage","url":"https:\/\/www.johannagullichsen.com\/wp-content\/uploads\/2025\/04\/Johanna-Gullichsen-Project-Ariel-Larch.jpg","contentUrl":"https:\/\/www.johannagullichsen.com\/wp-content\/uploads\/2025\/04\/Johanna-Gullichsen-Project-Ariel-Larch.jpg","width":1600,"height":1200},{"@type":"BreadcrumbList","@id":"https:\/\/www.johannagullichsen.com\/fr\/produit\/tissu-project-kronos\/#breadcrumb","itemListElement":[{"@type":"ListItem","position":1,"name":"Home","item":"https:\/\/www.johannagullichsen.com\/fr\/"},{"@type":"ListItem","position":2,"name":"Produits et Boutique en ligne","item":"https:\/\/www.johannagullichsen.com\/fr\/produits\/"},{"@type":"ListItem","position":3,"name":"Tissu Project Ariel"}]},{"@type":"WebSite","@id":"https:\/\/www.johannagullichsen.com\/fr\/#website","url":"https:\/\/www.johannagullichsen.com\/fr\/","name":"Johanna Gullichsen","description":"","potentialAction":[{"@type":"SearchAction","target":{"@type":"EntryPoint","urlTemplate":"https:\/\/www.johannagullichsen.com\/fr\/?s={search_term_string}"},"query-input":{"@type":"PropertyValueSpecification","valueRequired":true,"valueName":"search_term_string"}}],"inLanguage":"fr-FR"}]}</script>
<!-- / Yoast SEO Premium plugin. -->

Conçu pour inspirer &#8211; Tissé pour durer Ariel fait partie de la Collection Project, qui propose des tissus d&rsquo;ameublement ignifugés et durables, conçus pour répondre aux exigences rigoureuses des projets&hellip;
