{"id":8274,"date":"2020-06-04T12:58:57","date_gmt":"2020-06-04T09:58:57","guid":{"rendered":"https:\/\/www.johannagullichsen.com\/products\/non%20class\u00e9\/fabric-eos\/"},"modified":"2025-04-25T12:26:08","modified_gmt":"2025-04-25T09:26:08","slug":"tissu-eos","status":"publish","type":"product","link":"https:\/\/www.johannagullichsen.com\/fr\/produit\/tissu-eos\/","title":{"rendered":"Tissu Normandie Eos"},"content":{"rendered":"<h4>Des rayures fines qui se l\u00e8vent de la brume \u00e0 l&rsquo;aurore<\/h4>\n<p>Tissu 100% coton, double-face et r\u00e9versible. Tissu d&rsquo;ameublement solide. Des rayures fines qui se distinguent peu a peu du brouillard. Eos apparait \u00e0 l&rsquo;aurore et apporte la lumi\u00e8re du jour au monde.<\/p>\n<h5>Commandez une tirelle<a href=\"\/?product_cat=la-tirelle-eos\"> ici.<\/a><\/h5>\n<p>Largeur du raccord: 17,5 cm<br \/>\nLongueur du raccord: 0,4 cm<br \/>\nPoids: 476 g\/m2<br \/>\nLargeur tissu: 210 cm<\/p>\n","protected":false},"excerpt":{"rendered":"<p>Des rayures fines qui se l\u00e8vent de la brume \u00e0 l&rsquo;aurore Tissu 100% coton, double-face et r\u00e9versible. Tissu d&rsquo;ameublement solide. Des rayures fines qui se distinguent peu a peu du&hellip;<\/p>\n","protected":false},"featured_media":7718,"template":"","meta":{"_acf_changed":false},"product_brand":[],"product_cat":[1977,260],"product_tag":[],"class_list":{"0":"post-8274","1":"product","2":"type-product","3":"status-publish","4":"has-post-thumbnail","6":"product_cat-interieurs-residentiels","7":"product_cat-tissus","8":"pa_pattern-colour-eos-bordeaux-fr","9":"pa_pattern-colour-eos-brique-fr","10":"pa_pattern-colour-eos-vert","11":"pa_pattern-colour-eos-gris","12":"pa_pattern-colour-eos-plomb","13":"pa_pattern-colour-eos-gris-clair-fr","14":"pa_pattern-colour-eos-jaune","15":"pa_pattern-colour-eos-blue-fonce-fr","16":"pa_pattern-colour-eos-dark-bordeaux-fr","17":"pa_pattern-colour-eos-noir","18":"pa_pattern-colour-eos-dark-green-fr","19":"pa_pattern-colour-eos-bleu","20":"pa_pattern-colour-eos-amande","21":"collection-normandie-fr","23":"first","24":"instock","25":"taxable","26":"shipping-taxable","27":"purchasable","28":"product-type-variable"},"acf":[],"yoast_head":"<!-- This site is optimized with the Yoast SEO Premium plugin v27.2 (Yoast SEO v27.5) - https:\/\/yoast.com\/product\/yoast-seo-premium-wordpress\/ -->\n<title>Tissu Normandie Eos - Johanna Gullichsen<\/title>\n<meta name=\"description\" content=\"Tissu 100% coton, double-face et r\u00e9versible. Tissu d&#039;ameublement solide, fabriqu\u00e9 en Finlande. Design Johanna Gullichsen.\" \/>\n<meta name=\"robots\" content=\"index, follow, max-snippet:-1, max-image-preview:large, max-video-preview:-1\" \/>\n<link rel=\"canonical\" href=\"https:\/\/www.johannagullichsen.com\/fr\/produit\/tissu-eos\/\" \/>\n<meta property=\"og:locale\" content=\"fr_FR\" \/>\n<meta property=\"og:type\" content=\"article\" \/>\n<meta property=\"og:title\" content=\"Tissu Normandie Eos\" \/>\n<meta property=\"og:description\" content=\"Tissu 100% coton, double-face et r\u00e9versible. Tissu d&#039;ameublement solide, fabriqu\u00e9 en Finlande. Design Johanna Gullichsen.\" \/>\n<meta property=\"og:url\" content=\"https:\/\/www.johannagullichsen.com\/fr\/produit\/tissu-eos\/\" \/>\n<meta property=\"og:site_name\" content=\"Johanna Gullichsen\" \/>\n<meta property=\"article:modified_time\" content=\"2025-04-25T09:26:08+00:00\" \/>\n<meta property=\"og:image\" content=\"https:\/\/www.johannagullichsen.com\/wp-content\/uploads\/2020\/05\/Eos_grey_0109.jpg\" \/>\n\t<meta property=\"og:image:width\" content=\"1600\" \/>\n\t<meta property=\"og:image:height\" content=\"1176\" \/>\n\t<meta property=\"og:image:type\" content=\"image\/jpeg\" \/>\n<meta name=\"twitter:card\" content=\"summary_large_image\" \/>\n<meta name=\"twitter:label1\" content=\"Dur\u00e9e de lecture estim\u00e9e\" \/>\n\t<meta name=\"twitter:data1\" content=\"1 minute\" \/>\n<script type=\"application\/ld+json\" class=\"yoast-schema-graph\">{\"@context\":\"https:\\\/\\\/schema.org\",\"@graph\":[{\"@type\":\"WebPage\",\"@id\":\"https:\\\/\\\/www.johannagullichsen.com\\\/fr\\\/produit\\\/tissu-eos\\\/\",\"url\":\"https:\\\/\\\/www.johannagullichsen.com\\\/fr\\\/produit\\\/tissu-eos\\\/\",\"name\":\"Tissu Normandie Eos - Johanna Gullichsen\",\"isPartOf\":{\"@id\":\"https:\\\/\\\/www.johannagullichsen.com\\\/fr\\\/#website\"},\"primaryImageOfPage\":{\"@id\":\"https:\\\/\\\/www.johannagullichsen.com\\\/fr\\\/produit\\\/tissu-eos\\\/#primaryimage\"},\"image\":{\"@id\":\"https:\\\/\\\/www.johannagullichsen.com\\\/fr\\\/produit\\\/tissu-eos\\\/#primaryimage\"},\"thumbnailUrl\":\"https:\\\/\\\/www.johannagullichsen.com\\\/wp-content\\\/uploads\\\/2020\\\/05\\\/Eos_grey_0109.jpg\",\"datePublished\":\"2020-06-04T09:58:57+00:00\",\"dateModified\":\"2025-04-25T09:26:08+00:00\",\"description\":\"Tissu 100% coton, double-face et r\u00e9versible. Tissu d'ameublement solide, fabriqu\u00e9 en Finlande. Design Johanna Gullichsen.\",\"breadcrumb\":{\"@id\":\"https:\\\/\\\/www.johannagullichsen.com\\\/fr\\\/produit\\\/tissu-eos\\\/#breadcrumb\"},\"inLanguage\":\"fr-FR\",\"potentialAction\":[{\"@type\":\"ReadAction\",\"target\":[\"https:\\\/\\\/www.johannagullichsen.com\\\/fr\\\/produit\\\/tissu-eos\\\/\"]}]},{\"@type\":\"ImageObject\",\"inLanguage\":\"fr-FR\",\"@id\":\"https:\\\/\\\/www.johannagullichsen.com\\\/fr\\\/produit\\\/tissu-eos\\\/#primaryimage\",\"url\":\"https:\\\/\\\/www.johannagullichsen.com\\\/wp-content\\\/uploads\\\/2020\\\/05\\\/Eos_grey_0109.jpg\",\"contentUrl\":\"https:\\\/\\\/www.johannagullichsen.com\\\/wp-content\\\/uploads\\\/2020\\\/05\\\/Eos_grey_0109.jpg\",\"width\":1600,\"height\":1176},{\"@type\":\"BreadcrumbList\",\"@id\":\"https:\\\/\\\/www.johannagullichsen.com\\\/fr\\\/produit\\\/tissu-eos\\\/#breadcrumb\",\"itemListElement\":[{\"@type\":\"ListItem\",\"position\":1,\"name\":\"Home\",\"item\":\"https:\\\/\\\/www.johannagullichsen.com\\\/fr\\\/\"},{\"@type\":\"ListItem\",\"position\":2,\"name\":\"Produits et Boutique en ligne\",\"item\":\"https:\\\/\\\/www.johannagullichsen.com\\\/fr\\\/produits\\\/\"},{\"@type\":\"ListItem\",\"position\":3,\"name\":\"Tissu Normandie Eos\"}]},{\"@type\":\"WebSite\",\"@id\":\"https:\\\/\\\/www.johannagullichsen.com\\\/fr\\\/#website\",\"url\":\"https:\\\/\\\/www.johannagullichsen.com\\\/fr\\\/\",\"name\":\"Johanna Gullichsen\",\"description\":\"\",\"potentialAction\":[{\"@type\":\"SearchAction\",\"target\":{\"@type\":\"EntryPoint\",\"urlTemplate\":\"https:\\\/\\\/www.johannagullichsen.com\\\/fr\\\/?s={search_term_string}\"},\"query-input\":{\"@type\":\"PropertyValueSpecification\",\"valueRequired\":true,\"valueName\":\"search_term_string\"}}],\"inLanguage\":\"fr-FR\"}]}<\/script>\n<!-- \/ Yoast SEO Premium plugin. -->","yoast_head_json":{"title":"Tissu Normandie Eos - Johanna Gullichsen","description":"Tissu 100% coton, double-face et r\u00e9versible. Tissu d'ameublement solide, fabriqu\u00e9 en Finlande. Design Johanna Gullichsen.","robots":{"index":"index","follow":"follow","max-snippet":"max-snippet:-1","max-image-preview":"max-image-preview:large","max-video-preview":"max-video-preview:-1"},"canonical":"https:\/\/www.johannagullichsen.com\/fr\/produit\/tissu-eos\/","og_locale":"fr_FR","og_type":"article","og_title":"Tissu Normandie Eos","og_description":"Tissu 100% coton, double-face et r\u00e9versible. Tissu d'ameublement solide, fabriqu\u00e9 en Finlande. Design Johanna Gullichsen.","og_url":"https:\/\/www.johannagullichsen.com\/fr\/produit\/tissu-eos\/","og_site_name":"Johanna Gullichsen","article_modified_time":"2025-04-25T09:26:08+00:00","og_image":[{"width":1600,"height":1176,"url":"https:\/\/www.johannagullichsen.com\/wp-content\/uploads\/2020\/05\/Eos_grey_0109.jpg","type":"image\/jpeg"}],"twitter_card":"summary_large_image","twitter_misc":{"Dur\u00e9e de lecture estim\u00e9e":"1 minute"},"schema":{"@context":"https:\/\/schema.org","@graph":[{"@type":"WebPage","@id":"https:\/\/www.johannagullichsen.com\/fr\/produit\/tissu-eos\/","url":"https:\/\/www.johannagullichsen.com\/fr\/produit\/tissu-eos\/","name":"Tissu Normandie Eos - Johanna Gullichsen","isPartOf":{"@id":"https:\/\/www.johannagullichsen.com\/fr\/#website"},"primaryImageOfPage":{"@id":"https:\/\/www.johannagullichsen.com\/fr\/produit\/tissu-eos\/#primaryimage"},"image":{"@id":"https:\/\/www.johannagullichsen.com\/fr\/produit\/tissu-eos\/#primaryimage"},"thumbnailUrl":"https:\/\/www.johannagullichsen.com\/wp-content\/uploads\/2020\/05\/Eos_grey_0109.jpg","datePublished":"2020-06-04T09:58:57+00:00","dateModified":"2025-04-25T09:26:08+00:00","description":"Tissu 100% coton, double-face et r\u00e9versible. Tissu d'ameublement solide, fabriqu\u00e9 en Finlande. Design Johanna Gullichsen.","breadcrumb":{"@id":"https:\/\/www.johannagullichsen.com\/fr\/produit\/tissu-eos\/#breadcrumb"},"inLanguage":"fr-FR","potentialAction":[{"@type":"ReadAction","target":["https:\/\/www.johannagullichsen.com\/fr\/produit\/tissu-eos\/"]}]},{"@type":"ImageObject","inLanguage":"fr-FR","@id":"https:\/\/www.johannagullichsen.com\/fr\/produit\/tissu-eos\/#primaryimage","url":"https:\/\/www.johannagullichsen.com\/wp-content\/uploads\/2020\/05\/Eos_grey_0109.jpg","contentUrl":"https:\/\/www.johannagullichsen.com\/wp-content\/uploads\/2020\/05\/Eos_grey_0109.jpg","width":1600,"height":1176},{"@type":"BreadcrumbList","@id":"https:\/\/www.johannagullichsen.com\/fr\/produit\/tissu-eos\/#breadcrumb","itemListElement":[{"@type":"ListItem","position":1,"name":"Home","item":"https:\/\/www.johannagullichsen.com\/fr\/"},{"@type":"ListItem","position":2,"name":"Produits et Boutique en ligne","item":"https:\/\/www.johannagullichsen.com\/fr\/produits\/"},{"@type":"ListItem","position":3,"name":"Tissu Normandie Eos"}]},{"@type":"WebSite","@id":"https:\/\/www.johannagullichsen.com\/fr\/#website","url":"https:\/\/www.johannagullichsen.com\/fr\/","name":"Johanna Gullichsen","description":"","potentialAction":[{"@type":"SearchAction","target":{"@type":"EntryPoint","urlTemplate":"https:\/\/www.johannagullichsen.com\/fr\/?s={search_term_string}"},"query-input":{"@type":"PropertyValueSpecification","valueRequired":true,"valueName":"search_term_string"}}],"inLanguage":"fr-FR"}]}},"_links":{"self":[{"href":"https:\/\/www.johannagullichsen.com\/fr\/wp-json\/wp\/v2\/product\/8274","targetHints":{"allow":["GET"]}}],"collection":[{"href":"https:\/\/www.johannagullichsen.com\/fr\/wp-json\/wp\/v2\/product"}],"about":[{"href":"https:\/\/www.johannagullichsen.com\/fr\/wp-json\/wp\/v2\/types\/product"}],"wp:featuredmedia":[{"embeddable":true,"href":"https:\/\/www.johannagullichsen.com\/fr\/wp-json\/wp\/v2\/media\/7718"}],"wp:attachment":[{"href":"https:\/\/www.johannagullichsen.com\/fr\/wp-json\/wp\/v2\/media?parent=8274"}],"wp:term":[{"taxonomy":"product_brand","embeddable":true,"href":"https:\/\/www.johannagullichsen.com\/fr\/wp-json\/wp\/v2\/product_brand?post=8274"},{"taxonomy":"product_cat","embeddable":true,"href":"https:\/\/www.johannagullichsen.com\/fr\/wp-json\/wp\/v2\/product_cat?post=8274"},{"taxonomy":"product_tag","embeddable":true,"href":"https:\/\/www.johannagullichsen.com\/fr\/wp-json\/wp\/v2\/product_tag?post=8274"}],"curies":[{"name":"wp","href":"https:\/\/api.w.org\/{rel}","templated":true}]}}

https://www.johannagullichsen.com/products/non%20classé/fabric-eos/

<h4>Des rayures fines qui se lèvent de la brume à l&rsquo;aurore</h4>
<p>Tissu 100% coton, double-face et réversible. Tissu d&rsquo;ameublement solide. Des rayures fines qui se distinguent peu a peu du brouillard. Eos apparait à l&rsquo;aurore et apporte la lumière du jour au monde.</p>
<h5>Commandez une tirelle<a href="/?product_cat=la-tirelle-eos"> ici.</a></h5>
<p>Largeur du raccord: 17,5 cm<br />
Longueur du raccord: 0,4 cm<br />
Poids: 476 g/m2<br />
Largeur tissu: 210 cm</p>

<p>Des rayures fines qui se lèvent de la brume à l&rsquo;aurore Tissu 100% coton, double-face et réversible. Tissu d&rsquo;ameublement solide. Des rayures fines qui se distinguent peu a peu du&hellip;</p>

<!-- This site is optimized with the Yoast SEO Premium plugin v27.2 (Yoast SEO v27.5) - https://yoast.com/product/yoast-seo-premium-wordpress/ -->
<title>Tissu Normandie Eos - Johanna Gullichsen</title>
<meta name="description" content="Tissu 100% coton, double-face et réversible. Tissu d&#039;ameublement solide, fabriqué en Finlande. Design Johanna Gullichsen." />
<meta name="robots" content="index, follow, max-snippet:-1, max-image-preview:large, max-video-preview:-1" />
<link rel="canonical" href="https://www.johannagullichsen.com/fr/produit/tissu-eos/" />
<meta property="og:locale" content="fr_FR" />
<meta property="og:type" content="article" />
<meta property="og:title" content="Tissu Normandie Eos" />
<meta property="og:description" content="Tissu 100% coton, double-face et réversible. Tissu d&#039;ameublement solide, fabriqué en Finlande. Design Johanna Gullichsen." />
<meta property="og:url" content="https://www.johannagullichsen.com/fr/produit/tissu-eos/" />
<meta property="og:site_name" content="Johanna Gullichsen" />
<meta property="article:modified_time" content="2025-04-25T09:26:08+00:00" />
<meta property="og:image" content="https://www.johannagullichsen.com/wp-content/uploads/2020/05/Eos_grey_0109.jpg" />
	<meta property="og:image:width" content="1600" />
	<meta property="og:image:height" content="1176" />
	<meta property="og:image:type" content="image/jpeg" />
<meta name="twitter:card" content="summary_large_image" />
<meta name="twitter:label1" content="Durée de lecture estimée" />
	<meta name="twitter:data1" content="1 minute" />
<script type="application/ld+json" class="yoast-schema-graph">{"@context":"https:\/\/schema.org","@graph":[{"@type":"WebPage","@id":"https:\/\/www.johannagullichsen.com\/fr\/produit\/tissu-eos\/","url":"https:\/\/www.johannagullichsen.com\/fr\/produit\/tissu-eos\/","name":"Tissu Normandie Eos - Johanna Gullichsen","isPartOf":{"@id":"https:\/\/www.johannagullichsen.com\/fr\/#website"},"primaryImageOfPage":{"@id":"https:\/\/www.johannagullichsen.com\/fr\/produit\/tissu-eos\/#primaryimage"},"image":{"@id":"https:\/\/www.johannagullichsen.com\/fr\/produit\/tissu-eos\/#primaryimage"},"thumbnailUrl":"https:\/\/www.johannagullichsen.com\/wp-content\/uploads\/2020\/05\/Eos_grey_0109.jpg","datePublished":"2020-06-04T09:58:57+00:00","dateModified":"2025-04-25T09:26:08+00:00","description":"Tissu 100% coton, double-face et réversible. Tissu d'ameublement solide, fabriqué en Finlande. Design Johanna Gullichsen.","breadcrumb":{"@id":"https:\/\/www.johannagullichsen.com\/fr\/produit\/tissu-eos\/#breadcrumb"},"inLanguage":"fr-FR","potentialAction":[{"@type":"ReadAction","target":["https:\/\/www.johannagullichsen.com\/fr\/produit\/tissu-eos\/"]}]},{"@type":"ImageObject","inLanguage":"fr-FR","@id":"https:\/\/www.johannagullichsen.com\/fr\/produit\/tissu-eos\/#primaryimage","url":"https:\/\/www.johannagullichsen.com\/wp-content\/uploads\/2020\/05\/Eos_grey_0109.jpg","contentUrl":"https:\/\/www.johannagullichsen.com\/wp-content\/uploads\/2020\/05\/Eos_grey_0109.jpg","width":1600,"height":1176},{"@type":"BreadcrumbList","@id":"https:\/\/www.johannagullichsen.com\/fr\/produit\/tissu-eos\/#breadcrumb","itemListElement":[{"@type":"ListItem","position":1,"name":"Home","item":"https:\/\/www.johannagullichsen.com\/fr\/"},{"@type":"ListItem","position":2,"name":"Produits et Boutique en ligne","item":"https:\/\/www.johannagullichsen.com\/fr\/produits\/"},{"@type":"ListItem","position":3,"name":"Tissu Normandie Eos"}]},{"@type":"WebSite","@id":"https:\/\/www.johannagullichsen.com\/fr\/#website","url":"https:\/\/www.johannagullichsen.com\/fr\/","name":"Johanna Gullichsen","description":"","potentialAction":[{"@type":"SearchAction","target":{"@type":"EntryPoint","urlTemplate":"https:\/\/www.johannagullichsen.com\/fr\/?s={search_term_string}"},"query-input":{"@type":"PropertyValueSpecification","valueRequired":true,"valueName":"search_term_string"}}],"inLanguage":"fr-FR"}]}</script>
<!-- / Yoast SEO Premium plugin. -->

Tissu 100% coton, double-face et réversible. Tissu d'ameublement solide, fabriqué en Finlande. Design Johanna Gullichsen.
