{"id":9499,"date":"2020-11-03T12:11:22","date_gmt":"2020-11-03T10:11:22","guid":{"rendered":"https:\/\/www.johannagullichsen.com\/?post_type=product&#038;p=9499"},"modified":"2026-03-09T12:08:49","modified_gmt":"2026-03-09T10:08:49","slug":"discushion","status":"publish","type":"product","link":"https:\/\/www.johannagullichsen.com\/fr\/produit\/discushion\/","title":{"rendered":"Discushion &#8211; Coussin de si\u00e8ge"},"content":{"rendered":"<h4>Coussin de si\u00e8ge<\/h4>\n<p>Ces coussins peuvent \u00eatre utilis\u00e9s avec toutes les chaises et tous les bancs, mais ils s&rsquo;accordent particuli\u00e8rement bien avec le tabouret 60 d&rsquo; Artek.<\/p>\n<p>Teinture, tissage et couture en Finlande.<\/p>\n","protected":false},"excerpt":{"rendered":"<p>Coussin de si\u00e8ge Ces coussins peuvent \u00eatre utilis\u00e9s avec toutes les chaises et tous les bancs, mais ils s&rsquo;accordent particuli\u00e8rement bien avec le tabouret 60 d&rsquo; Artek. Teinture, tissage et&hellip;<\/p>\n","protected":false},"featured_media":29151,"template":"","meta":{"_acf_changed":false},"product_brand":[],"product_cat":[1979,265],"product_tag":[],"class_list":{"0":"post-9499","1":"product","2":"type-product","3":"status-publish","4":"has-post-thumbnail","6":"product_cat-housses-de-coussin-plaids-jetes-de-canape","7":"product_cat-maison","8":"pa_pattern-colour-helios-noir","9":"pa_pattern-colour-nereus-plomb","10":"pa_pattern-colour-helios-brique-fr","11":"pa_pattern-colour-tithonus-noir","12":"pa_pattern-colour-helios-brique-revers","13":"pa_pattern-colour-tithonus-bleu","14":"pa_pattern-colour-helios-morkbla","15":"pa_pattern-colour-tithonus-plomb","16":"pa_pattern-colour-helios-bordeaux-fonce","17":"pa_pattern-colour-helios-plomb","18":"pa_pattern-colour-doris-cirrus","19":"pa_pattern-colour-nereus-amande","20":"pa_pattern-colour-nereus-noir","21":"pa_pattern-colour-doris-noir-fr","22":"pa_pattern-colour-nereus-brique-fr","23":"pa_pattern-colour-doris-ochre-fr","24":"pa_pattern-colour-nereus-bleu-fonce","25":"pa_pattern-colour-eos-bordeaux-fr","26":"pa_pattern-colour-nereus-vert-fonce","27":"collection-normandie-fr","29":"first","30":"instock","31":"taxable","32":"shipping-taxable","33":"purchasable","34":"product-type-variable"},"acf":[],"yoast_head":"<!-- This site is optimized with the Yoast SEO Premium plugin v27.2 (Yoast SEO v27.2) - https:\/\/yoast.com\/product\/yoast-seo-premium-wordpress\/ -->\n<title>Discushion - Coussin de si\u00e8ge - Johanna Gullichsen<\/title>\n<meta name=\"description\" content=\"Coussin de si\u00e8ge rond\" \/>\n<meta name=\"robots\" content=\"index, follow, max-snippet:-1, max-image-preview:large, max-video-preview:-1\" \/>\n<link rel=\"canonical\" href=\"https:\/\/www.johannagullichsen.com\/fr\/produit\/discushion\/\" \/>\n<meta property=\"og:locale\" content=\"fr_FR\" \/>\n<meta property=\"og:type\" content=\"article\" \/>\n<meta property=\"og:title\" content=\"Discushion - Coussin de si\u00e8ge\" \/>\n<meta property=\"og:description\" content=\"Coussin de si\u00e8ge rond\" \/>\n<meta property=\"og:url\" content=\"https:\/\/www.johannagullichsen.com\/fr\/produit\/discushion\/\" \/>\n<meta property=\"og:site_name\" content=\"Johanna Gullichsen\" \/>\n<meta property=\"article:modified_time\" content=\"2026-03-09T10:08:49+00:00\" \/>\n<meta property=\"og:image\" content=\"https:\/\/www.johannagullichsen.com\/wp-content\/uploads\/2020\/11\/Johanna-Gullichsen-Discushions-1600.jpg\" \/>\n\t<meta property=\"og:image:width\" content=\"1600\" \/>\n\t<meta property=\"og:image:height\" content=\"1200\" \/>\n\t<meta property=\"og:image:type\" content=\"image\/jpeg\" \/>\n<meta name=\"twitter:card\" content=\"summary_large_image\" \/>\n<meta name=\"twitter:label1\" content=\"Dur\u00e9e de lecture estim\u00e9e\" \/>\n\t<meta name=\"twitter:data1\" content=\"1 minute\" \/>\n<script type=\"application\/ld+json\" class=\"yoast-schema-graph\">{\"@context\":\"https:\/\/schema.org\",\"@graph\":[{\"@type\":\"WebPage\",\"@id\":\"https:\/\/www.johannagullichsen.com\/fr\/produit\/discushion\/\",\"url\":\"https:\/\/www.johannagullichsen.com\/fr\/produit\/discushion\/\",\"name\":\"Discushion - Coussin de si\u00e8ge - Johanna Gullichsen\",\"isPartOf\":{\"@id\":\"https:\/\/www.johannagullichsen.com\/fr\/#website\"},\"primaryImageOfPage\":{\"@id\":\"https:\/\/www.johannagullichsen.com\/fr\/produit\/discushion\/#primaryimage\"},\"image\":{\"@id\":\"https:\/\/www.johannagullichsen.com\/fr\/produit\/discushion\/#primaryimage\"},\"thumbnailUrl\":\"https:\/\/www.johannagullichsen.com\/wp-content\/uploads\/2020\/11\/Johanna-Gullichsen-Discushions-1600.jpg\",\"datePublished\":\"2020-11-03T10:11:22+00:00\",\"dateModified\":\"2026-03-09T10:08:49+00:00\",\"description\":\"Coussin de si\u00e8ge rond\",\"breadcrumb\":{\"@id\":\"https:\/\/www.johannagullichsen.com\/fr\/produit\/discushion\/#breadcrumb\"},\"inLanguage\":\"fr-FR\",\"potentialAction\":[{\"@type\":\"ReadAction\",\"target\":[\"https:\/\/www.johannagullichsen.com\/fr\/produit\/discushion\/\"]}]},{\"@type\":\"ImageObject\",\"inLanguage\":\"fr-FR\",\"@id\":\"https:\/\/www.johannagullichsen.com\/fr\/produit\/discushion\/#primaryimage\",\"url\":\"https:\/\/www.johannagullichsen.com\/wp-content\/uploads\/2020\/11\/Johanna-Gullichsen-Discushions-1600.jpg\",\"contentUrl\":\"https:\/\/www.johannagullichsen.com\/wp-content\/uploads\/2020\/11\/Johanna-Gullichsen-Discushions-1600.jpg\",\"width\":1600,\"height\":1200},{\"@type\":\"BreadcrumbList\",\"@id\":\"https:\/\/www.johannagullichsen.com\/fr\/produit\/discushion\/#breadcrumb\",\"itemListElement\":[{\"@type\":\"ListItem\",\"position\":1,\"name\":\"Home\",\"item\":\"https:\/\/www.johannagullichsen.com\/fr\/\"},{\"@type\":\"ListItem\",\"position\":2,\"name\":\"Produits et Boutique en ligne\",\"item\":\"https:\/\/www.johannagullichsen.com\/fr\/produits\/\"},{\"@type\":\"ListItem\",\"position\":3,\"name\":\"Discushion &#8211; Coussin de si\u00e8ge\"}]},{\"@type\":\"WebSite\",\"@id\":\"https:\/\/www.johannagullichsen.com\/fr\/#website\",\"url\":\"https:\/\/www.johannagullichsen.com\/fr\/\",\"name\":\"Johanna Gullichsen\",\"description\":\"\",\"potentialAction\":[{\"@type\":\"SearchAction\",\"target\":{\"@type\":\"EntryPoint\",\"urlTemplate\":\"https:\/\/www.johannagullichsen.com\/fr\/?s={search_term_string}\"},\"query-input\":{\"@type\":\"PropertyValueSpecification\",\"valueRequired\":true,\"valueName\":\"search_term_string\"}}],\"inLanguage\":\"fr-FR\"}]}<\/script>\n<!-- \/ Yoast SEO Premium plugin. -->","yoast_head_json":{"title":"Discushion - Coussin de si\u00e8ge - Johanna Gullichsen","description":"Coussin de si\u00e8ge rond","robots":{"index":"index","follow":"follow","max-snippet":"max-snippet:-1","max-image-preview":"max-image-preview:large","max-video-preview":"max-video-preview:-1"},"canonical":"https:\/\/www.johannagullichsen.com\/fr\/produit\/discushion\/","og_locale":"fr_FR","og_type":"article","og_title":"Discushion - Coussin de si\u00e8ge","og_description":"Coussin de si\u00e8ge rond","og_url":"https:\/\/www.johannagullichsen.com\/fr\/produit\/discushion\/","og_site_name":"Johanna Gullichsen","article_modified_time":"2026-03-09T10:08:49+00:00","og_image":[{"width":1600,"height":1200,"url":"https:\/\/www.johannagullichsen.com\/wp-content\/uploads\/2020\/11\/Johanna-Gullichsen-Discushions-1600.jpg","type":"image\/jpeg"}],"twitter_card":"summary_large_image","twitter_misc":{"Dur\u00e9e de lecture estim\u00e9e":"1 minute"},"schema":{"@context":"https:\/\/schema.org","@graph":[{"@type":"WebPage","@id":"https:\/\/www.johannagullichsen.com\/fr\/produit\/discushion\/","url":"https:\/\/www.johannagullichsen.com\/fr\/produit\/discushion\/","name":"Discushion - Coussin de si\u00e8ge - Johanna Gullichsen","isPartOf":{"@id":"https:\/\/www.johannagullichsen.com\/fr\/#website"},"primaryImageOfPage":{"@id":"https:\/\/www.johannagullichsen.com\/fr\/produit\/discushion\/#primaryimage"},"image":{"@id":"https:\/\/www.johannagullichsen.com\/fr\/produit\/discushion\/#primaryimage"},"thumbnailUrl":"https:\/\/www.johannagullichsen.com\/wp-content\/uploads\/2020\/11\/Johanna-Gullichsen-Discushions-1600.jpg","datePublished":"2020-11-03T10:11:22+00:00","dateModified":"2026-03-09T10:08:49+00:00","description":"Coussin de si\u00e8ge rond","breadcrumb":{"@id":"https:\/\/www.johannagullichsen.com\/fr\/produit\/discushion\/#breadcrumb"},"inLanguage":"fr-FR","potentialAction":[{"@type":"ReadAction","target":["https:\/\/www.johannagullichsen.com\/fr\/produit\/discushion\/"]}]},{"@type":"ImageObject","inLanguage":"fr-FR","@id":"https:\/\/www.johannagullichsen.com\/fr\/produit\/discushion\/#primaryimage","url":"https:\/\/www.johannagullichsen.com\/wp-content\/uploads\/2020\/11\/Johanna-Gullichsen-Discushions-1600.jpg","contentUrl":"https:\/\/www.johannagullichsen.com\/wp-content\/uploads\/2020\/11\/Johanna-Gullichsen-Discushions-1600.jpg","width":1600,"height":1200},{"@type":"BreadcrumbList","@id":"https:\/\/www.johannagullichsen.com\/fr\/produit\/discushion\/#breadcrumb","itemListElement":[{"@type":"ListItem","position":1,"name":"Home","item":"https:\/\/www.johannagullichsen.com\/fr\/"},{"@type":"ListItem","position":2,"name":"Produits et Boutique en ligne","item":"https:\/\/www.johannagullichsen.com\/fr\/produits\/"},{"@type":"ListItem","position":3,"name":"Discushion &#8211; Coussin de si\u00e8ge"}]},{"@type":"WebSite","@id":"https:\/\/www.johannagullichsen.com\/fr\/#website","url":"https:\/\/www.johannagullichsen.com\/fr\/","name":"Johanna Gullichsen","description":"","potentialAction":[{"@type":"SearchAction","target":{"@type":"EntryPoint","urlTemplate":"https:\/\/www.johannagullichsen.com\/fr\/?s={search_term_string}"},"query-input":{"@type":"PropertyValueSpecification","valueRequired":true,"valueName":"search_term_string"}}],"inLanguage":"fr-FR"}]}},"_links":{"self":[{"href":"https:\/\/www.johannagullichsen.com\/fr\/wp-json\/wp\/v2\/product\/9499","targetHints":{"allow":["GET"]}}],"collection":[{"href":"https:\/\/www.johannagullichsen.com\/fr\/wp-json\/wp\/v2\/product"}],"about":[{"href":"https:\/\/www.johannagullichsen.com\/fr\/wp-json\/wp\/v2\/types\/product"}],"wp:featuredmedia":[{"embeddable":true,"href":"https:\/\/www.johannagullichsen.com\/fr\/wp-json\/wp\/v2\/media\/29151"}],"wp:attachment":[{"href":"https:\/\/www.johannagullichsen.com\/fr\/wp-json\/wp\/v2\/media?parent=9499"}],"wp:term":[{"taxonomy":"product_brand","embeddable":true,"href":"https:\/\/www.johannagullichsen.com\/fr\/wp-json\/wp\/v2\/product_brand?post=9499"},{"taxonomy":"product_cat","embeddable":true,"href":"https:\/\/www.johannagullichsen.com\/fr\/wp-json\/wp\/v2\/product_cat?post=9499"},{"taxonomy":"product_tag","embeddable":true,"href":"https:\/\/www.johannagullichsen.com\/fr\/wp-json\/wp\/v2\/product_tag?post=9499"}],"curies":[{"name":"wp","href":"https:\/\/api.w.org\/{rel}","templated":true}]}}

Discushion &#8211; Coussin de siège

<h4>Coussin de siège</h4>
<p>Ces coussins peuvent être utilisés avec toutes les chaises et tous les bancs, mais ils s&rsquo;accordent particulièrement bien avec le tabouret 60 d&rsquo; Artek.</p>
<p>Teinture, tissage et couture en Finlande.</p>

<p>Coussin de siège Ces coussins peuvent être utilisés avec toutes les chaises et tous les bancs, mais ils s&rsquo;accordent particulièrement bien avec le tabouret 60 d&rsquo; Artek. Teinture, tissage et&hellip;</p>

<!-- This site is optimized with the Yoast SEO Premium plugin v27.2 (Yoast SEO v27.2) - https://yoast.com/product/yoast-seo-premium-wordpress/ -->
<title>Discushion - Coussin de siège - Johanna Gullichsen</title>
<meta name="description" content="Coussin de siège rond" />
<meta name="robots" content="index, follow, max-snippet:-1, max-image-preview:large, max-video-preview:-1" />
<link rel="canonical" href="https://www.johannagullichsen.com/fr/produit/discushion/" />
<meta property="og:locale" content="fr_FR" />
<meta property="og:type" content="article" />
<meta property="og:title" content="Discushion - Coussin de siège" />
<meta property="og:description" content="Coussin de siège rond" />
<meta property="og:url" content="https://www.johannagullichsen.com/fr/produit/discushion/" />
<meta property="og:site_name" content="Johanna Gullichsen" />
<meta property="article:modified_time" content="2026-03-09T10:08:49+00:00" />
<meta property="og:image" content="https://www.johannagullichsen.com/wp-content/uploads/2020/11/Johanna-Gullichsen-Discushions-1600.jpg" />
	<meta property="og:image:width" content="1600" />
	<meta property="og:image:height" content="1200" />
	<meta property="og:image:type" content="image/jpeg" />
<meta name="twitter:card" content="summary_large_image" />
<meta name="twitter:label1" content="Durée de lecture estimée" />
	<meta name="twitter:data1" content="1 minute" />
<script type="application/ld+json" class="yoast-schema-graph">{"@context":"https://schema.org","@graph":[{"@type":"WebPage","@id":"https://www.johannagullichsen.com/fr/produit/discushion/","url":"https://www.johannagullichsen.com/fr/produit/discushion/","name":"Discushion - Coussin de siège - Johanna Gullichsen","isPartOf":{"@id":"https://www.johannagullichsen.com/fr/#website"},"primaryImageOfPage":{"@id":"https://www.johannagullichsen.com/fr/produit/discushion/#primaryimage"},"image":{"@id":"https://www.johannagullichsen.com/fr/produit/discushion/#primaryimage"},"thumbnailUrl":"https://www.johannagullichsen.com/wp-content/uploads/2020/11/Johanna-Gullichsen-Discushions-1600.jpg","datePublished":"2020-11-03T10:11:22+00:00","dateModified":"2026-03-09T10:08:49+00:00","description":"Coussin de siège rond","breadcrumb":{"@id":"https://www.johannagullichsen.com/fr/produit/discushion/#breadcrumb"},"inLanguage":"fr-FR","potentialAction":[{"@type":"ReadAction","target":["https://www.johannagullichsen.com/fr/produit/discushion/"]}]},{"@type":"ImageObject","inLanguage":"fr-FR","@id":"https://www.johannagullichsen.com/fr/produit/discushion/#primaryimage","url":"https://www.johannagullichsen.com/wp-content/uploads/2020/11/Johanna-Gullichsen-Discushions-1600.jpg","contentUrl":"https://www.johannagullichsen.com/wp-content/uploads/2020/11/Johanna-Gullichsen-Discushions-1600.jpg","width":1600,"height":1200},{"@type":"BreadcrumbList","@id":"https://www.johannagullichsen.com/fr/produit/discushion/#breadcrumb","itemListElement":[{"@type":"ListItem","position":1,"name":"Home","item":"https://www.johannagullichsen.com/fr/"},{"@type":"ListItem","position":2,"name":"Produits et Boutique en ligne","item":"https://www.johannagullichsen.com/fr/produits/"},{"@type":"ListItem","position":3,"name":"Discushion &#8211; Coussin de siège"}]},{"@type":"WebSite","@id":"https://www.johannagullichsen.com/fr/#website","url":"https://www.johannagullichsen.com/fr/","name":"Johanna Gullichsen","description":"","potentialAction":[{"@type":"SearchAction","target":{"@type":"EntryPoint","urlTemplate":"https://www.johannagullichsen.com/fr/?s={search_term_string}"},"query-input":{"@type":"PropertyValueSpecification","valueRequired":true,"valueName":"search_term_string"}}],"inLanguage":"fr-FR"}]}</script>
<!-- / Yoast SEO Premium plugin. -->

Discushion - Coussin de siège - Johanna Gullichsen

Coussin de siège rond

Discushion - Coussin de siège
