{"id":14537,"date":"2022-05-17T08:48:03","date_gmt":"2022-05-17T05:48:03","guid":{"rendered":"https:\/\/www.johannagullichsen.com\/?post_type=product&#038;p=14537"},"modified":"2025-04-25T12:34:55","modified_gmt":"2025-04-25T09:34:55","slug":"tyg-tilkku-dubbelsidigt-inredningstyg","status":"publish","type":"product","link":"https:\/\/www.johannagullichsen.com\/sv\/produkt\/tyg-tilkku-dubbelsidigt-inredningstyg\/","title":{"rendered":"Tyg Normandie Tilkku"},"content":{"rendered":"<h4><strong>Varf\u00f6r v\u00e4lja, n\u00e4r du kan f\u00e5 allt!<\/strong><\/h4>\n<p>N\u00e4r det \u00e4r f\u00f6r sv\u00e5rt att v\u00e4lja, v\u00e4lj tyget Tilkku. Med det dubbelsidiga inredningstyget Tilkku f\u00e5r du allt. Det livfulla och slitstarka Tilkku kombinerar de popul\u00e4ra m\u00f6nstren <a href=\"\/?product_cat=tyg-nereus\">Nereus<\/a>, <a href=\"\/?product_cat=tyg-doris\">Doris<\/a>, <a href=\"\/?product_cat=tyg-eos\">Eos<\/a> och <a href=\"\/?product_cat=tyg-tithonus\">Tithonus<\/a>. Tilkku-tyget firar Normandie-kollektionens 25-\u00e5rsjubileum. Tilkku \u00e4r b\u00e5de lekfullt och harmoniskt och passar till m\u00e5nga typer av inredningar. Tilkku v\u00e4vs av ekologisk bomull i Finland, liksom hela Normandie-kollektionen.<\/p>\n<p>Rapportens bredd: 105 cm<br \/>\nRapportens l\u00e4ngd: 54 cm<\/p>\n<p>En m\u00f6nsterrutas m\u00e5tt: 17,5 cm x 18 cm<\/p>\n<p>Vikt: 495 g\/m2<br \/>\nTygets bredd: 210 cm<\/p>\n<p>Material: 100 % ekologisk bomull<\/p>\n<p>&nbsp;<\/p>\n<p>&nbsp;<\/p>\n","protected":false},"excerpt":{"rendered":"<p>Varf\u00f6r v\u00e4lja, n\u00e4r du kan f\u00e5 allt! N\u00e4r det \u00e4r f\u00f6r sv\u00e5rt att v\u00e4lja, v\u00e4lj tyget Tilkku. Med det dubbelsidiga inredningstyget Tilkku f\u00e5r du allt. Det livfulla och slitstarka Tilkku&hellip;<\/p>\n","protected":false},"featured_media":14470,"template":"","meta":{"_acf_changed":false},"product_brand":[],"product_cat":[267,1986],"product_tag":[],"class_list":{"0":"post-14537","1":"product","2":"type-product","3":"status-publish","4":"has-post-thumbnail","6":"product_cat-tyger","7":"product_cat-heminredning","8":"pa_pattern-colour-tilkku-ockra","9":"pa_pattern-colour-tilkku-gron","10":"pa_pattern-colour-tilkku-mandelgron","11":"pa_pattern-colour-tilkku-vinrod","12":"pa_pattern-colour-tilkku-tegel","13":"pa_pattern-colour-tilkku-svart","14":"pa_pattern-colour-tilkku-bla","15":"pa_pattern-colour-tilkku-gra","16":"pa_pattern-colour-tilkku-gul","17":"collection-normandie-sv","19":"first","20":"instock","21":"taxable","22":"shipping-taxable","23":"purchasable","24":"product-type-variable"},"acf":[],"yoast_head":"<!-- This site is optimized with the Yoast SEO Premium plugin v27.2 (Yoast SEO v27.5) - https:\/\/yoast.com\/product\/yoast-seo-premium-wordpress\/ -->\n<title>Tyg Normandie Tilkku - Johanna Gullichsen<\/title>\n<meta name=\"description\" content=\"Med det nya Tilkku-tyget firar vi Normandie-kollektionens 25-\u00e5rsjubileum. Det livfulla Tilkku kombinerar v\u00e5ra mest popul\u00e4ra m\u00f6nster.\" \/>\n<meta name=\"robots\" content=\"index, follow, max-snippet:-1, max-image-preview:large, max-video-preview:-1\" \/>\n<link rel=\"canonical\" href=\"https:\/\/www.johannagullichsen.com\/sv\/produkt\/tyg-tilkku-dubbelsidigt-inredningstyg\/\" \/>\n<meta property=\"og:locale\" content=\"sv_SE\" \/>\n<meta property=\"og:type\" content=\"article\" \/>\n<meta property=\"og:title\" content=\"Tyg Normandie Tilkku\" \/>\n<meta property=\"og:description\" content=\"Med det nya Tilkku-tyget firar vi Normandie-kollektionens 25-\u00e5rsjubileum. Det livfulla Tilkku kombinerar v\u00e5ra mest popul\u00e4ra m\u00f6nster.\" \/>\n<meta property=\"og:url\" content=\"https:\/\/www.johannagullichsen.com\/sv\/produkt\/tyg-tilkku-dubbelsidigt-inredningstyg\/\" \/>\n<meta property=\"og:site_name\" content=\"Johanna Gullichsen\" \/>\n<meta property=\"article:modified_time\" content=\"2025-04-25T09:34:55+00:00\" \/>\n<meta property=\"og:image\" content=\"https:\/\/www.johannagullichsen.com\/wp-content\/uploads\/2022\/05\/Johanna-Gullichsen-Tilkku-Lead-1024x768.jpg\" \/>\n\t<meta property=\"og:image:width\" content=\"1024\" \/>\n\t<meta property=\"og:image:height\" content=\"768\" \/>\n\t<meta property=\"og:image:type\" content=\"image\/jpeg\" \/>\n<meta name=\"twitter:card\" content=\"summary_large_image\" \/>\n<meta name=\"twitter:label1\" content=\"Ber\u00e4knad l\u00e4stid\" \/>\n\t<meta name=\"twitter:data1\" content=\"1 minut\" \/>\n<script type=\"application\/ld+json\" class=\"yoast-schema-graph\">{\"@context\":\"https:\\\/\\\/schema.org\",\"@graph\":[{\"@type\":\"WebPage\",\"@id\":\"https:\\\/\\\/www.johannagullichsen.com\\\/sv\\\/produkt\\\/tyg-tilkku-dubbelsidigt-inredningstyg\\\/\",\"url\":\"https:\\\/\\\/www.johannagullichsen.com\\\/sv\\\/produkt\\\/tyg-tilkku-dubbelsidigt-inredningstyg\\\/\",\"name\":\"Tyg Normandie Tilkku - Johanna Gullichsen\",\"isPartOf\":{\"@id\":\"https:\\\/\\\/www.johannagullichsen.com\\\/sv\\\/#website\"},\"primaryImageOfPage\":{\"@id\":\"https:\\\/\\\/www.johannagullichsen.com\\\/sv\\\/produkt\\\/tyg-tilkku-dubbelsidigt-inredningstyg\\\/#primaryimage\"},\"image\":{\"@id\":\"https:\\\/\\\/www.johannagullichsen.com\\\/sv\\\/produkt\\\/tyg-tilkku-dubbelsidigt-inredningstyg\\\/#primaryimage\"},\"thumbnailUrl\":\"https:\\\/\\\/www.johannagullichsen.com\\\/wp-content\\\/uploads\\\/2022\\\/05\\\/Johanna-Gullichsen-Tilkku-Blue-1.jpg\",\"datePublished\":\"2022-05-17T05:48:03+00:00\",\"dateModified\":\"2025-04-25T09:34:55+00:00\",\"description\":\"Med det nya Tilkku-tyget firar vi Normandie-kollektionens 25-\u00e5rsjubileum. Det livfulla Tilkku kombinerar v\u00e5ra mest popul\u00e4ra m\u00f6nster.\",\"breadcrumb\":{\"@id\":\"https:\\\/\\\/www.johannagullichsen.com\\\/sv\\\/produkt\\\/tyg-tilkku-dubbelsidigt-inredningstyg\\\/#breadcrumb\"},\"inLanguage\":\"sv-SE\",\"potentialAction\":[{\"@type\":\"ReadAction\",\"target\":[\"https:\\\/\\\/www.johannagullichsen.com\\\/sv\\\/produkt\\\/tyg-tilkku-dubbelsidigt-inredningstyg\\\/\"]}]},{\"@type\":\"ImageObject\",\"inLanguage\":\"sv-SE\",\"@id\":\"https:\\\/\\\/www.johannagullichsen.com\\\/sv\\\/produkt\\\/tyg-tilkku-dubbelsidigt-inredningstyg\\\/#primaryimage\",\"url\":\"https:\\\/\\\/www.johannagullichsen.com\\\/wp-content\\\/uploads\\\/2022\\\/05\\\/Johanna-Gullichsen-Tilkku-Blue-1.jpg\",\"contentUrl\":\"https:\\\/\\\/www.johannagullichsen.com\\\/wp-content\\\/uploads\\\/2022\\\/05\\\/Johanna-Gullichsen-Tilkku-Blue-1.jpg\",\"width\":1600,\"height\":1200},{\"@type\":\"BreadcrumbList\",\"@id\":\"https:\\\/\\\/www.johannagullichsen.com\\\/sv\\\/produkt\\\/tyg-tilkku-dubbelsidigt-inredningstyg\\\/#breadcrumb\",\"itemListElement\":[{\"@type\":\"ListItem\",\"position\":1,\"name\":\"Home\",\"item\":\"https:\\\/\\\/www.johannagullichsen.com\\\/sv\\\/\"},{\"@type\":\"ListItem\",\"position\":2,\"name\":\"Webbutik &#8211; Produkter\",\"item\":\"https:\\\/\\\/www.johannagullichsen.com\\\/sv\\\/produkter\\\/\"},{\"@type\":\"ListItem\",\"position\":3,\"name\":\"Tyg Normandie Tilkku\"}]},{\"@type\":\"WebSite\",\"@id\":\"https:\\\/\\\/www.johannagullichsen.com\\\/sv\\\/#website\",\"url\":\"https:\\\/\\\/www.johannagullichsen.com\\\/sv\\\/\",\"name\":\"Johanna Gullichsen\",\"description\":\"\",\"potentialAction\":[{\"@type\":\"SearchAction\",\"target\":{\"@type\":\"EntryPoint\",\"urlTemplate\":\"https:\\\/\\\/www.johannagullichsen.com\\\/sv\\\/?s={search_term_string}\"},\"query-input\":{\"@type\":\"PropertyValueSpecification\",\"valueRequired\":true,\"valueName\":\"search_term_string\"}}],\"inLanguage\":\"sv-SE\"}]}<\/script>\n<!-- \/ Yoast SEO Premium plugin. -->","yoast_head_json":{"title":"Tyg Normandie Tilkku - Johanna Gullichsen","description":"Med det nya Tilkku-tyget firar vi Normandie-kollektionens 25-\u00e5rsjubileum. Det livfulla Tilkku kombinerar v\u00e5ra mest popul\u00e4ra m\u00f6nster.","robots":{"index":"index","follow":"follow","max-snippet":"max-snippet:-1","max-image-preview":"max-image-preview:large","max-video-preview":"max-video-preview:-1"},"canonical":"https:\/\/www.johannagullichsen.com\/sv\/produkt\/tyg-tilkku-dubbelsidigt-inredningstyg\/","og_locale":"sv_SE","og_type":"article","og_title":"Tyg Normandie Tilkku","og_description":"Med det nya Tilkku-tyget firar vi Normandie-kollektionens 25-\u00e5rsjubileum. Det livfulla Tilkku kombinerar v\u00e5ra mest popul\u00e4ra m\u00f6nster.","og_url":"https:\/\/www.johannagullichsen.com\/sv\/produkt\/tyg-tilkku-dubbelsidigt-inredningstyg\/","og_site_name":"Johanna Gullichsen","article_modified_time":"2025-04-25T09:34:55+00:00","og_image":[{"width":1024,"height":768,"url":"https:\/\/www.johannagullichsen.com\/wp-content\/uploads\/2022\/05\/Johanna-Gullichsen-Tilkku-Lead-1024x768.jpg","type":"image\/jpeg"}],"twitter_card":"summary_large_image","twitter_misc":{"Ber\u00e4knad l\u00e4stid":"1 minut"},"schema":{"@context":"https:\/\/schema.org","@graph":[{"@type":"WebPage","@id":"https:\/\/www.johannagullichsen.com\/sv\/produkt\/tyg-tilkku-dubbelsidigt-inredningstyg\/","url":"https:\/\/www.johannagullichsen.com\/sv\/produkt\/tyg-tilkku-dubbelsidigt-inredningstyg\/","name":"Tyg Normandie Tilkku - Johanna Gullichsen","isPartOf":{"@id":"https:\/\/www.johannagullichsen.com\/sv\/#website"},"primaryImageOfPage":{"@id":"https:\/\/www.johannagullichsen.com\/sv\/produkt\/tyg-tilkku-dubbelsidigt-inredningstyg\/#primaryimage"},"image":{"@id":"https:\/\/www.johannagullichsen.com\/sv\/produkt\/tyg-tilkku-dubbelsidigt-inredningstyg\/#primaryimage"},"thumbnailUrl":"https:\/\/www.johannagullichsen.com\/wp-content\/uploads\/2022\/05\/Johanna-Gullichsen-Tilkku-Blue-1.jpg","datePublished":"2022-05-17T05:48:03+00:00","dateModified":"2025-04-25T09:34:55+00:00","description":"Med det nya Tilkku-tyget firar vi Normandie-kollektionens 25-\u00e5rsjubileum. Det livfulla Tilkku kombinerar v\u00e5ra mest popul\u00e4ra m\u00f6nster.","breadcrumb":{"@id":"https:\/\/www.johannagullichsen.com\/sv\/produkt\/tyg-tilkku-dubbelsidigt-inredningstyg\/#breadcrumb"},"inLanguage":"sv-SE","potentialAction":[{"@type":"ReadAction","target":["https:\/\/www.johannagullichsen.com\/sv\/produkt\/tyg-tilkku-dubbelsidigt-inredningstyg\/"]}]},{"@type":"ImageObject","inLanguage":"sv-SE","@id":"https:\/\/www.johannagullichsen.com\/sv\/produkt\/tyg-tilkku-dubbelsidigt-inredningstyg\/#primaryimage","url":"https:\/\/www.johannagullichsen.com\/wp-content\/uploads\/2022\/05\/Johanna-Gullichsen-Tilkku-Blue-1.jpg","contentUrl":"https:\/\/www.johannagullichsen.com\/wp-content\/uploads\/2022\/05\/Johanna-Gullichsen-Tilkku-Blue-1.jpg","width":1600,"height":1200},{"@type":"BreadcrumbList","@id":"https:\/\/www.johannagullichsen.com\/sv\/produkt\/tyg-tilkku-dubbelsidigt-inredningstyg\/#breadcrumb","itemListElement":[{"@type":"ListItem","position":1,"name":"Home","item":"https:\/\/www.johannagullichsen.com\/sv\/"},{"@type":"ListItem","position":2,"name":"Webbutik &#8211; Produkter","item":"https:\/\/www.johannagullichsen.com\/sv\/produkter\/"},{"@type":"ListItem","position":3,"name":"Tyg Normandie Tilkku"}]},{"@type":"WebSite","@id":"https:\/\/www.johannagullichsen.com\/sv\/#website","url":"https:\/\/www.johannagullichsen.com\/sv\/","name":"Johanna Gullichsen","description":"","potentialAction":[{"@type":"SearchAction","target":{"@type":"EntryPoint","urlTemplate":"https:\/\/www.johannagullichsen.com\/sv\/?s={search_term_string}"},"query-input":{"@type":"PropertyValueSpecification","valueRequired":true,"valueName":"search_term_string"}}],"inLanguage":"sv-SE"}]}},"_links":{"self":[{"href":"https:\/\/www.johannagullichsen.com\/sv\/wp-json\/wp\/v2\/product\/14537","targetHints":{"allow":["GET"]}}],"collection":[{"href":"https:\/\/www.johannagullichsen.com\/sv\/wp-json\/wp\/v2\/product"}],"about":[{"href":"https:\/\/www.johannagullichsen.com\/sv\/wp-json\/wp\/v2\/types\/product"}],"wp:featuredmedia":[{"embeddable":true,"href":"https:\/\/www.johannagullichsen.com\/sv\/wp-json\/wp\/v2\/media\/14470"}],"wp:attachment":[{"href":"https:\/\/www.johannagullichsen.com\/sv\/wp-json\/wp\/v2\/media?parent=14537"}],"wp:term":[{"taxonomy":"product_brand","embeddable":true,"href":"https:\/\/www.johannagullichsen.com\/sv\/wp-json\/wp\/v2\/product_brand?post=14537"},{"taxonomy":"product_cat","embeddable":true,"href":"https:\/\/www.johannagullichsen.com\/sv\/wp-json\/wp\/v2\/product_cat?post=14537"},{"taxonomy":"product_tag","embeddable":true,"href":"https:\/\/www.johannagullichsen.com\/sv\/wp-json\/wp\/v2\/product_tag?post=14537"}],"curies":[{"name":"wp","href":"https:\/\/api.w.org\/{rel}","templated":true}]}}

<h4><strong>Varför välja, när du kan få allt!</strong></h4>
<p>När det är för svårt att välja, välj tyget Tilkku. Med det dubbelsidiga inredningstyget Tilkku får du allt. Det livfulla och slitstarka Tilkku kombinerar de populära mönstren <a href="/?product_cat=tyg-nereus">Nereus</a>, <a href="/?product_cat=tyg-doris">Doris</a>, <a href="/?product_cat=tyg-eos">Eos</a> och <a href="/?product_cat=tyg-tithonus">Tithonus</a>. Tilkku-tyget firar Normandie-kollektionens 25-årsjubileum. Tilkku är både lekfullt och harmoniskt och passar till många typer av inredningar. Tilkku vävs av ekologisk bomull i Finland, liksom hela Normandie-kollektionen.</p>
<p>Rapportens bredd: 105 cm<br />
Rapportens längd: 54 cm</p>
<p>En mönsterrutas mått: 17,5 cm x 18 cm</p>
<p>Vikt: 495 g/m2<br />
Tygets bredd: 210 cm</p>
<p>Material: 100 % ekologisk bomull</p>
<p>&nbsp;</p>
<p>&nbsp;</p>

<p>Varför välja, när du kan få allt! När det är för svårt att välja, välj tyget Tilkku. Med det dubbelsidiga inredningstyget Tilkku får du allt. Det livfulla och slitstarka Tilkku&hellip;</p>

<!-- This site is optimized with the Yoast SEO Premium plugin v27.2 (Yoast SEO v27.5) - https://yoast.com/product/yoast-seo-premium-wordpress/ -->
<title>Tyg Normandie Tilkku - Johanna Gullichsen</title>
<meta name="description" content="Med det nya Tilkku-tyget firar vi Normandie-kollektionens 25-årsjubileum. Det livfulla Tilkku kombinerar våra mest populära mönster." />
<meta name="robots" content="index, follow, max-snippet:-1, max-image-preview:large, max-video-preview:-1" />
<link rel="canonical" href="https://www.johannagullichsen.com/sv/produkt/tyg-tilkku-dubbelsidigt-inredningstyg/" />
<meta property="og:locale" content="sv_SE" />
<meta property="og:type" content="article" />
<meta property="og:title" content="Tyg Normandie Tilkku" />
<meta property="og:description" content="Med det nya Tilkku-tyget firar vi Normandie-kollektionens 25-årsjubileum. Det livfulla Tilkku kombinerar våra mest populära mönster." />
<meta property="og:url" content="https://www.johannagullichsen.com/sv/produkt/tyg-tilkku-dubbelsidigt-inredningstyg/" />
<meta property="og:site_name" content="Johanna Gullichsen" />
<meta property="article:modified_time" content="2025-04-25T09:34:55+00:00" />
<meta property="og:image" content="https://www.johannagullichsen.com/wp-content/uploads/2022/05/Johanna-Gullichsen-Tilkku-Lead-1024x768.jpg" />
	<meta property="og:image:width" content="1024" />
	<meta property="og:image:height" content="768" />
	<meta property="og:image:type" content="image/jpeg" />
<meta name="twitter:card" content="summary_large_image" />
<meta name="twitter:label1" content="Beräknad lästid" />
	<meta name="twitter:data1" content="1 minut" />
<script type="application/ld+json" class="yoast-schema-graph">{"@context":"https:\/\/schema.org","@graph":[{"@type":"WebPage","@id":"https:\/\/www.johannagullichsen.com\/sv\/produkt\/tyg-tilkku-dubbelsidigt-inredningstyg\/","url":"https:\/\/www.johannagullichsen.com\/sv\/produkt\/tyg-tilkku-dubbelsidigt-inredningstyg\/","name":"Tyg Normandie Tilkku - Johanna Gullichsen","isPartOf":{"@id":"https:\/\/www.johannagullichsen.com\/sv\/#website"},"primaryImageOfPage":{"@id":"https:\/\/www.johannagullichsen.com\/sv\/produkt\/tyg-tilkku-dubbelsidigt-inredningstyg\/#primaryimage"},"image":{"@id":"https:\/\/www.johannagullichsen.com\/sv\/produkt\/tyg-tilkku-dubbelsidigt-inredningstyg\/#primaryimage"},"thumbnailUrl":"https:\/\/www.johannagullichsen.com\/wp-content\/uploads\/2022\/05\/Johanna-Gullichsen-Tilkku-Blue-1.jpg","datePublished":"2022-05-17T05:48:03+00:00","dateModified":"2025-04-25T09:34:55+00:00","description":"Med det nya Tilkku-tyget firar vi Normandie-kollektionens 25-årsjubileum. Det livfulla Tilkku kombinerar våra mest populära mönster.","breadcrumb":{"@id":"https:\/\/www.johannagullichsen.com\/sv\/produkt\/tyg-tilkku-dubbelsidigt-inredningstyg\/#breadcrumb"},"inLanguage":"sv-SE","potentialAction":[{"@type":"ReadAction","target":["https:\/\/www.johannagullichsen.com\/sv\/produkt\/tyg-tilkku-dubbelsidigt-inredningstyg\/"]}]},{"@type":"ImageObject","inLanguage":"sv-SE","@id":"https:\/\/www.johannagullichsen.com\/sv\/produkt\/tyg-tilkku-dubbelsidigt-inredningstyg\/#primaryimage","url":"https:\/\/www.johannagullichsen.com\/wp-content\/uploads\/2022\/05\/Johanna-Gullichsen-Tilkku-Blue-1.jpg","contentUrl":"https:\/\/www.johannagullichsen.com\/wp-content\/uploads\/2022\/05\/Johanna-Gullichsen-Tilkku-Blue-1.jpg","width":1600,"height":1200},{"@type":"BreadcrumbList","@id":"https:\/\/www.johannagullichsen.com\/sv\/produkt\/tyg-tilkku-dubbelsidigt-inredningstyg\/#breadcrumb","itemListElement":[{"@type":"ListItem","position":1,"name":"Home","item":"https:\/\/www.johannagullichsen.com\/sv\/"},{"@type":"ListItem","position":2,"name":"Webbutik &#8211; Produkter","item":"https:\/\/www.johannagullichsen.com\/sv\/produkter\/"},{"@type":"ListItem","position":3,"name":"Tyg Normandie Tilkku"}]},{"@type":"WebSite","@id":"https:\/\/www.johannagullichsen.com\/sv\/#website","url":"https:\/\/www.johannagullichsen.com\/sv\/","name":"Johanna Gullichsen","description":"","potentialAction":[{"@type":"SearchAction","target":{"@type":"EntryPoint","urlTemplate":"https:\/\/www.johannagullichsen.com\/sv\/?s={search_term_string}"},"query-input":{"@type":"PropertyValueSpecification","valueRequired":true,"valueName":"search_term_string"}}],"inLanguage":"sv-SE"}]}</script>
<!-- / Yoast SEO Premium plugin. -->

Med det nya Tilkku-tyget firar vi Normandie-kollektionens 25-årsjubileum. Det livfulla Tilkku kombinerar våra mest populära mönster.
