{"id":18723,"date":"2023-05-19T10:03:24","date_gmt":"2023-05-19T07:03:24","guid":{"rendered":"https:\/\/www.johannagullichsen.com\/?post_type=product&#038;p=18723"},"modified":"2023-05-31T13:55:19","modified_gmt":"2023-05-31T10:55:19","slug":"rectangular-bag-axelremsvaska","status":"publish","type":"product","link":"https:\/\/www.johannagullichsen.com\/sv\/produkt\/rectangular-bag-axelremsvaska\/","title":{"rendered":"Rectangular Bag Axelremsv\u00e4ska"},"content":{"rendered":"<h4><b class=\"\"><span class=\"\" lang=\"FI\">Smart axelv\u00e4ska<\/span><\/b><\/h4>\n<p>Den praktiska och l\u00e4tta Rectangular Bag axelremsv\u00e4skan \u00e4r en l\u00e4gre och lite smalare version av <a href=\"https:\/\/www.johannagullichsen.com\/sv\/produkter\/accessoarer-vaskor\/tetra-shoulder-bag\/\">Tetra Shoulder Bag<\/a>. Den rymmer t.ex en vattenflaska, solkr\u00e4m och n\u00e5gra sm\u00e5 uppk\u00f6p.<\/p>\n<p>V\u00e4skan har blixtl\u00e5s,\u00a0 justerbar rem och en innerficka med blixtl\u00e5s.<\/p>\n","protected":false},"excerpt":{"rendered":"<p>Smart axelv\u00e4ska Den praktiska och l\u00e4tta Rectangular Bag axelremsv\u00e4skan \u00e4r en l\u00e4gre och lite smalare version av Tetra Shoulder Bag. Den rymmer t.ex en vattenflaska, solkr\u00e4m och n\u00e5gra sm\u00e5 uppk\u00f6p.&hellip;<\/p>\n","protected":false},"featured_media":18663,"template":"","meta":{"_acf_changed":false},"product_brand":[],"product_cat":[1991,269],"product_tag":[],"class_list":{"0":"post-18723","1":"product","2":"type-product","3":"status-publish","4":"has-post-thumbnail","6":"product_cat-vaskor","7":"product_cat-accessoarer-vaskor","8":"pa_pattern-colour-helios-blygra","9":"pa_pattern-colour-nereus-svart-sv","10":"pa_pattern-colour-doris-mandelgron","11":"pa_pattern-colour-nereus-morkbla","12":"pa_pattern-colour-doris-svart","13":"pa_pattern-colour-eos-morkbla-sv","14":"pa_pattern-colour-doris-bla","15":"pa_pattern-colour-helios-lime-sv","16":"pa_pattern-colour-doris-blygra","17":"pa_pattern-colour-tilkku-gra","18":"pa_pattern-colour-eos-svart","19":"pa_pattern-colour-tilkku-svart","20":"pa_pattern-colour-eos-gron","21":"pa_pattern-colour-doris-halm","22":"pa_pattern-colour-helios-mandelgron","23":"pa_pattern-colour-helios-svart","24":"pa_pattern-colour-doris-cirrus","25":"pa_pattern-colour-helios-tegel","26":"collection-normandie-sv","28":"first","29":"instock","30":"taxable","31":"shipping-taxable","32":"purchasable","33":"product-type-variable"},"acf":[],"yoast_head":"<!-- This site is optimized with the Yoast SEO Premium plugin v27.2 (Yoast SEO v27.5) - https:\/\/yoast.com\/product\/yoast-seo-premium-wordpress\/ -->\n<title>Rectangular Bag Axelremsv\u00e4ska - Johanna Gullichsen<\/title>\n<meta name=\"description\" content=\"En l\u00e4tt och praktisk axelremsv\u00e4ska med rektangul\u00e4rt botten. V\u00e4skan har en justerbar rem och en innerficka med blixtl\u00e5s. Ekologisk bomull.\" \/>\n<meta name=\"robots\" content=\"index, follow, max-snippet:-1, max-image-preview:large, max-video-preview:-1\" \/>\n<link rel=\"canonical\" href=\"https:\/\/www.johannagullichsen.com\/sv\/produkt\/rectangular-bag-axelremsvaska\/\" \/>\n<meta property=\"og:locale\" content=\"sv_SE\" \/>\n<meta property=\"og:type\" content=\"article\" \/>\n<meta property=\"og:title\" content=\"Rectangular Bag Axelremsv\u00e4ska\" \/>\n<meta property=\"og:description\" content=\"En l\u00e4tt och praktisk axelremsv\u00e4ska med rektangul\u00e4rt botten. V\u00e4skan har en justerbar rem och en innerficka med blixtl\u00e5s. Ekologisk bomull.\" \/>\n<meta property=\"og:url\" content=\"https:\/\/www.johannagullichsen.com\/sv\/produkt\/rectangular-bag-axelremsvaska\/\" \/>\n<meta property=\"og:site_name\" content=\"Johanna Gullichsen\" \/>\n<meta property=\"article:modified_time\" content=\"2023-05-31T10:55:19+00:00\" \/>\n<meta property=\"og:image\" content=\"https:\/\/www.johannagullichsen.com\/wp-content\/uploads\/2023\/05\/Johanna-Gullichsen-Rectangular-bag-Doris-straw-2.jpg\" \/>\n\t<meta property=\"og:image:width\" content=\"1600\" \/>\n\t<meta property=\"og:image:height\" content=\"1200\" \/>\n\t<meta property=\"og:image:type\" content=\"image\/jpeg\" \/>\n<meta name=\"twitter:card\" content=\"summary_large_image\" \/>\n<meta name=\"twitter:label1\" content=\"Ber\u00e4knad l\u00e4stid\" \/>\n\t<meta name=\"twitter:data1\" content=\"1 minut\" \/>\n<script type=\"application\/ld+json\" class=\"yoast-schema-graph\">{\"@context\":\"https:\\\/\\\/schema.org\",\"@graph\":[{\"@type\":\"WebPage\",\"@id\":\"https:\\\/\\\/www.johannagullichsen.com\\\/sv\\\/produkt\\\/rectangular-bag-axelremsvaska\\\/\",\"url\":\"https:\\\/\\\/www.johannagullichsen.com\\\/sv\\\/produkt\\\/rectangular-bag-axelremsvaska\\\/\",\"name\":\"Rectangular Bag Axelremsv\u00e4ska - Johanna Gullichsen\",\"isPartOf\":{\"@id\":\"https:\\\/\\\/www.johannagullichsen.com\\\/sv\\\/#website\"},\"primaryImageOfPage\":{\"@id\":\"https:\\\/\\\/www.johannagullichsen.com\\\/sv\\\/produkt\\\/rectangular-bag-axelremsvaska\\\/#primaryimage\"},\"image\":{\"@id\":\"https:\\\/\\\/www.johannagullichsen.com\\\/sv\\\/produkt\\\/rectangular-bag-axelremsvaska\\\/#primaryimage\"},\"thumbnailUrl\":\"https:\\\/\\\/www.johannagullichsen.com\\\/wp-content\\\/uploads\\\/2023\\\/05\\\/Johanna-Gullichsen-Rectangular-bag-Doris-black-Pablo-1.jpg\",\"datePublished\":\"2023-05-19T07:03:24+00:00\",\"dateModified\":\"2023-05-31T10:55:19+00:00\",\"description\":\"En l\u00e4tt och praktisk axelremsv\u00e4ska med rektangul\u00e4rt botten. V\u00e4skan har en justerbar rem och en innerficka med blixtl\u00e5s. Ekologisk bomull.\",\"breadcrumb\":{\"@id\":\"https:\\\/\\\/www.johannagullichsen.com\\\/sv\\\/produkt\\\/rectangular-bag-axelremsvaska\\\/#breadcrumb\"},\"inLanguage\":\"sv-SE\",\"potentialAction\":[{\"@type\":\"ReadAction\",\"target\":[\"https:\\\/\\\/www.johannagullichsen.com\\\/sv\\\/produkt\\\/rectangular-bag-axelremsvaska\\\/\"]}]},{\"@type\":\"ImageObject\",\"inLanguage\":\"sv-SE\",\"@id\":\"https:\\\/\\\/www.johannagullichsen.com\\\/sv\\\/produkt\\\/rectangular-bag-axelremsvaska\\\/#primaryimage\",\"url\":\"https:\\\/\\\/www.johannagullichsen.com\\\/wp-content\\\/uploads\\\/2023\\\/05\\\/Johanna-Gullichsen-Rectangular-bag-Doris-black-Pablo-1.jpg\",\"contentUrl\":\"https:\\\/\\\/www.johannagullichsen.com\\\/wp-content\\\/uploads\\\/2023\\\/05\\\/Johanna-Gullichsen-Rectangular-bag-Doris-black-Pablo-1.jpg\",\"width\":1600,\"height\":1200},{\"@type\":\"BreadcrumbList\",\"@id\":\"https:\\\/\\\/www.johannagullichsen.com\\\/sv\\\/produkt\\\/rectangular-bag-axelremsvaska\\\/#breadcrumb\",\"itemListElement\":[{\"@type\":\"ListItem\",\"position\":1,\"name\":\"Home\",\"item\":\"https:\\\/\\\/www.johannagullichsen.com\\\/sv\\\/\"},{\"@type\":\"ListItem\",\"position\":2,\"name\":\"Webbutik &#8211; Produkter\",\"item\":\"https:\\\/\\\/www.johannagullichsen.com\\\/sv\\\/produkter\\\/\"},{\"@type\":\"ListItem\",\"position\":3,\"name\":\"Rectangular Bag Axelremsv\u00e4ska\"}]},{\"@type\":\"WebSite\",\"@id\":\"https:\\\/\\\/www.johannagullichsen.com\\\/sv\\\/#website\",\"url\":\"https:\\\/\\\/www.johannagullichsen.com\\\/sv\\\/\",\"name\":\"Johanna Gullichsen\",\"description\":\"\",\"potentialAction\":[{\"@type\":\"SearchAction\",\"target\":{\"@type\":\"EntryPoint\",\"urlTemplate\":\"https:\\\/\\\/www.johannagullichsen.com\\\/sv\\\/?s={search_term_string}\"},\"query-input\":{\"@type\":\"PropertyValueSpecification\",\"valueRequired\":true,\"valueName\":\"search_term_string\"}}],\"inLanguage\":\"sv-SE\"}]}<\/script>\n<!-- \/ Yoast SEO Premium plugin. -->","yoast_head_json":{"title":"Rectangular Bag Axelremsv\u00e4ska - Johanna Gullichsen","description":"En l\u00e4tt och praktisk axelremsv\u00e4ska med rektangul\u00e4rt botten. V\u00e4skan har en justerbar rem och en innerficka med blixtl\u00e5s. Ekologisk bomull.","robots":{"index":"index","follow":"follow","max-snippet":"max-snippet:-1","max-image-preview":"max-image-preview:large","max-video-preview":"max-video-preview:-1"},"canonical":"https:\/\/www.johannagullichsen.com\/sv\/produkt\/rectangular-bag-axelremsvaska\/","og_locale":"sv_SE","og_type":"article","og_title":"Rectangular Bag Axelremsv\u00e4ska","og_description":"En l\u00e4tt och praktisk axelremsv\u00e4ska med rektangul\u00e4rt botten. V\u00e4skan har en justerbar rem och en innerficka med blixtl\u00e5s. Ekologisk bomull.","og_url":"https:\/\/www.johannagullichsen.com\/sv\/produkt\/rectangular-bag-axelremsvaska\/","og_site_name":"Johanna Gullichsen","article_modified_time":"2023-05-31T10:55:19+00:00","og_image":[{"width":1600,"height":1200,"url":"https:\/\/www.johannagullichsen.com\/wp-content\/uploads\/2023\/05\/Johanna-Gullichsen-Rectangular-bag-Doris-straw-2.jpg","type":"image\/jpeg"}],"twitter_card":"summary_large_image","twitter_misc":{"Ber\u00e4knad l\u00e4stid":"1 minut"},"schema":{"@context":"https:\/\/schema.org","@graph":[{"@type":"WebPage","@id":"https:\/\/www.johannagullichsen.com\/sv\/produkt\/rectangular-bag-axelremsvaska\/","url":"https:\/\/www.johannagullichsen.com\/sv\/produkt\/rectangular-bag-axelremsvaska\/","name":"Rectangular Bag Axelremsv\u00e4ska - Johanna Gullichsen","isPartOf":{"@id":"https:\/\/www.johannagullichsen.com\/sv\/#website"},"primaryImageOfPage":{"@id":"https:\/\/www.johannagullichsen.com\/sv\/produkt\/rectangular-bag-axelremsvaska\/#primaryimage"},"image":{"@id":"https:\/\/www.johannagullichsen.com\/sv\/produkt\/rectangular-bag-axelremsvaska\/#primaryimage"},"thumbnailUrl":"https:\/\/www.johannagullichsen.com\/wp-content\/uploads\/2023\/05\/Johanna-Gullichsen-Rectangular-bag-Doris-black-Pablo-1.jpg","datePublished":"2023-05-19T07:03:24+00:00","dateModified":"2023-05-31T10:55:19+00:00","description":"En l\u00e4tt och praktisk axelremsv\u00e4ska med rektangul\u00e4rt botten. V\u00e4skan har en justerbar rem och en innerficka med blixtl\u00e5s. Ekologisk bomull.","breadcrumb":{"@id":"https:\/\/www.johannagullichsen.com\/sv\/produkt\/rectangular-bag-axelremsvaska\/#breadcrumb"},"inLanguage":"sv-SE","potentialAction":[{"@type":"ReadAction","target":["https:\/\/www.johannagullichsen.com\/sv\/produkt\/rectangular-bag-axelremsvaska\/"]}]},{"@type":"ImageObject","inLanguage":"sv-SE","@id":"https:\/\/www.johannagullichsen.com\/sv\/produkt\/rectangular-bag-axelremsvaska\/#primaryimage","url":"https:\/\/www.johannagullichsen.com\/wp-content\/uploads\/2023\/05\/Johanna-Gullichsen-Rectangular-bag-Doris-black-Pablo-1.jpg","contentUrl":"https:\/\/www.johannagullichsen.com\/wp-content\/uploads\/2023\/05\/Johanna-Gullichsen-Rectangular-bag-Doris-black-Pablo-1.jpg","width":1600,"height":1200},{"@type":"BreadcrumbList","@id":"https:\/\/www.johannagullichsen.com\/sv\/produkt\/rectangular-bag-axelremsvaska\/#breadcrumb","itemListElement":[{"@type":"ListItem","position":1,"name":"Home","item":"https:\/\/www.johannagullichsen.com\/sv\/"},{"@type":"ListItem","position":2,"name":"Webbutik &#8211; Produkter","item":"https:\/\/www.johannagullichsen.com\/sv\/produkter\/"},{"@type":"ListItem","position":3,"name":"Rectangular Bag Axelremsv\u00e4ska"}]},{"@type":"WebSite","@id":"https:\/\/www.johannagullichsen.com\/sv\/#website","url":"https:\/\/www.johannagullichsen.com\/sv\/","name":"Johanna Gullichsen","description":"","potentialAction":[{"@type":"SearchAction","target":{"@type":"EntryPoint","urlTemplate":"https:\/\/www.johannagullichsen.com\/sv\/?s={search_term_string}"},"query-input":{"@type":"PropertyValueSpecification","valueRequired":true,"valueName":"search_term_string"}}],"inLanguage":"sv-SE"}]}},"_links":{"self":[{"href":"https:\/\/www.johannagullichsen.com\/sv\/wp-json\/wp\/v2\/product\/18723","targetHints":{"allow":["GET"]}}],"collection":[{"href":"https:\/\/www.johannagullichsen.com\/sv\/wp-json\/wp\/v2\/product"}],"about":[{"href":"https:\/\/www.johannagullichsen.com\/sv\/wp-json\/wp\/v2\/types\/product"}],"wp:featuredmedia":[{"embeddable":true,"href":"https:\/\/www.johannagullichsen.com\/sv\/wp-json\/wp\/v2\/media\/18663"}],"wp:attachment":[{"href":"https:\/\/www.johannagullichsen.com\/sv\/wp-json\/wp\/v2\/media?parent=18723"}],"wp:term":[{"taxonomy":"product_brand","embeddable":true,"href":"https:\/\/www.johannagullichsen.com\/sv\/wp-json\/wp\/v2\/product_brand?post=18723"},{"taxonomy":"product_cat","embeddable":true,"href":"https:\/\/www.johannagullichsen.com\/sv\/wp-json\/wp\/v2\/product_cat?post=18723"},{"taxonomy":"product_tag","embeddable":true,"href":"https:\/\/www.johannagullichsen.com\/sv\/wp-json\/wp\/v2\/product_tag?post=18723"}],"curies":[{"name":"wp","href":"https:\/\/api.w.org\/{rel}","templated":true}]}}

Rectangular Bag Axelremsväska

<h4><b class=""><span class="" lang="FI">Smart axelväska</span></b></h4>
<p>Den praktiska och lätta Rectangular Bag axelremsväskan är en lägre och lite smalare version av <a href="https://www.johannagullichsen.com/sv/produkter/accessoarer-vaskor/tetra-shoulder-bag/">Tetra Shoulder Bag</a>. Den rymmer t.ex en vattenflaska, solkräm och några små uppköp.</p>
<p>Väskan har blixtlås,  justerbar rem och en innerficka med blixtlås.</p>

<p>Smart axelväska Den praktiska och lätta Rectangular Bag axelremsväskan är en lägre och lite smalare version av Tetra Shoulder Bag. Den rymmer t.ex en vattenflaska, solkräm och några små uppköp.&hellip;</p>

<!-- This site is optimized with the Yoast SEO Premium plugin v27.2 (Yoast SEO v27.5) - https://yoast.com/product/yoast-seo-premium-wordpress/ -->
<title>Rectangular Bag Axelremsväska - Johanna Gullichsen</title>
<meta name="description" content="En lätt och praktisk axelremsväska med rektangulärt botten. Väskan har en justerbar rem och en innerficka med blixtlås. Ekologisk bomull." />
<meta name="robots" content="index, follow, max-snippet:-1, max-image-preview:large, max-video-preview:-1" />
<link rel="canonical" href="https://www.johannagullichsen.com/sv/produkt/rectangular-bag-axelremsvaska/" />
<meta property="og:locale" content="sv_SE" />
<meta property="og:type" content="article" />
<meta property="og:title" content="Rectangular Bag Axelremsväska" />
<meta property="og:description" content="En lätt och praktisk axelremsväska med rektangulärt botten. Väskan har en justerbar rem och en innerficka med blixtlås. Ekologisk bomull." />
<meta property="og:url" content="https://www.johannagullichsen.com/sv/produkt/rectangular-bag-axelremsvaska/" />
<meta property="og:site_name" content="Johanna Gullichsen" />
<meta property="article:modified_time" content="2023-05-31T10:55:19+00:00" />
<meta property="og:image" content="https://www.johannagullichsen.com/wp-content/uploads/2023/05/Johanna-Gullichsen-Rectangular-bag-Doris-straw-2.jpg" />
	<meta property="og:image:width" content="1600" />
	<meta property="og:image:height" content="1200" />
	<meta property="og:image:type" content="image/jpeg" />
<meta name="twitter:card" content="summary_large_image" />
<meta name="twitter:label1" content="Beräknad lästid" />
	<meta name="twitter:data1" content="1 minut" />
<script type="application/ld+json" class="yoast-schema-graph">{"@context":"https:\/\/schema.org","@graph":[{"@type":"WebPage","@id":"https:\/\/www.johannagullichsen.com\/sv\/produkt\/rectangular-bag-axelremsvaska\/","url":"https:\/\/www.johannagullichsen.com\/sv\/produkt\/rectangular-bag-axelremsvaska\/","name":"Rectangular Bag Axelremsväska - Johanna Gullichsen","isPartOf":{"@id":"https:\/\/www.johannagullichsen.com\/sv\/#website"},"primaryImageOfPage":{"@id":"https:\/\/www.johannagullichsen.com\/sv\/produkt\/rectangular-bag-axelremsvaska\/#primaryimage"},"image":{"@id":"https:\/\/www.johannagullichsen.com\/sv\/produkt\/rectangular-bag-axelremsvaska\/#primaryimage"},"thumbnailUrl":"https:\/\/www.johannagullichsen.com\/wp-content\/uploads\/2023\/05\/Johanna-Gullichsen-Rectangular-bag-Doris-black-Pablo-1.jpg","datePublished":"2023-05-19T07:03:24+00:00","dateModified":"2023-05-31T10:55:19+00:00","description":"En lätt och praktisk axelremsväska med rektangulärt botten. Väskan har en justerbar rem och en innerficka med blixtlås. Ekologisk bomull.","breadcrumb":{"@id":"https:\/\/www.johannagullichsen.com\/sv\/produkt\/rectangular-bag-axelremsvaska\/#breadcrumb"},"inLanguage":"sv-SE","potentialAction":[{"@type":"ReadAction","target":["https:\/\/www.johannagullichsen.com\/sv\/produkt\/rectangular-bag-axelremsvaska\/"]}]},{"@type":"ImageObject","inLanguage":"sv-SE","@id":"https:\/\/www.johannagullichsen.com\/sv\/produkt\/rectangular-bag-axelremsvaska\/#primaryimage","url":"https:\/\/www.johannagullichsen.com\/wp-content\/uploads\/2023\/05\/Johanna-Gullichsen-Rectangular-bag-Doris-black-Pablo-1.jpg","contentUrl":"https:\/\/www.johannagullichsen.com\/wp-content\/uploads\/2023\/05\/Johanna-Gullichsen-Rectangular-bag-Doris-black-Pablo-1.jpg","width":1600,"height":1200},{"@type":"BreadcrumbList","@id":"https:\/\/www.johannagullichsen.com\/sv\/produkt\/rectangular-bag-axelremsvaska\/#breadcrumb","itemListElement":[{"@type":"ListItem","position":1,"name":"Home","item":"https:\/\/www.johannagullichsen.com\/sv\/"},{"@type":"ListItem","position":2,"name":"Webbutik &#8211; Produkter","item":"https:\/\/www.johannagullichsen.com\/sv\/produkter\/"},{"@type":"ListItem","position":3,"name":"Rectangular Bag Axelremsväska"}]},{"@type":"WebSite","@id":"https:\/\/www.johannagullichsen.com\/sv\/#website","url":"https:\/\/www.johannagullichsen.com\/sv\/","name":"Johanna Gullichsen","description":"","potentialAction":[{"@type":"SearchAction","target":{"@type":"EntryPoint","urlTemplate":"https:\/\/www.johannagullichsen.com\/sv\/?s={search_term_string}"},"query-input":{"@type":"PropertyValueSpecification","valueRequired":true,"valueName":"search_term_string"}}],"inLanguage":"sv-SE"}]}</script>
<!-- / Yoast SEO Premium plugin. -->

Rectangular Bag Axelremsväska - Johanna Gullichsen

En lätt och praktisk axelremsväska med rektangulärt botten. Väskan har en justerbar rem och en innerficka med blixtlås. Ekologisk bomull.
