{"id":21267,"date":"2023-10-12T13:25:49","date_gmt":"2023-10-12T10:25:49","guid":{"rendered":"https:\/\/www.johannagullichsen.com\/?post_type=product&#038;p=21267"},"modified":"2023-10-23T15:04:39","modified_gmt":"2023-10-23T12:04:39","slug":"sanggavel-s","status":"publish","type":"product","link":"https:\/\/www.johannagullichsen.com\/sv\/produkt\/sanggavel-s\/","title":{"rendered":"S\u00e4nggavel S"},"content":{"rendered":"<h4>Dr\u00f6m s\u00f6tt<\/h4>\n<p>Den vadderade s\u00e4nggaveln placeras mellan s\u00e4ngen och v\u00e4ggen. Gaveln st\u00e5r p\u00e5 egna 9 cm h\u00f6ga ben i bj\u00f6rk.<\/p>\n<p>S\u00e4nggavlarna framst\u00e4lls alltid p\u00e5 best\u00e4llning, och d\u00e4rf\u00f6r \u00e4r leveranstiden ungef\u00e4r tre veckor. Om du inte hittar ett passande m\u00f6nster fr\u00e5n sortimentet, ta kontakt till v\u00e5r butik (<a href=\"mailto:info@johannagullichsen.com\">info@johannagullichsen.com<\/a>).<\/p>\n<p>S\u00c4NGGAVLARNA LEVERERAS ENDAST TILL FINLAND.<\/p>\n","protected":false},"excerpt":{"rendered":"<p>Dr\u00f6m s\u00f6tt Den vadderade s\u00e4nggaveln placeras mellan s\u00e4ngen och v\u00e4ggen. Gaveln st\u00e5r p\u00e5 egna 9 cm h\u00f6ga ben i bj\u00f6rk. S\u00e4nggavlarna framst\u00e4lls alltid p\u00e5 best\u00e4llning, och d\u00e4rf\u00f6r \u00e4r leveranstiden ungef\u00e4r&hellip;<\/p>\n","protected":false},"featured_media":21096,"template":"","meta":{"_acf_changed":false},"product_brand":[],"product_cat":[272],"product_tag":[],"class_list":{"0":"post-21267","1":"product","2":"type-product","3":"status-publish","4":"has-post-thumbnail","6":"product_cat-sanggavel-och-overkast","7":"pa_pattern-colour-helios-blygra","8":"pa_pattern-colour-nereus-svart-sv","9":"pa_pattern-colour-nereus-ockra","10":"pa_pattern-colour-tithonus-tegel","11":"pa_pattern-colour-tilkku-ockra","12":"pa_pattern-colour-doris-mandelgron","13":"pa_pattern-colour-tilkku-mandelgron","14":"pa_pattern-colour-doris-svart-sv","15":"pa_pattern-colour-doris-vinrod","16":"pa_pattern-colour-eos-gron","17":"pa_pattern-colour-helios-bla","18":"pa_pattern-colour-helios-mork-vinrod","19":"collection-normandie-sv","21":"first","22":"instock","23":"taxable","24":"shipping-taxable","25":"purchasable","26":"product-type-variable"},"acf":[],"yoast_head":"<!-- This site is optimized with the Yoast SEO Premium plugin v27.2 (Yoast SEO v27.2) - https:\/\/yoast.com\/product\/yoast-seo-premium-wordpress\/ -->\n<title>S\u00e4nggavel S - Johanna Gullichsen<\/title>\n<meta name=\"robots\" content=\"index, follow, max-snippet:-1, max-image-preview:large, max-video-preview:-1\" \/>\n<link rel=\"canonical\" href=\"https:\/\/www.johannagullichsen.com\/sv\/produkt\/sanggavel-s\/\" \/>\n<meta property=\"og:locale\" content=\"sv_SE\" \/>\n<meta property=\"og:type\" content=\"article\" \/>\n<meta property=\"og:title\" content=\"S\u00e4nggavel S\" \/>\n<meta property=\"og:description\" content=\"Dr\u00f6m s\u00f6tt Den vadderade s\u00e4nggaveln placeras mellan s\u00e4ngen och v\u00e4ggen. Gaveln st\u00e5r p\u00e5 egna 9 cm h\u00f6ga ben i bj\u00f6rk. S\u00e4nggavlarna framst\u00e4lls alltid p\u00e5 best\u00e4llning, och d\u00e4rf\u00f6r \u00e4r leveranstiden ungef\u00e4r&hellip;\" \/>\n<meta property=\"og:url\" content=\"https:\/\/www.johannagullichsen.com\/sv\/produkt\/sanggavel-s\/\" \/>\n<meta property=\"og:site_name\" content=\"Johanna Gullichsen\" \/>\n<meta property=\"article:modified_time\" content=\"2023-10-23T12:04:39+00:00\" \/>\n<meta property=\"og:image\" content=\"https:\/\/www.johannagullichsen.com\/wp-content\/uploads\/2023\/10\/Johanna-Gullichsen-bed-headboard-doris-almond-2.jpg\" \/>\n\t<meta property=\"og:image:width\" content=\"1600\" \/>\n\t<meta property=\"og:image:height\" content=\"1200\" \/>\n\t<meta property=\"og:image:type\" content=\"image\/jpeg\" \/>\n<meta name=\"twitter:card\" content=\"summary_large_image\" \/>\n<meta name=\"twitter:label1\" content=\"Ber\u00e4knad l\u00e4stid\" \/>\n\t<meta name=\"twitter:data1\" content=\"1 minut\" \/>\n<script type=\"application\/ld+json\" class=\"yoast-schema-graph\">{\"@context\":\"https:\/\/schema.org\",\"@graph\":[{\"@type\":\"WebPage\",\"@id\":\"https:\/\/www.johannagullichsen.com\/sv\/produkt\/sanggavel-s\/\",\"url\":\"https:\/\/www.johannagullichsen.com\/sv\/produkt\/sanggavel-s\/\",\"name\":\"S\u00e4nggavel S - Johanna Gullichsen\",\"isPartOf\":{\"@id\":\"https:\/\/www.johannagullichsen.com\/sv\/#website\"},\"primaryImageOfPage\":{\"@id\":\"https:\/\/www.johannagullichsen.com\/sv\/produkt\/sanggavel-s\/#primaryimage\"},\"image\":{\"@id\":\"https:\/\/www.johannagullichsen.com\/sv\/produkt\/sanggavel-s\/#primaryimage\"},\"thumbnailUrl\":\"https:\/\/www.johannagullichsen.com\/wp-content\/uploads\/2023\/10\/Johanna-Gullichsen-bed-headboard-doris-almond-2.jpg\",\"datePublished\":\"2023-10-12T10:25:49+00:00\",\"dateModified\":\"2023-10-23T12:04:39+00:00\",\"breadcrumb\":{\"@id\":\"https:\/\/www.johannagullichsen.com\/sv\/produkt\/sanggavel-s\/#breadcrumb\"},\"inLanguage\":\"sv-SE\",\"potentialAction\":[{\"@type\":\"ReadAction\",\"target\":[\"https:\/\/www.johannagullichsen.com\/sv\/produkt\/sanggavel-s\/\"]}]},{\"@type\":\"ImageObject\",\"inLanguage\":\"sv-SE\",\"@id\":\"https:\/\/www.johannagullichsen.com\/sv\/produkt\/sanggavel-s\/#primaryimage\",\"url\":\"https:\/\/www.johannagullichsen.com\/wp-content\/uploads\/2023\/10\/Johanna-Gullichsen-bed-headboard-doris-almond-2.jpg\",\"contentUrl\":\"https:\/\/www.johannagullichsen.com\/wp-content\/uploads\/2023\/10\/Johanna-Gullichsen-bed-headboard-doris-almond-2.jpg\",\"width\":1600,\"height\":1200},{\"@type\":\"BreadcrumbList\",\"@id\":\"https:\/\/www.johannagullichsen.com\/sv\/produkt\/sanggavel-s\/#breadcrumb\",\"itemListElement\":[{\"@type\":\"ListItem\",\"position\":1,\"name\":\"Home\",\"item\":\"https:\/\/www.johannagullichsen.com\/sv\/\"},{\"@type\":\"ListItem\",\"position\":2,\"name\":\"Webbutik &#8211; Produkter\",\"item\":\"https:\/\/www.johannagullichsen.com\/sv\/produkter\/\"},{\"@type\":\"ListItem\",\"position\":3,\"name\":\"S\u00e4nggavel S\"}]},{\"@type\":\"WebSite\",\"@id\":\"https:\/\/www.johannagullichsen.com\/sv\/#website\",\"url\":\"https:\/\/www.johannagullichsen.com\/sv\/\",\"name\":\"Johanna Gullichsen\",\"description\":\"\",\"potentialAction\":[{\"@type\":\"SearchAction\",\"target\":{\"@type\":\"EntryPoint\",\"urlTemplate\":\"https:\/\/www.johannagullichsen.com\/sv\/?s={search_term_string}\"},\"query-input\":{\"@type\":\"PropertyValueSpecification\",\"valueRequired\":true,\"valueName\":\"search_term_string\"}}],\"inLanguage\":\"sv-SE\"}]}<\/script>\n<!-- \/ Yoast SEO Premium plugin. -->","yoast_head_json":{"title":"S\u00e4nggavel S - Johanna Gullichsen","robots":{"index":"index","follow":"follow","max-snippet":"max-snippet:-1","max-image-preview":"max-image-preview:large","max-video-preview":"max-video-preview:-1"},"canonical":"https:\/\/www.johannagullichsen.com\/sv\/produkt\/sanggavel-s\/","og_locale":"sv_SE","og_type":"article","og_title":"S\u00e4nggavel S","og_description":"Dr\u00f6m s\u00f6tt Den vadderade s\u00e4nggaveln placeras mellan s\u00e4ngen och v\u00e4ggen. Gaveln st\u00e5r p\u00e5 egna 9 cm h\u00f6ga ben i bj\u00f6rk. S\u00e4nggavlarna framst\u00e4lls alltid p\u00e5 best\u00e4llning, och d\u00e4rf\u00f6r \u00e4r leveranstiden ungef\u00e4r&hellip;","og_url":"https:\/\/www.johannagullichsen.com\/sv\/produkt\/sanggavel-s\/","og_site_name":"Johanna Gullichsen","article_modified_time":"2023-10-23T12:04:39+00:00","og_image":[{"width":1600,"height":1200,"url":"https:\/\/www.johannagullichsen.com\/wp-content\/uploads\/2023\/10\/Johanna-Gullichsen-bed-headboard-doris-almond-2.jpg","type":"image\/jpeg"}],"twitter_card":"summary_large_image","twitter_misc":{"Ber\u00e4knad l\u00e4stid":"1 minut"},"schema":{"@context":"https:\/\/schema.org","@graph":[{"@type":"WebPage","@id":"https:\/\/www.johannagullichsen.com\/sv\/produkt\/sanggavel-s\/","url":"https:\/\/www.johannagullichsen.com\/sv\/produkt\/sanggavel-s\/","name":"S\u00e4nggavel S - Johanna Gullichsen","isPartOf":{"@id":"https:\/\/www.johannagullichsen.com\/sv\/#website"},"primaryImageOfPage":{"@id":"https:\/\/www.johannagullichsen.com\/sv\/produkt\/sanggavel-s\/#primaryimage"},"image":{"@id":"https:\/\/www.johannagullichsen.com\/sv\/produkt\/sanggavel-s\/#primaryimage"},"thumbnailUrl":"https:\/\/www.johannagullichsen.com\/wp-content\/uploads\/2023\/10\/Johanna-Gullichsen-bed-headboard-doris-almond-2.jpg","datePublished":"2023-10-12T10:25:49+00:00","dateModified":"2023-10-23T12:04:39+00:00","breadcrumb":{"@id":"https:\/\/www.johannagullichsen.com\/sv\/produkt\/sanggavel-s\/#breadcrumb"},"inLanguage":"sv-SE","potentialAction":[{"@type":"ReadAction","target":["https:\/\/www.johannagullichsen.com\/sv\/produkt\/sanggavel-s\/"]}]},{"@type":"ImageObject","inLanguage":"sv-SE","@id":"https:\/\/www.johannagullichsen.com\/sv\/produkt\/sanggavel-s\/#primaryimage","url":"https:\/\/www.johannagullichsen.com\/wp-content\/uploads\/2023\/10\/Johanna-Gullichsen-bed-headboard-doris-almond-2.jpg","contentUrl":"https:\/\/www.johannagullichsen.com\/wp-content\/uploads\/2023\/10\/Johanna-Gullichsen-bed-headboard-doris-almond-2.jpg","width":1600,"height":1200},{"@type":"BreadcrumbList","@id":"https:\/\/www.johannagullichsen.com\/sv\/produkt\/sanggavel-s\/#breadcrumb","itemListElement":[{"@type":"ListItem","position":1,"name":"Home","item":"https:\/\/www.johannagullichsen.com\/sv\/"},{"@type":"ListItem","position":2,"name":"Webbutik &#8211; Produkter","item":"https:\/\/www.johannagullichsen.com\/sv\/produkter\/"},{"@type":"ListItem","position":3,"name":"S\u00e4nggavel S"}]},{"@type":"WebSite","@id":"https:\/\/www.johannagullichsen.com\/sv\/#website","url":"https:\/\/www.johannagullichsen.com\/sv\/","name":"Johanna Gullichsen","description":"","potentialAction":[{"@type":"SearchAction","target":{"@type":"EntryPoint","urlTemplate":"https:\/\/www.johannagullichsen.com\/sv\/?s={search_term_string}"},"query-input":{"@type":"PropertyValueSpecification","valueRequired":true,"valueName":"search_term_string"}}],"inLanguage":"sv-SE"}]}},"_links":{"self":[{"href":"https:\/\/www.johannagullichsen.com\/sv\/wp-json\/wp\/v2\/product\/21267","targetHints":{"allow":["GET"]}}],"collection":[{"href":"https:\/\/www.johannagullichsen.com\/sv\/wp-json\/wp\/v2\/product"}],"about":[{"href":"https:\/\/www.johannagullichsen.com\/sv\/wp-json\/wp\/v2\/types\/product"}],"wp:featuredmedia":[{"embeddable":true,"href":"https:\/\/www.johannagullichsen.com\/sv\/wp-json\/wp\/v2\/media\/21096"}],"wp:attachment":[{"href":"https:\/\/www.johannagullichsen.com\/sv\/wp-json\/wp\/v2\/media?parent=21267"}],"wp:term":[{"taxonomy":"product_brand","embeddable":true,"href":"https:\/\/www.johannagullichsen.com\/sv\/wp-json\/wp\/v2\/product_brand?post=21267"},{"taxonomy":"product_cat","embeddable":true,"href":"https:\/\/www.johannagullichsen.com\/sv\/wp-json\/wp\/v2\/product_cat?post=21267"},{"taxonomy":"product_tag","embeddable":true,"href":"https:\/\/www.johannagullichsen.com\/sv\/wp-json\/wp\/v2\/product_tag?post=21267"}],"curies":[{"name":"wp","href":"https:\/\/api.w.org\/{rel}","templated":true}]}}

Sänggavel S

<h4>Dröm sött</h4>
<p>Den vadderade sänggaveln placeras mellan sängen och väggen. Gaveln står på egna 9 cm höga ben i björk.</p>
<p>Sänggavlarna framställs alltid på beställning, och därför är leveranstiden ungefär tre veckor. Om du inte hittar ett passande mönster från sortimentet, ta kontakt till vår butik (<a href="mailto:info@johannagullichsen.com">info@johannagullichsen.com</a>).</p>
<p>SÄNGGAVLARNA LEVERERAS ENDAST TILL FINLAND.</p>

<p>Dröm sött Den vadderade sänggaveln placeras mellan sängen och väggen. Gaveln står på egna 9 cm höga ben i björk. Sänggavlarna framställs alltid på beställning, och därför är leveranstiden ungefär&hellip;</p>

<!-- This site is optimized with the Yoast SEO Premium plugin v27.2 (Yoast SEO v27.2) - https://yoast.com/product/yoast-seo-premium-wordpress/ -->
<title>Sänggavel S - Johanna Gullichsen</title>
<meta name="robots" content="index, follow, max-snippet:-1, max-image-preview:large, max-video-preview:-1" />
<link rel="canonical" href="https://www.johannagullichsen.com/sv/produkt/sanggavel-s/" />
<meta property="og:locale" content="sv_SE" />
<meta property="og:type" content="article" />
<meta property="og:title" content="Sänggavel S" />
<meta property="og:description" content="Dröm sött Den vadderade sänggaveln placeras mellan sängen och väggen. Gaveln står på egna 9 cm höga ben i björk. Sänggavlarna framställs alltid på beställning, och därför är leveranstiden ungefär&hellip;" />
<meta property="og:url" content="https://www.johannagullichsen.com/sv/produkt/sanggavel-s/" />
<meta property="og:site_name" content="Johanna Gullichsen" />
<meta property="article:modified_time" content="2023-10-23T12:04:39+00:00" />
<meta property="og:image" content="https://www.johannagullichsen.com/wp-content/uploads/2023/10/Johanna-Gullichsen-bed-headboard-doris-almond-2.jpg" />
	<meta property="og:image:width" content="1600" />
	<meta property="og:image:height" content="1200" />
	<meta property="og:image:type" content="image/jpeg" />
<meta name="twitter:card" content="summary_large_image" />
<meta name="twitter:label1" content="Beräknad lästid" />
	<meta name="twitter:data1" content="1 minut" />
<script type="application/ld+json" class="yoast-schema-graph">{"@context":"https://schema.org","@graph":[{"@type":"WebPage","@id":"https://www.johannagullichsen.com/sv/produkt/sanggavel-s/","url":"https://www.johannagullichsen.com/sv/produkt/sanggavel-s/","name":"Sänggavel S - Johanna Gullichsen","isPartOf":{"@id":"https://www.johannagullichsen.com/sv/#website"},"primaryImageOfPage":{"@id":"https://www.johannagullichsen.com/sv/produkt/sanggavel-s/#primaryimage"},"image":{"@id":"https://www.johannagullichsen.com/sv/produkt/sanggavel-s/#primaryimage"},"thumbnailUrl":"https://www.johannagullichsen.com/wp-content/uploads/2023/10/Johanna-Gullichsen-bed-headboard-doris-almond-2.jpg","datePublished":"2023-10-12T10:25:49+00:00","dateModified":"2023-10-23T12:04:39+00:00","breadcrumb":{"@id":"https://www.johannagullichsen.com/sv/produkt/sanggavel-s/#breadcrumb"},"inLanguage":"sv-SE","potentialAction":[{"@type":"ReadAction","target":["https://www.johannagullichsen.com/sv/produkt/sanggavel-s/"]}]},{"@type":"ImageObject","inLanguage":"sv-SE","@id":"https://www.johannagullichsen.com/sv/produkt/sanggavel-s/#primaryimage","url":"https://www.johannagullichsen.com/wp-content/uploads/2023/10/Johanna-Gullichsen-bed-headboard-doris-almond-2.jpg","contentUrl":"https://www.johannagullichsen.com/wp-content/uploads/2023/10/Johanna-Gullichsen-bed-headboard-doris-almond-2.jpg","width":1600,"height":1200},{"@type":"BreadcrumbList","@id":"https://www.johannagullichsen.com/sv/produkt/sanggavel-s/#breadcrumb","itemListElement":[{"@type":"ListItem","position":1,"name":"Home","item":"https://www.johannagullichsen.com/sv/"},{"@type":"ListItem","position":2,"name":"Webbutik &#8211; Produkter","item":"https://www.johannagullichsen.com/sv/produkter/"},{"@type":"ListItem","position":3,"name":"Sänggavel S"}]},{"@type":"WebSite","@id":"https://www.johannagullichsen.com/sv/#website","url":"https://www.johannagullichsen.com/sv/","name":"Johanna Gullichsen","description":"","potentialAction":[{"@type":"SearchAction","target":{"@type":"EntryPoint","urlTemplate":"https://www.johannagullichsen.com/sv/?s={search_term_string}"},"query-input":{"@type":"PropertyValueSpecification","valueRequired":true,"valueName":"search_term_string"}}],"inLanguage":"sv-SE"}]}</script>
<!-- / Yoast SEO Premium plugin. -->

Sänggavel S - Johanna Gullichsen

Dröm sött Den vadderade sänggaveln placeras mellan sängen och väggen. Gaveln står på egna 9 cm höga ben i björk. Sänggavlarna framställs alltid på beställning, och därför är leveranstiden ungefär&hellip;
