{"id":5703,"date":"2020-04-14T13:52:38","date_gmt":"2020-04-14T10:52:38","guid":{"rendered":"https:\/\/www.johannagullichsen.com\/products\/okategoriserad\/basket-small\/"},"modified":"2026-03-17T08:07:18","modified_gmt":"2026-03-17T06:07:18","slug":"tygkorg-s","status":"publish","type":"product","link":"https:\/\/www.johannagullichsen.com\/sv\/produkt\/tygkorg-s\/","title":{"rendered":"Tygkorg S"},"content":{"rendered":"<h4>Vackert ordnat<\/h4>\n<p>H\u00e5ll ordning p\u00e5 dina badrumstillbeh\u00f6r eller k\u00f6kstillbeh\u00f6r med hj\u00e4lp av dessa bomullskorgar.<\/p>\n<p>F\u00e4rgning, v\u00e4vning och s\u00f6mnad i Finland.<\/p>\n","protected":false},"excerpt":{"rendered":"<p>Vackert ordnat H\u00e5ll ordning p\u00e5 dina badrumstillbeh\u00f6r eller k\u00f6kstillbeh\u00f6r med hj\u00e4lp av dessa bomullskorgar. F\u00e4rgning, v\u00e4vning och s\u00f6mnad i Finland.<\/p>\n","protected":false},"featured_media":30338,"template":"","meta":{"_acf_changed":false},"product_brand":[],"product_cat":[1989,271,268],"product_tag":[],"class_list":{"0":"post-5703","1":"product","2":"type-product","3":"status-publish","4":"has-post-thumbnail","6":"product_cat-tygkorgar","7":"product_cat-hem","8":"product_cat-till-bords","9":"pa_pattern-colour-helios-tegel","10":"pa_pattern-colour-nereus-bla","11":"pa_pattern-colour-doris-blygra","12":"pa_pattern-colour-tithonus-tegel","13":"pa_pattern-colour-helios-morkbla-sv","14":"pa_pattern-colour-nereus-vinrod","15":"pa_pattern-colour-doris-ockra","16":"pa_pattern-colour-tithonus-gron","17":"pa_pattern-colour-helios-mork-vinrod","18":"pa_pattern-colour-nereus-tegel","19":"pa_pattern-colour-doris-gul","20":"pa_pattern-colour-tithonus-blygra","21":"pa_pattern-colour-helios-morkgron","22":"pa_pattern-colour-doris-mandelgron","23":"pa_pattern-colour-nereus-morkbla","24":"pa_pattern-colour-eos-svart","25":"pa_pattern-colour-tithonus-ockra","26":"pa_pattern-colour-helios-gron","27":"pa_pattern-colour-doris-svart-sv","28":"pa_pattern-colour-nereus-morkbla-negativ","29":"pa_pattern-colour-eos-bla","30":"pa_pattern-colour-tithonus-gul","31":"pa_pattern-colour-helios-blygra","32":"pa_pattern-colour-doris-bla","33":"pa_pattern-colour-nereus-morkgron","34":"pa_pattern-colour-eos-ljus-gra","35":"pa_pattern-colour-nereus-green-sv","36":"pa_pattern-colour-helios-ockra","37":"pa_pattern-colour-doris-vinrod","38":"pa_pattern-colour-nereus-blygra","39":"pa_pattern-colour-eos-gul","40":"pa_pattern-colour-helios-lime-sv","41":"pa_pattern-colour-helios-gul","42":"pa_pattern-colour-doris-tegel","43":"pa_pattern-colour-nereus-ockra","44":"pa_pattern-colour-helios-svart","45":"pa_pattern-colour-doris-halm","46":"pa_pattern-colour-nereus-mandelgron","47":"pa_pattern-colour-doris-morkbla","48":"pa_pattern-colour-nereus-gul","49":"pa_pattern-colour-helios-bla","50":"pa_pattern-colour-nereus-svart","51":"pa_pattern-colour-doris-morkgron","52":"pa_pattern-colour-tithonus-svart","53":"pa_pattern-colour-helios-vinrod","54":"pa_pattern-colour-nereus-svart-negativ","55":"pa_pattern-colour-doris-gron","56":"pa_pattern-colour-tithonus-bla","57":"collection-normandie-sv","59":"first","60":"instock","61":"taxable","62":"shipping-taxable","63":"purchasable","64":"product-type-variable"},"acf":[],"yoast_head":"<!-- This site is optimized with the Yoast SEO Premium plugin v27.2 (Yoast SEO v27.5) - https:\/\/yoast.com\/product\/yoast-seo-premium-wordpress\/ -->\n<title>Tygkorg S - Johanna Gullichsen<\/title>\n<meta name=\"robots\" content=\"index, follow, max-snippet:-1, max-image-preview:large, max-video-preview:-1\" \/>\n<link rel=\"canonical\" href=\"https:\/\/www.johannagullichsen.com\/sv\/produkt\/tygkorg-s\/\" \/>\n<meta property=\"og:locale\" content=\"sv_SE\" \/>\n<meta property=\"og:type\" content=\"article\" \/>\n<meta property=\"og:title\" content=\"Tygkorg S\" \/>\n<meta property=\"og:description\" content=\"Vackert ordnat H\u00e5ll ordning p\u00e5 dina badrumstillbeh\u00f6r eller k\u00f6kstillbeh\u00f6r med hj\u00e4lp av dessa bomullskorgar. F\u00e4rgning, v\u00e4vning och s\u00f6mnad i Finland.\" \/>\n<meta property=\"og:url\" content=\"https:\/\/www.johannagullichsen.com\/sv\/produkt\/tygkorg-s\/\" \/>\n<meta property=\"og:site_name\" content=\"Johanna Gullichsen\" \/>\n<meta property=\"article:modified_time\" content=\"2026-03-17T06:07:18+00:00\" \/>\n<meta property=\"og:image\" content=\"https:\/\/www.johannagullichsen.com\/wp-content\/uploads\/2020\/04\/Johanna-Gullichsen-fabric-basket-S-Eos-black.jpg\" \/>\n\t<meta property=\"og:image:width\" content=\"1600\" \/>\n\t<meta property=\"og:image:height\" content=\"1200\" \/>\n\t<meta property=\"og:image:type\" content=\"image\/jpeg\" \/>\n<meta name=\"twitter:card\" content=\"summary_large_image\" \/>\n<meta name=\"twitter:label1\" content=\"Ber\u00e4knad l\u00e4stid\" \/>\n\t<meta name=\"twitter:data1\" content=\"1 minut\" \/>\n<script type=\"application\/ld+json\" class=\"yoast-schema-graph\">{\"@context\":\"https:\\\/\\\/schema.org\",\"@graph\":[{\"@type\":\"WebPage\",\"@id\":\"https:\\\/\\\/www.johannagullichsen.com\\\/sv\\\/produkt\\\/tygkorg-s\\\/\",\"url\":\"https:\\\/\\\/www.johannagullichsen.com\\\/sv\\\/produkt\\\/tygkorg-s\\\/\",\"name\":\"Tygkorg S - Johanna Gullichsen\",\"isPartOf\":{\"@id\":\"https:\\\/\\\/www.johannagullichsen.com\\\/sv\\\/#website\"},\"primaryImageOfPage\":{\"@id\":\"https:\\\/\\\/www.johannagullichsen.com\\\/sv\\\/produkt\\\/tygkorg-s\\\/#primaryimage\"},\"image\":{\"@id\":\"https:\\\/\\\/www.johannagullichsen.com\\\/sv\\\/produkt\\\/tygkorg-s\\\/#primaryimage\"},\"thumbnailUrl\":\"https:\\\/\\\/www.johannagullichsen.com\\\/wp-content\\\/uploads\\\/2020\\\/04\\\/Johanna-Gullichsen-fabric-basket-S-Eos-black.jpg\",\"datePublished\":\"2020-04-14T10:52:38+00:00\",\"dateModified\":\"2026-03-17T06:07:18+00:00\",\"breadcrumb\":{\"@id\":\"https:\\\/\\\/www.johannagullichsen.com\\\/sv\\\/produkt\\\/tygkorg-s\\\/#breadcrumb\"},\"inLanguage\":\"sv-SE\",\"potentialAction\":[{\"@type\":\"ReadAction\",\"target\":[\"https:\\\/\\\/www.johannagullichsen.com\\\/sv\\\/produkt\\\/tygkorg-s\\\/\"]}]},{\"@type\":\"ImageObject\",\"inLanguage\":\"sv-SE\",\"@id\":\"https:\\\/\\\/www.johannagullichsen.com\\\/sv\\\/produkt\\\/tygkorg-s\\\/#primaryimage\",\"url\":\"https:\\\/\\\/www.johannagullichsen.com\\\/wp-content\\\/uploads\\\/2020\\\/04\\\/Johanna-Gullichsen-fabric-basket-S-Eos-black.jpg\",\"contentUrl\":\"https:\\\/\\\/www.johannagullichsen.com\\\/wp-content\\\/uploads\\\/2020\\\/04\\\/Johanna-Gullichsen-fabric-basket-S-Eos-black.jpg\",\"width\":1600,\"height\":1200},{\"@type\":\"BreadcrumbList\",\"@id\":\"https:\\\/\\\/www.johannagullichsen.com\\\/sv\\\/produkt\\\/tygkorg-s\\\/#breadcrumb\",\"itemListElement\":[{\"@type\":\"ListItem\",\"position\":1,\"name\":\"Home\",\"item\":\"https:\\\/\\\/www.johannagullichsen.com\\\/sv\\\/\"},{\"@type\":\"ListItem\",\"position\":2,\"name\":\"Webbutik &#8211; Produkter\",\"item\":\"https:\\\/\\\/www.johannagullichsen.com\\\/sv\\\/produkter\\\/\"},{\"@type\":\"ListItem\",\"position\":3,\"name\":\"Tygkorg S\"}]},{\"@type\":\"WebSite\",\"@id\":\"https:\\\/\\\/www.johannagullichsen.com\\\/sv\\\/#website\",\"url\":\"https:\\\/\\\/www.johannagullichsen.com\\\/sv\\\/\",\"name\":\"Johanna Gullichsen\",\"description\":\"\",\"potentialAction\":[{\"@type\":\"SearchAction\",\"target\":{\"@type\":\"EntryPoint\",\"urlTemplate\":\"https:\\\/\\\/www.johannagullichsen.com\\\/sv\\\/?s={search_term_string}\"},\"query-input\":{\"@type\":\"PropertyValueSpecification\",\"valueRequired\":true,\"valueName\":\"search_term_string\"}}],\"inLanguage\":\"sv-SE\"}]}<\/script>\n<!-- \/ Yoast SEO Premium plugin. -->","yoast_head_json":{"title":"Tygkorg S - Johanna Gullichsen","robots":{"index":"index","follow":"follow","max-snippet":"max-snippet:-1","max-image-preview":"max-image-preview:large","max-video-preview":"max-video-preview:-1"},"canonical":"https:\/\/www.johannagullichsen.com\/sv\/produkt\/tygkorg-s\/","og_locale":"sv_SE","og_type":"article","og_title":"Tygkorg S","og_description":"Vackert ordnat H\u00e5ll ordning p\u00e5 dina badrumstillbeh\u00f6r eller k\u00f6kstillbeh\u00f6r med hj\u00e4lp av dessa bomullskorgar. F\u00e4rgning, v\u00e4vning och s\u00f6mnad i Finland.","og_url":"https:\/\/www.johannagullichsen.com\/sv\/produkt\/tygkorg-s\/","og_site_name":"Johanna Gullichsen","article_modified_time":"2026-03-17T06:07:18+00:00","og_image":[{"width":1600,"height":1200,"url":"https:\/\/www.johannagullichsen.com\/wp-content\/uploads\/2020\/04\/Johanna-Gullichsen-fabric-basket-S-Eos-black.jpg","type":"image\/jpeg"}],"twitter_card":"summary_large_image","twitter_misc":{"Ber\u00e4knad l\u00e4stid":"1 minut"},"schema":{"@context":"https:\/\/schema.org","@graph":[{"@type":"WebPage","@id":"https:\/\/www.johannagullichsen.com\/sv\/produkt\/tygkorg-s\/","url":"https:\/\/www.johannagullichsen.com\/sv\/produkt\/tygkorg-s\/","name":"Tygkorg S - Johanna Gullichsen","isPartOf":{"@id":"https:\/\/www.johannagullichsen.com\/sv\/#website"},"primaryImageOfPage":{"@id":"https:\/\/www.johannagullichsen.com\/sv\/produkt\/tygkorg-s\/#primaryimage"},"image":{"@id":"https:\/\/www.johannagullichsen.com\/sv\/produkt\/tygkorg-s\/#primaryimage"},"thumbnailUrl":"https:\/\/www.johannagullichsen.com\/wp-content\/uploads\/2020\/04\/Johanna-Gullichsen-fabric-basket-S-Eos-black.jpg","datePublished":"2020-04-14T10:52:38+00:00","dateModified":"2026-03-17T06:07:18+00:00","breadcrumb":{"@id":"https:\/\/www.johannagullichsen.com\/sv\/produkt\/tygkorg-s\/#breadcrumb"},"inLanguage":"sv-SE","potentialAction":[{"@type":"ReadAction","target":["https:\/\/www.johannagullichsen.com\/sv\/produkt\/tygkorg-s\/"]}]},{"@type":"ImageObject","inLanguage":"sv-SE","@id":"https:\/\/www.johannagullichsen.com\/sv\/produkt\/tygkorg-s\/#primaryimage","url":"https:\/\/www.johannagullichsen.com\/wp-content\/uploads\/2020\/04\/Johanna-Gullichsen-fabric-basket-S-Eos-black.jpg","contentUrl":"https:\/\/www.johannagullichsen.com\/wp-content\/uploads\/2020\/04\/Johanna-Gullichsen-fabric-basket-S-Eos-black.jpg","width":1600,"height":1200},{"@type":"BreadcrumbList","@id":"https:\/\/www.johannagullichsen.com\/sv\/produkt\/tygkorg-s\/#breadcrumb","itemListElement":[{"@type":"ListItem","position":1,"name":"Home","item":"https:\/\/www.johannagullichsen.com\/sv\/"},{"@type":"ListItem","position":2,"name":"Webbutik &#8211; Produkter","item":"https:\/\/www.johannagullichsen.com\/sv\/produkter\/"},{"@type":"ListItem","position":3,"name":"Tygkorg S"}]},{"@type":"WebSite","@id":"https:\/\/www.johannagullichsen.com\/sv\/#website","url":"https:\/\/www.johannagullichsen.com\/sv\/","name":"Johanna Gullichsen","description":"","potentialAction":[{"@type":"SearchAction","target":{"@type":"EntryPoint","urlTemplate":"https:\/\/www.johannagullichsen.com\/sv\/?s={search_term_string}"},"query-input":{"@type":"PropertyValueSpecification","valueRequired":true,"valueName":"search_term_string"}}],"inLanguage":"sv-SE"}]}},"_links":{"self":[{"href":"https:\/\/www.johannagullichsen.com\/sv\/wp-json\/wp\/v2\/product\/5703","targetHints":{"allow":["GET"]}}],"collection":[{"href":"https:\/\/www.johannagullichsen.com\/sv\/wp-json\/wp\/v2\/product"}],"about":[{"href":"https:\/\/www.johannagullichsen.com\/sv\/wp-json\/wp\/v2\/types\/product"}],"wp:featuredmedia":[{"embeddable":true,"href":"https:\/\/www.johannagullichsen.com\/sv\/wp-json\/wp\/v2\/media\/30338"}],"wp:attachment":[{"href":"https:\/\/www.johannagullichsen.com\/sv\/wp-json\/wp\/v2\/media?parent=5703"}],"wp:term":[{"taxonomy":"product_brand","embeddable":true,"href":"https:\/\/www.johannagullichsen.com\/sv\/wp-json\/wp\/v2\/product_brand?post=5703"},{"taxonomy":"product_cat","embeddable":true,"href":"https:\/\/www.johannagullichsen.com\/sv\/wp-json\/wp\/v2\/product_cat?post=5703"},{"taxonomy":"product_tag","embeddable":true,"href":"https:\/\/www.johannagullichsen.com\/sv\/wp-json\/wp\/v2\/product_tag?post=5703"}],"curies":[{"name":"wp","href":"https:\/\/api.w.org\/{rel}","templated":true}]}}

<h4>Vackert ordnat</h4>
<p>Håll ordning på dina badrumstillbehör eller kökstillbehör med hjälp av dessa bomullskorgar.</p>
<p>Färgning, vävning och sömnad i Finland.</p>

<p>Vackert ordnat Håll ordning på dina badrumstillbehör eller kökstillbehör med hjälp av dessa bomullskorgar. Färgning, vävning och sömnad i Finland.</p>

<!-- This site is optimized with the Yoast SEO Premium plugin v27.2 (Yoast SEO v27.5) - https://yoast.com/product/yoast-seo-premium-wordpress/ -->
<title>Tygkorg S - Johanna Gullichsen</title>
<meta name="robots" content="index, follow, max-snippet:-1, max-image-preview:large, max-video-preview:-1" />
<link rel="canonical" href="https://www.johannagullichsen.com/sv/produkt/tygkorg-s/" />
<meta property="og:locale" content="sv_SE" />
<meta property="og:type" content="article" />
<meta property="og:title" content="Tygkorg S" />
<meta property="og:description" content="Vackert ordnat Håll ordning på dina badrumstillbehör eller kökstillbehör med hjälp av dessa bomullskorgar. Färgning, vävning och sömnad i Finland." />
<meta property="og:url" content="https://www.johannagullichsen.com/sv/produkt/tygkorg-s/" />
<meta property="og:site_name" content="Johanna Gullichsen" />
<meta property="article:modified_time" content="2026-03-17T06:07:18+00:00" />
<meta property="og:image" content="https://www.johannagullichsen.com/wp-content/uploads/2020/04/Johanna-Gullichsen-fabric-basket-S-Eos-black.jpg" />
	<meta property="og:image:width" content="1600" />
	<meta property="og:image:height" content="1200" />
	<meta property="og:image:type" content="image/jpeg" />
<meta name="twitter:card" content="summary_large_image" />
<meta name="twitter:label1" content="Beräknad lästid" />
	<meta name="twitter:data1" content="1 minut" />
<script type="application/ld+json" class="yoast-schema-graph">{"@context":"https:\/\/schema.org","@graph":[{"@type":"WebPage","@id":"https:\/\/www.johannagullichsen.com\/sv\/produkt\/tygkorg-s\/","url":"https:\/\/www.johannagullichsen.com\/sv\/produkt\/tygkorg-s\/","name":"Tygkorg S - Johanna Gullichsen","isPartOf":{"@id":"https:\/\/www.johannagullichsen.com\/sv\/#website"},"primaryImageOfPage":{"@id":"https:\/\/www.johannagullichsen.com\/sv\/produkt\/tygkorg-s\/#primaryimage"},"image":{"@id":"https:\/\/www.johannagullichsen.com\/sv\/produkt\/tygkorg-s\/#primaryimage"},"thumbnailUrl":"https:\/\/www.johannagullichsen.com\/wp-content\/uploads\/2020\/04\/Johanna-Gullichsen-fabric-basket-S-Eos-black.jpg","datePublished":"2020-04-14T10:52:38+00:00","dateModified":"2026-03-17T06:07:18+00:00","breadcrumb":{"@id":"https:\/\/www.johannagullichsen.com\/sv\/produkt\/tygkorg-s\/#breadcrumb"},"inLanguage":"sv-SE","potentialAction":[{"@type":"ReadAction","target":["https:\/\/www.johannagullichsen.com\/sv\/produkt\/tygkorg-s\/"]}]},{"@type":"ImageObject","inLanguage":"sv-SE","@id":"https:\/\/www.johannagullichsen.com\/sv\/produkt\/tygkorg-s\/#primaryimage","url":"https:\/\/www.johannagullichsen.com\/wp-content\/uploads\/2020\/04\/Johanna-Gullichsen-fabric-basket-S-Eos-black.jpg","contentUrl":"https:\/\/www.johannagullichsen.com\/wp-content\/uploads\/2020\/04\/Johanna-Gullichsen-fabric-basket-S-Eos-black.jpg","width":1600,"height":1200},{"@type":"BreadcrumbList","@id":"https:\/\/www.johannagullichsen.com\/sv\/produkt\/tygkorg-s\/#breadcrumb","itemListElement":[{"@type":"ListItem","position":1,"name":"Home","item":"https:\/\/www.johannagullichsen.com\/sv\/"},{"@type":"ListItem","position":2,"name":"Webbutik &#8211; Produkter","item":"https:\/\/www.johannagullichsen.com\/sv\/produkter\/"},{"@type":"ListItem","position":3,"name":"Tygkorg S"}]},{"@type":"WebSite","@id":"https:\/\/www.johannagullichsen.com\/sv\/#website","url":"https:\/\/www.johannagullichsen.com\/sv\/","name":"Johanna Gullichsen","description":"","potentialAction":[{"@type":"SearchAction","target":{"@type":"EntryPoint","urlTemplate":"https:\/\/www.johannagullichsen.com\/sv\/?s={search_term_string}"},"query-input":{"@type":"PropertyValueSpecification","valueRequired":true,"valueName":"search_term_string"}}],"inLanguage":"sv-SE"}]}</script>
<!-- / Yoast SEO Premium plugin. -->

Vackert ordnat Håll ordning på dina badrumstillbehör eller kökstillbehör med hjälp av dessa bomullskorgar. Färgning, vävning och sömnad i Finland.
