{"id":6688,"date":"2020-04-27T13:02:15","date_gmt":"2020-04-27T10:02:15","guid":{"rendered":"https:\/\/www.johannagullichsen.com\/products\/okategoriserad\/macbook-13-air-sleeve\/"},"modified":"2021-02-03T16:47:29","modified_gmt":"2021-02-03T14:47:29","slug":"fodral-for-laptop-13","status":"publish","type":"product","link":"https:\/\/www.johannagullichsen.com\/sv\/produkt\/fodral-for-laptop-13\/","title":{"rendered":"Fodral f\u00f6r laptop 13&#8243;"},"content":{"rendered":"<h4>Skydda din b\u00e4rbara dator !<\/h4>\n<p>Ett fodral f\u00f6r din b\u00e4rbara dator med mjuk vaddering och blixtl\u00e5s.<\/p>\n","protected":false},"excerpt":{"rendered":"<p>Skydda din b\u00e4rbara dator ! Ett fodral f\u00f6r din b\u00e4rbara dator med mjuk vaddering och blixtl\u00e5s.<\/p>\n","protected":false},"featured_media":10498,"template":"","meta":{"_acf_changed":false},"product_brand":[],"product_cat":[269,1992,1994],"product_tag":[],"class_list":{"0":"post-6688","1":"product","2":"type-product","3":"status-publish","4":"has-post-thumbnail","6":"product_cat-accessoarer-vaskor","7":"product_cat-necessarer-och-borsar","8":"product_cat-dator-fodral","9":"pa_pattern-colour-doris-blygra","10":"pa_pattern-colour-helios-mandelgron","11":"pa_pattern-colour-doris-ockra","12":"pa_pattern-colour-helios-svart","13":"pa_pattern-colour-doris-gul","14":"pa_pattern-colour-helios-tegel","15":"pa_pattern-colour-eos-svart","16":"pa_pattern-colour-helios-morkbla-sv","17":"pa_pattern-colour-doris-mandelgron","18":"pa_pattern-colour-eos-bla","19":"pa_pattern-colour-helios-blygra","20":"pa_pattern-colour-doris-svart-sv","21":"pa_pattern-colour-eos-vinrod","22":"pa_pattern-colour-helios-ockra","23":"pa_pattern-colour-doris-bla","24":"pa_pattern-colour-eos-gron","25":"pa_pattern-colour-tithonus-svart","26":"pa_pattern-colour-doris-vinrod","27":"pa_pattern-colour-eos-gra","28":"pa_pattern-colour-tithonus-blygra","29":"pa_pattern-colour-doris-morkbla","30":"pa_pattern-colour-eos-blygra","31":"pa_pattern-colour-eos-morkbla-sv","32":"pa_pattern-colour-doris-morkgron","33":"pa_pattern-colour-eos-ljus-gra","34":"pa_pattern-colour-doris-gron","35":"pa_pattern-colour-eos-gul","36":"collection-normandie-sv","38":"first","39":"instock","40":"taxable","41":"shipping-taxable","42":"purchasable","43":"product-type-variable","44":"has-default-attributes"},"acf":[],"yoast_head":"<!-- This site is optimized with the Yoast SEO Premium plugin v27.2 (Yoast SEO v27.5) - https:\/\/yoast.com\/product\/yoast-seo-premium-wordpress\/ -->\n<title>Fodral f\u00f6r laptop 13&quot; - Johanna Gullichsen<\/title>\n<meta name=\"description\" content=\"Ett fodral f\u00f6r din b\u00e4rbara dator med mjuk vaddering och blixtl\u00e5s. Fodralet skyddar din dator mor repor och slag.\" \/>\n<meta name=\"robots\" content=\"index, follow, max-snippet:-1, max-image-preview:large, max-video-preview:-1\" \/>\n<link rel=\"canonical\" href=\"https:\/\/www.johannagullichsen.com\/sv\/produkt\/fodral-for-laptop-13\/\" \/>\n<meta property=\"og:locale\" content=\"sv_SE\" \/>\n<meta property=\"og:type\" content=\"article\" \/>\n<meta property=\"og:title\" content=\"Fodral f\u00f6r laptop 13&quot;\" \/>\n<meta property=\"og:description\" content=\"Ett fodral f\u00f6r din b\u00e4rbara dator med mjuk vaddering och blixtl\u00e5s. Fodralet skyddar din dator mor repor och slag.\" \/>\n<meta property=\"og:url\" content=\"https:\/\/www.johannagullichsen.com\/sv\/produkt\/fodral-for-laptop-13\/\" \/>\n<meta property=\"og:site_name\" content=\"Johanna Gullichsen\" \/>\n<meta property=\"article:modified_time\" content=\"2021-02-03T14:47:29+00:00\" \/>\n<meta property=\"og:image\" content=\"https:\/\/www.johannagullichsen.com\/wp-content\/uploads\/2020\/04\/Johanna-Gullichsen-Imac13-Sleeve-Helios-ochre-1.jpg\" \/>\n\t<meta property=\"og:image:width\" content=\"1600\" \/>\n\t<meta property=\"og:image:height\" content=\"1200\" \/>\n\t<meta property=\"og:image:type\" content=\"image\/jpeg\" \/>\n<meta name=\"twitter:card\" content=\"summary_large_image\" \/>\n<meta name=\"twitter:label1\" content=\"Ber\u00e4knad l\u00e4stid\" \/>\n\t<meta name=\"twitter:data1\" content=\"1 minut\" \/>\n<script type=\"application\/ld+json\" class=\"yoast-schema-graph\">{\"@context\":\"https:\\\/\\\/schema.org\",\"@graph\":[{\"@type\":\"WebPage\",\"@id\":\"https:\\\/\\\/www.johannagullichsen.com\\\/sv\\\/produkt\\\/fodral-for-laptop-13\\\/\",\"url\":\"https:\\\/\\\/www.johannagullichsen.com\\\/sv\\\/produkt\\\/fodral-for-laptop-13\\\/\",\"name\":\"Fodral f\u00f6r laptop 13\\\" - Johanna Gullichsen\",\"isPartOf\":{\"@id\":\"https:\\\/\\\/www.johannagullichsen.com\\\/sv\\\/#website\"},\"primaryImageOfPage\":{\"@id\":\"https:\\\/\\\/www.johannagullichsen.com\\\/sv\\\/produkt\\\/fodral-for-laptop-13\\\/#primaryimage\"},\"image\":{\"@id\":\"https:\\\/\\\/www.johannagullichsen.com\\\/sv\\\/produkt\\\/fodral-for-laptop-13\\\/#primaryimage\"},\"thumbnailUrl\":\"https:\\\/\\\/www.johannagullichsen.com\\\/wp-content\\\/uploads\\\/2020\\\/04\\\/Johanna-Gullichsen-Imac13-Sleeve-Helios-ochre-1.jpg\",\"datePublished\":\"2020-04-27T10:02:15+00:00\",\"dateModified\":\"2021-02-03T14:47:29+00:00\",\"description\":\"Ett fodral f\u00f6r din b\u00e4rbara dator med mjuk vaddering och blixtl\u00e5s. Fodralet skyddar din dator mor repor och slag.\",\"breadcrumb\":{\"@id\":\"https:\\\/\\\/www.johannagullichsen.com\\\/sv\\\/produkt\\\/fodral-for-laptop-13\\\/#breadcrumb\"},\"inLanguage\":\"sv-SE\",\"potentialAction\":[{\"@type\":\"ReadAction\",\"target\":[\"https:\\\/\\\/www.johannagullichsen.com\\\/sv\\\/produkt\\\/fodral-for-laptop-13\\\/\"]}]},{\"@type\":\"ImageObject\",\"inLanguage\":\"sv-SE\",\"@id\":\"https:\\\/\\\/www.johannagullichsen.com\\\/sv\\\/produkt\\\/fodral-for-laptop-13\\\/#primaryimage\",\"url\":\"https:\\\/\\\/www.johannagullichsen.com\\\/wp-content\\\/uploads\\\/2020\\\/04\\\/Johanna-Gullichsen-Imac13-Sleeve-Helios-ochre-1.jpg\",\"contentUrl\":\"https:\\\/\\\/www.johannagullichsen.com\\\/wp-content\\\/uploads\\\/2020\\\/04\\\/Johanna-Gullichsen-Imac13-Sleeve-Helios-ochre-1.jpg\",\"width\":1600,\"height\":1200},{\"@type\":\"BreadcrumbList\",\"@id\":\"https:\\\/\\\/www.johannagullichsen.com\\\/sv\\\/produkt\\\/fodral-for-laptop-13\\\/#breadcrumb\",\"itemListElement\":[{\"@type\":\"ListItem\",\"position\":1,\"name\":\"Home\",\"item\":\"https:\\\/\\\/www.johannagullichsen.com\\\/sv\\\/\"},{\"@type\":\"ListItem\",\"position\":2,\"name\":\"Webbutik &#8211; Produkter\",\"item\":\"https:\\\/\\\/www.johannagullichsen.com\\\/sv\\\/produkter\\\/\"},{\"@type\":\"ListItem\",\"position\":3,\"name\":\"Fodral f\u00f6r laptop 13&#8243;\"}]},{\"@type\":\"WebSite\",\"@id\":\"https:\\\/\\\/www.johannagullichsen.com\\\/sv\\\/#website\",\"url\":\"https:\\\/\\\/www.johannagullichsen.com\\\/sv\\\/\",\"name\":\"Johanna Gullichsen\",\"description\":\"\",\"potentialAction\":[{\"@type\":\"SearchAction\",\"target\":{\"@type\":\"EntryPoint\",\"urlTemplate\":\"https:\\\/\\\/www.johannagullichsen.com\\\/sv\\\/?s={search_term_string}\"},\"query-input\":{\"@type\":\"PropertyValueSpecification\",\"valueRequired\":true,\"valueName\":\"search_term_string\"}}],\"inLanguage\":\"sv-SE\"}]}<\/script>\n<!-- \/ Yoast SEO Premium plugin. -->","yoast_head_json":{"title":"Fodral f\u00f6r laptop 13\" - Johanna Gullichsen","description":"Ett fodral f\u00f6r din b\u00e4rbara dator med mjuk vaddering och blixtl\u00e5s. Fodralet skyddar din dator mor repor och slag.","robots":{"index":"index","follow":"follow","max-snippet":"max-snippet:-1","max-image-preview":"max-image-preview:large","max-video-preview":"max-video-preview:-1"},"canonical":"https:\/\/www.johannagullichsen.com\/sv\/produkt\/fodral-for-laptop-13\/","og_locale":"sv_SE","og_type":"article","og_title":"Fodral f\u00f6r laptop 13\"","og_description":"Ett fodral f\u00f6r din b\u00e4rbara dator med mjuk vaddering och blixtl\u00e5s. Fodralet skyddar din dator mor repor och slag.","og_url":"https:\/\/www.johannagullichsen.com\/sv\/produkt\/fodral-for-laptop-13\/","og_site_name":"Johanna Gullichsen","article_modified_time":"2021-02-03T14:47:29+00:00","og_image":[{"width":1600,"height":1200,"url":"https:\/\/www.johannagullichsen.com\/wp-content\/uploads\/2020\/04\/Johanna-Gullichsen-Imac13-Sleeve-Helios-ochre-1.jpg","type":"image\/jpeg"}],"twitter_card":"summary_large_image","twitter_misc":{"Ber\u00e4knad l\u00e4stid":"1 minut"},"schema":{"@context":"https:\/\/schema.org","@graph":[{"@type":"WebPage","@id":"https:\/\/www.johannagullichsen.com\/sv\/produkt\/fodral-for-laptop-13\/","url":"https:\/\/www.johannagullichsen.com\/sv\/produkt\/fodral-for-laptop-13\/","name":"Fodral f\u00f6r laptop 13\" - Johanna Gullichsen","isPartOf":{"@id":"https:\/\/www.johannagullichsen.com\/sv\/#website"},"primaryImageOfPage":{"@id":"https:\/\/www.johannagullichsen.com\/sv\/produkt\/fodral-for-laptop-13\/#primaryimage"},"image":{"@id":"https:\/\/www.johannagullichsen.com\/sv\/produkt\/fodral-for-laptop-13\/#primaryimage"},"thumbnailUrl":"https:\/\/www.johannagullichsen.com\/wp-content\/uploads\/2020\/04\/Johanna-Gullichsen-Imac13-Sleeve-Helios-ochre-1.jpg","datePublished":"2020-04-27T10:02:15+00:00","dateModified":"2021-02-03T14:47:29+00:00","description":"Ett fodral f\u00f6r din b\u00e4rbara dator med mjuk vaddering och blixtl\u00e5s. Fodralet skyddar din dator mor repor och slag.","breadcrumb":{"@id":"https:\/\/www.johannagullichsen.com\/sv\/produkt\/fodral-for-laptop-13\/#breadcrumb"},"inLanguage":"sv-SE","potentialAction":[{"@type":"ReadAction","target":["https:\/\/www.johannagullichsen.com\/sv\/produkt\/fodral-for-laptop-13\/"]}]},{"@type":"ImageObject","inLanguage":"sv-SE","@id":"https:\/\/www.johannagullichsen.com\/sv\/produkt\/fodral-for-laptop-13\/#primaryimage","url":"https:\/\/www.johannagullichsen.com\/wp-content\/uploads\/2020\/04\/Johanna-Gullichsen-Imac13-Sleeve-Helios-ochre-1.jpg","contentUrl":"https:\/\/www.johannagullichsen.com\/wp-content\/uploads\/2020\/04\/Johanna-Gullichsen-Imac13-Sleeve-Helios-ochre-1.jpg","width":1600,"height":1200},{"@type":"BreadcrumbList","@id":"https:\/\/www.johannagullichsen.com\/sv\/produkt\/fodral-for-laptop-13\/#breadcrumb","itemListElement":[{"@type":"ListItem","position":1,"name":"Home","item":"https:\/\/www.johannagullichsen.com\/sv\/"},{"@type":"ListItem","position":2,"name":"Webbutik &#8211; Produkter","item":"https:\/\/www.johannagullichsen.com\/sv\/produkter\/"},{"@type":"ListItem","position":3,"name":"Fodral f\u00f6r laptop 13&#8243;"}]},{"@type":"WebSite","@id":"https:\/\/www.johannagullichsen.com\/sv\/#website","url":"https:\/\/www.johannagullichsen.com\/sv\/","name":"Johanna Gullichsen","description":"","potentialAction":[{"@type":"SearchAction","target":{"@type":"EntryPoint","urlTemplate":"https:\/\/www.johannagullichsen.com\/sv\/?s={search_term_string}"},"query-input":{"@type":"PropertyValueSpecification","valueRequired":true,"valueName":"search_term_string"}}],"inLanguage":"sv-SE"}]}},"_links":{"self":[{"href":"https:\/\/www.johannagullichsen.com\/sv\/wp-json\/wp\/v2\/product\/6688","targetHints":{"allow":["GET"]}}],"collection":[{"href":"https:\/\/www.johannagullichsen.com\/sv\/wp-json\/wp\/v2\/product"}],"about":[{"href":"https:\/\/www.johannagullichsen.com\/sv\/wp-json\/wp\/v2\/types\/product"}],"wp:featuredmedia":[{"embeddable":true,"href":"https:\/\/www.johannagullichsen.com\/sv\/wp-json\/wp\/v2\/media\/10498"}],"wp:attachment":[{"href":"https:\/\/www.johannagullichsen.com\/sv\/wp-json\/wp\/v2\/media?parent=6688"}],"wp:term":[{"taxonomy":"product_brand","embeddable":true,"href":"https:\/\/www.johannagullichsen.com\/sv\/wp-json\/wp\/v2\/product_brand?post=6688"},{"taxonomy":"product_cat","embeddable":true,"href":"https:\/\/www.johannagullichsen.com\/sv\/wp-json\/wp\/v2\/product_cat?post=6688"},{"taxonomy":"product_tag","embeddable":true,"href":"https:\/\/www.johannagullichsen.com\/sv\/wp-json\/wp\/v2\/product_tag?post=6688"}],"curies":[{"name":"wp","href":"https:\/\/api.w.org\/{rel}","templated":true}]}}

Fodral för laptop 13&#8243;

<h4>Skydda din bärbara dator !</h4>
<p>Ett fodral för din bärbara dator med mjuk vaddering och blixtlås.</p>

<p>Skydda din bärbara dator ! Ett fodral för din bärbara dator med mjuk vaddering och blixtlås.</p>

<!-- This site is optimized with the Yoast SEO Premium plugin v27.2 (Yoast SEO v27.5) - https://yoast.com/product/yoast-seo-premium-wordpress/ -->
<title>Fodral för laptop 13&quot; - Johanna Gullichsen</title>
<meta name="description" content="Ett fodral för din bärbara dator med mjuk vaddering och blixtlås. Fodralet skyddar din dator mor repor och slag." />
<meta name="robots" content="index, follow, max-snippet:-1, max-image-preview:large, max-video-preview:-1" />
<link rel="canonical" href="https://www.johannagullichsen.com/sv/produkt/fodral-for-laptop-13/" />
<meta property="og:locale" content="sv_SE" />
<meta property="og:type" content="article" />
<meta property="og:title" content="Fodral för laptop 13&quot;" />
<meta property="og:description" content="Ett fodral för din bärbara dator med mjuk vaddering och blixtlås. Fodralet skyddar din dator mor repor och slag." />
<meta property="og:url" content="https://www.johannagullichsen.com/sv/produkt/fodral-for-laptop-13/" />
<meta property="og:site_name" content="Johanna Gullichsen" />
<meta property="article:modified_time" content="2021-02-03T14:47:29+00:00" />
<meta property="og:image" content="https://www.johannagullichsen.com/wp-content/uploads/2020/04/Johanna-Gullichsen-Imac13-Sleeve-Helios-ochre-1.jpg" />
	<meta property="og:image:width" content="1600" />
	<meta property="og:image:height" content="1200" />
	<meta property="og:image:type" content="image/jpeg" />
<meta name="twitter:card" content="summary_large_image" />
<meta name="twitter:label1" content="Beräknad lästid" />
	<meta name="twitter:data1" content="1 minut" />
<script type="application/ld+json" class="yoast-schema-graph">{"@context":"https:\/\/schema.org","@graph":[{"@type":"WebPage","@id":"https:\/\/www.johannagullichsen.com\/sv\/produkt\/fodral-for-laptop-13\/","url":"https:\/\/www.johannagullichsen.com\/sv\/produkt\/fodral-for-laptop-13\/","name":"Fodral för laptop 13\" - Johanna Gullichsen","isPartOf":{"@id":"https:\/\/www.johannagullichsen.com\/sv\/#website"},"primaryImageOfPage":{"@id":"https:\/\/www.johannagullichsen.com\/sv\/produkt\/fodral-for-laptop-13\/#primaryimage"},"image":{"@id":"https:\/\/www.johannagullichsen.com\/sv\/produkt\/fodral-for-laptop-13\/#primaryimage"},"thumbnailUrl":"https:\/\/www.johannagullichsen.com\/wp-content\/uploads\/2020\/04\/Johanna-Gullichsen-Imac13-Sleeve-Helios-ochre-1.jpg","datePublished":"2020-04-27T10:02:15+00:00","dateModified":"2021-02-03T14:47:29+00:00","description":"Ett fodral för din bärbara dator med mjuk vaddering och blixtlås. Fodralet skyddar din dator mor repor och slag.","breadcrumb":{"@id":"https:\/\/www.johannagullichsen.com\/sv\/produkt\/fodral-for-laptop-13\/#breadcrumb"},"inLanguage":"sv-SE","potentialAction":[{"@type":"ReadAction","target":["https:\/\/www.johannagullichsen.com\/sv\/produkt\/fodral-for-laptop-13\/"]}]},{"@type":"ImageObject","inLanguage":"sv-SE","@id":"https:\/\/www.johannagullichsen.com\/sv\/produkt\/fodral-for-laptop-13\/#primaryimage","url":"https:\/\/www.johannagullichsen.com\/wp-content\/uploads\/2020\/04\/Johanna-Gullichsen-Imac13-Sleeve-Helios-ochre-1.jpg","contentUrl":"https:\/\/www.johannagullichsen.com\/wp-content\/uploads\/2020\/04\/Johanna-Gullichsen-Imac13-Sleeve-Helios-ochre-1.jpg","width":1600,"height":1200},{"@type":"BreadcrumbList","@id":"https:\/\/www.johannagullichsen.com\/sv\/produkt\/fodral-for-laptop-13\/#breadcrumb","itemListElement":[{"@type":"ListItem","position":1,"name":"Home","item":"https:\/\/www.johannagullichsen.com\/sv\/"},{"@type":"ListItem","position":2,"name":"Webbutik &#8211; Produkter","item":"https:\/\/www.johannagullichsen.com\/sv\/produkter\/"},{"@type":"ListItem","position":3,"name":"Fodral för laptop 13&#8243;"}]},{"@type":"WebSite","@id":"https:\/\/www.johannagullichsen.com\/sv\/#website","url":"https:\/\/www.johannagullichsen.com\/sv\/","name":"Johanna Gullichsen","description":"","potentialAction":[{"@type":"SearchAction","target":{"@type":"EntryPoint","urlTemplate":"https:\/\/www.johannagullichsen.com\/sv\/?s={search_term_string}"},"query-input":{"@type":"PropertyValueSpecification","valueRequired":true,"valueName":"search_term_string"}}],"inLanguage":"sv-SE"}]}</script>
<!-- / Yoast SEO Premium plugin. -->

Fodral för laptop 13" - Johanna Gullichsen

Ett fodral för din bärbara dator med mjuk vaddering och blixtlås. Fodralet skyddar din dator mor repor och slag.

Fodral för laptop 13"
