{"id":7063,"date":"2020-04-22T12:59:58","date_gmt":"2020-04-22T09:59:58","guid":{"rendered":"https:\/\/www.johannagullichsen.com\/products\/okategoriserad\/tetra-shoulder-bag\/"},"modified":"2021-05-10T14:57:00","modified_gmt":"2021-05-10T11:57:00","slug":"tetra-shoulder-bag","status":"publish","type":"product","link":"https:\/\/www.johannagullichsen.com\/sv\/produkt\/tetra-shoulder-bag\/","title":{"rendered":"Tetra Shoulder Bag &#8211; Axelv\u00e4ska"},"content":{"rendered":"<h4>En axelv\u00e4ska i precis r\u00e4tt storlek<\/h4>\n<p>Praktisk axelremsv\u00e4ska med justerbart axelband och innerficka med blixtl\u00e5s.<\/p>\n","protected":false},"excerpt":{"rendered":"<p>En axelv\u00e4ska i precis r\u00e4tt storlek Praktisk axelremsv\u00e4ska med justerbart axelband och innerficka med blixtl\u00e5s.<\/p>\n","protected":false},"featured_media":20434,"template":"","meta":{"_acf_changed":false},"product_brand":[],"product_cat":[1991,269],"product_tag":[],"class_list":{"0":"post-7063","1":"product","2":"type-product","3":"status-publish","4":"has-post-thumbnail","6":"product_cat-vaskor","7":"product_cat-accessoarer-vaskor","8":"pa_pattern-colour-helios-blygra","9":"pa_pattern-colour-nereus-lead-negative-sv","10":"pa_pattern-colour-doris-gul","11":"pa_pattern-colour-nereus-mork-vinrod","12":"pa_pattern-colour-helios-svart","13":"pa_pattern-colour-tithonus-ockra","14":"pa_pattern-colour-doris-mandelgron","15":"pa_pattern-colour-helios-ockra","16":"pa_pattern-colour-tithonus-dark-green-sv","17":"pa_pattern-colour-eos-svart","18":"pa_pattern-colour-nereus-morkgron","19":"pa_pattern-colour-helios-svart-negativ","20":"pa_pattern-colour-tithonus-gul","21":"pa_pattern-colour-doris-svart-sv","22":"pa_pattern-colour-helios-gul","23":"pa_pattern-colour-eos-mandelgron","24":"pa_pattern-colour-eos-bla","25":"pa_pattern-colour-nereus-blygra","26":"pa_pattern-colour-helios-bla","27":"pa_pattern-colour-eos-morkbla-sv","28":"pa_pattern-colour-doris-bla","29":"pa_pattern-colour-nereus-mandelgron","30":"pa_pattern-colour-eos-ochre-sv","31":"pa_pattern-colour-eos-vinrod","32":"pa_pattern-colour-nereus-ockra","33":"pa_pattern-colour-helios-vinrod","34":"pa_pattern-colour-helios-blue-negativet-sv","35":"pa_pattern-colour-doris-vinrod","36":"pa_pattern-colour-nereus-svart","37":"pa_pattern-colour-helios-green-negative-sv","38":"pa_pattern-colour-eos-tegel","39":"pa_pattern-colour-nereus-gul","40":"pa_pattern-colour-helios-tegel","41":"pa_pattern-colour-helios-dark-bordeaux-negative-sv","42":"pa_pattern-colour-doris-tegel","43":"pa_pattern-colour-nereus-svart-negativ","44":"pa_pattern-colour-nereus-green-negative-sv","45":"pa_pattern-colour-eos-gron","46":"pa_pattern-colour-tithonus-svart","47":"pa_pattern-colour-helios-tegel-negativ","48":"pa_pattern-colour-helios-lead-negative-sv","49":"pa_pattern-colour-doris-morkbla","50":"pa_pattern-colour-nereus-bla","51":"pa_pattern-colour-doris-lime-sv","52":"pa_pattern-colour-eos-gra","53":"pa_pattern-colour-tithonus-bla","54":"pa_pattern-colour-helios-morkbla-sv","55":"pa_pattern-colour-nereus-almond-negative-sv","56":"pa_pattern-colour-doris-morkgron","57":"pa_pattern-colour-nereus-bla-negativ","58":"pa_pattern-colour-tilkku-bla","59":"pa_pattern-colour-eos-blygra","60":"pa_pattern-colour-tithonus-vinrod","61":"pa_pattern-colour-helios-mork-vinrod","62":"pa_pattern-colour-nereus-brick-negative-sv","63":"pa_pattern-colour-doris-gron","64":"pa_pattern-colour-nereus-vinrod","65":"pa_pattern-colour-tilkku-ockra","66":"pa_pattern-colour-eos-ljus-gra","67":"pa_pattern-colour-tithonus-tegel","68":"pa_pattern-colour-helios-morkgron","69":"pa_pattern-colour-nereus-dark-bordeaux-negative-sv","70":"pa_pattern-colour-doris-blygra","71":"pa_pattern-colour-nereus-tegel","72":"pa_pattern-colour-tilkku-svart","73":"pa_pattern-colour-eos-gul","74":"pa_pattern-colour-tithonus-gron","75":"pa_pattern-colour-helios-gron","76":"pa_pattern-colour-nereus-green-sv","77":"pa_pattern-colour-doris-ockra","78":"pa_pattern-colour-nereus-morkbla","79":"pa_pattern-colour-doris-halm","80":"pa_pattern-colour-helios-mandelgron","81":"pa_pattern-colour-tithonus-blygra","82":"collection-normandie-sv","84":"first","85":"instock","86":"taxable","87":"shipping-taxable","88":"purchasable","89":"product-type-variable","90":"has-default-attributes"},"acf":[],"yoast_head":"<!-- This site is optimized with the Yoast SEO Premium plugin v27.2 (Yoast SEO v27.5) - https:\/\/yoast.com\/product\/yoast-seo-premium-wordpress\/ -->\n<title>Tetra Shoulder Bag - Axelv\u00e4ska - Johanna Gullichsen<\/title>\n<meta name=\"description\" content=\"Praktisk axelremsv\u00e4ska i precis r\u00e4tt storlek. Innerficka med blixtl\u00e5s, justerbart axelband. En snygg designer v\u00e4ska.\" \/>\n<meta name=\"robots\" content=\"index, follow, max-snippet:-1, max-image-preview:large, max-video-preview:-1\" \/>\n<link rel=\"canonical\" href=\"https:\/\/www.johannagullichsen.com\/sv\/produkt\/tetra-shoulder-bag\/\" \/>\n<meta property=\"og:locale\" content=\"sv_SE\" \/>\n<meta property=\"og:type\" content=\"article\" \/>\n<meta property=\"og:title\" content=\"Tetra Shoulder Bag - Axelv\u00e4ska\" \/>\n<meta property=\"og:description\" content=\"Praktisk axelremsv\u00e4ska i precis r\u00e4tt storlek. Innerficka med blixtl\u00e5s, justerbart axelband. En snygg designer v\u00e4ska.\" \/>\n<meta property=\"og:url\" content=\"https:\/\/www.johannagullichsen.com\/sv\/produkt\/tetra-shoulder-bag\/\" \/>\n<meta property=\"og:site_name\" content=\"Johanna Gullichsen\" \/>\n<meta property=\"article:modified_time\" content=\"2021-05-10T11:57:00+00:00\" \/>\n<meta property=\"og:image\" content=\"https:\/\/www.johannagullichsen.com\/wp-content\/uploads\/2020\/04\/Tetra-Shoulder-bag-Doris-black-1-copy.jpg\" \/>\n\t<meta property=\"og:image:width\" content=\"1600\" \/>\n\t<meta property=\"og:image:height\" content=\"1200\" \/>\n\t<meta property=\"og:image:type\" content=\"image\/jpeg\" \/>\n<meta name=\"twitter:card\" content=\"summary_large_image\" \/>\n<meta name=\"twitter:label1\" content=\"Ber\u00e4knad l\u00e4stid\" \/>\n\t<meta name=\"twitter:data1\" content=\"1 minut\" \/>\n<script type=\"application\/ld+json\" class=\"yoast-schema-graph\">{\"@context\":\"https:\\\/\\\/schema.org\",\"@graph\":[{\"@type\":\"WebPage\",\"@id\":\"https:\\\/\\\/www.johannagullichsen.com\\\/sv\\\/produkt\\\/tetra-shoulder-bag\\\/\",\"url\":\"https:\\\/\\\/www.johannagullichsen.com\\\/sv\\\/produkt\\\/tetra-shoulder-bag\\\/\",\"name\":\"Tetra Shoulder Bag - Axelv\u00e4ska - Johanna Gullichsen\",\"isPartOf\":{\"@id\":\"https:\\\/\\\/www.johannagullichsen.com\\\/sv\\\/#website\"},\"primaryImageOfPage\":{\"@id\":\"https:\\\/\\\/www.johannagullichsen.com\\\/sv\\\/produkt\\\/tetra-shoulder-bag\\\/#primaryimage\"},\"image\":{\"@id\":\"https:\\\/\\\/www.johannagullichsen.com\\\/sv\\\/produkt\\\/tetra-shoulder-bag\\\/#primaryimage\"},\"thumbnailUrl\":\"https:\\\/\\\/www.johannagullichsen.com\\\/wp-content\\\/uploads\\\/2020\\\/04\\\/Tetra-Shoulder-bag-Doris-black-1-copy.jpg\",\"datePublished\":\"2020-04-22T09:59:58+00:00\",\"dateModified\":\"2021-05-10T11:57:00+00:00\",\"description\":\"Praktisk axelremsv\u00e4ska i precis r\u00e4tt storlek. Innerficka med blixtl\u00e5s, justerbart axelband. En snygg designer v\u00e4ska.\",\"breadcrumb\":{\"@id\":\"https:\\\/\\\/www.johannagullichsen.com\\\/sv\\\/produkt\\\/tetra-shoulder-bag\\\/#breadcrumb\"},\"inLanguage\":\"sv-SE\",\"potentialAction\":[{\"@type\":\"ReadAction\",\"target\":[\"https:\\\/\\\/www.johannagullichsen.com\\\/sv\\\/produkt\\\/tetra-shoulder-bag\\\/\"]}]},{\"@type\":\"ImageObject\",\"inLanguage\":\"sv-SE\",\"@id\":\"https:\\\/\\\/www.johannagullichsen.com\\\/sv\\\/produkt\\\/tetra-shoulder-bag\\\/#primaryimage\",\"url\":\"https:\\\/\\\/www.johannagullichsen.com\\\/wp-content\\\/uploads\\\/2020\\\/04\\\/Tetra-Shoulder-bag-Doris-black-1-copy.jpg\",\"contentUrl\":\"https:\\\/\\\/www.johannagullichsen.com\\\/wp-content\\\/uploads\\\/2020\\\/04\\\/Tetra-Shoulder-bag-Doris-black-1-copy.jpg\",\"width\":1600,\"height\":1200},{\"@type\":\"BreadcrumbList\",\"@id\":\"https:\\\/\\\/www.johannagullichsen.com\\\/sv\\\/produkt\\\/tetra-shoulder-bag\\\/#breadcrumb\",\"itemListElement\":[{\"@type\":\"ListItem\",\"position\":1,\"name\":\"Home\",\"item\":\"https:\\\/\\\/www.johannagullichsen.com\\\/sv\\\/\"},{\"@type\":\"ListItem\",\"position\":2,\"name\":\"Webbutik &#8211; Produkter\",\"item\":\"https:\\\/\\\/www.johannagullichsen.com\\\/sv\\\/produkter\\\/\"},{\"@type\":\"ListItem\",\"position\":3,\"name\":\"Tetra Shoulder Bag &#8211; Axelv\u00e4ska\"}]},{\"@type\":\"WebSite\",\"@id\":\"https:\\\/\\\/www.johannagullichsen.com\\\/sv\\\/#website\",\"url\":\"https:\\\/\\\/www.johannagullichsen.com\\\/sv\\\/\",\"name\":\"Johanna Gullichsen\",\"description\":\"\",\"potentialAction\":[{\"@type\":\"SearchAction\",\"target\":{\"@type\":\"EntryPoint\",\"urlTemplate\":\"https:\\\/\\\/www.johannagullichsen.com\\\/sv\\\/?s={search_term_string}\"},\"query-input\":{\"@type\":\"PropertyValueSpecification\",\"valueRequired\":true,\"valueName\":\"search_term_string\"}}],\"inLanguage\":\"sv-SE\"}]}<\/script>\n<!-- \/ Yoast SEO Premium plugin. -->","yoast_head_json":{"title":"Tetra Shoulder Bag - Axelv\u00e4ska - Johanna Gullichsen","description":"Praktisk axelremsv\u00e4ska i precis r\u00e4tt storlek. Innerficka med blixtl\u00e5s, justerbart axelband. En snygg designer v\u00e4ska.","robots":{"index":"index","follow":"follow","max-snippet":"max-snippet:-1","max-image-preview":"max-image-preview:large","max-video-preview":"max-video-preview:-1"},"canonical":"https:\/\/www.johannagullichsen.com\/sv\/produkt\/tetra-shoulder-bag\/","og_locale":"sv_SE","og_type":"article","og_title":"Tetra Shoulder Bag - Axelv\u00e4ska","og_description":"Praktisk axelremsv\u00e4ska i precis r\u00e4tt storlek. Innerficka med blixtl\u00e5s, justerbart axelband. En snygg designer v\u00e4ska.","og_url":"https:\/\/www.johannagullichsen.com\/sv\/produkt\/tetra-shoulder-bag\/","og_site_name":"Johanna Gullichsen","article_modified_time":"2021-05-10T11:57:00+00:00","og_image":[{"width":1600,"height":1200,"url":"https:\/\/www.johannagullichsen.com\/wp-content\/uploads\/2020\/04\/Tetra-Shoulder-bag-Doris-black-1-copy.jpg","type":"image\/jpeg"}],"twitter_card":"summary_large_image","twitter_misc":{"Ber\u00e4knad l\u00e4stid":"1 minut"},"schema":{"@context":"https:\/\/schema.org","@graph":[{"@type":"WebPage","@id":"https:\/\/www.johannagullichsen.com\/sv\/produkt\/tetra-shoulder-bag\/","url":"https:\/\/www.johannagullichsen.com\/sv\/produkt\/tetra-shoulder-bag\/","name":"Tetra Shoulder Bag - Axelv\u00e4ska - Johanna Gullichsen","isPartOf":{"@id":"https:\/\/www.johannagullichsen.com\/sv\/#website"},"primaryImageOfPage":{"@id":"https:\/\/www.johannagullichsen.com\/sv\/produkt\/tetra-shoulder-bag\/#primaryimage"},"image":{"@id":"https:\/\/www.johannagullichsen.com\/sv\/produkt\/tetra-shoulder-bag\/#primaryimage"},"thumbnailUrl":"https:\/\/www.johannagullichsen.com\/wp-content\/uploads\/2020\/04\/Tetra-Shoulder-bag-Doris-black-1-copy.jpg","datePublished":"2020-04-22T09:59:58+00:00","dateModified":"2021-05-10T11:57:00+00:00","description":"Praktisk axelremsv\u00e4ska i precis r\u00e4tt storlek. Innerficka med blixtl\u00e5s, justerbart axelband. En snygg designer v\u00e4ska.","breadcrumb":{"@id":"https:\/\/www.johannagullichsen.com\/sv\/produkt\/tetra-shoulder-bag\/#breadcrumb"},"inLanguage":"sv-SE","potentialAction":[{"@type":"ReadAction","target":["https:\/\/www.johannagullichsen.com\/sv\/produkt\/tetra-shoulder-bag\/"]}]},{"@type":"ImageObject","inLanguage":"sv-SE","@id":"https:\/\/www.johannagullichsen.com\/sv\/produkt\/tetra-shoulder-bag\/#primaryimage","url":"https:\/\/www.johannagullichsen.com\/wp-content\/uploads\/2020\/04\/Tetra-Shoulder-bag-Doris-black-1-copy.jpg","contentUrl":"https:\/\/www.johannagullichsen.com\/wp-content\/uploads\/2020\/04\/Tetra-Shoulder-bag-Doris-black-1-copy.jpg","width":1600,"height":1200},{"@type":"BreadcrumbList","@id":"https:\/\/www.johannagullichsen.com\/sv\/produkt\/tetra-shoulder-bag\/#breadcrumb","itemListElement":[{"@type":"ListItem","position":1,"name":"Home","item":"https:\/\/www.johannagullichsen.com\/sv\/"},{"@type":"ListItem","position":2,"name":"Webbutik &#8211; Produkter","item":"https:\/\/www.johannagullichsen.com\/sv\/produkter\/"},{"@type":"ListItem","position":3,"name":"Tetra Shoulder Bag &#8211; Axelv\u00e4ska"}]},{"@type":"WebSite","@id":"https:\/\/www.johannagullichsen.com\/sv\/#website","url":"https:\/\/www.johannagullichsen.com\/sv\/","name":"Johanna Gullichsen","description":"","potentialAction":[{"@type":"SearchAction","target":{"@type":"EntryPoint","urlTemplate":"https:\/\/www.johannagullichsen.com\/sv\/?s={search_term_string}"},"query-input":{"@type":"PropertyValueSpecification","valueRequired":true,"valueName":"search_term_string"}}],"inLanguage":"sv-SE"}]}},"_links":{"self":[{"href":"https:\/\/www.johannagullichsen.com\/sv\/wp-json\/wp\/v2\/product\/7063","targetHints":{"allow":["GET"]}}],"collection":[{"href":"https:\/\/www.johannagullichsen.com\/sv\/wp-json\/wp\/v2\/product"}],"about":[{"href":"https:\/\/www.johannagullichsen.com\/sv\/wp-json\/wp\/v2\/types\/product"}],"wp:featuredmedia":[{"embeddable":true,"href":"https:\/\/www.johannagullichsen.com\/sv\/wp-json\/wp\/v2\/media\/20434"}],"wp:attachment":[{"href":"https:\/\/www.johannagullichsen.com\/sv\/wp-json\/wp\/v2\/media?parent=7063"}],"wp:term":[{"taxonomy":"product_brand","embeddable":true,"href":"https:\/\/www.johannagullichsen.com\/sv\/wp-json\/wp\/v2\/product_brand?post=7063"},{"taxonomy":"product_cat","embeddable":true,"href":"https:\/\/www.johannagullichsen.com\/sv\/wp-json\/wp\/v2\/product_cat?post=7063"},{"taxonomy":"product_tag","embeddable":true,"href":"https:\/\/www.johannagullichsen.com\/sv\/wp-json\/wp\/v2\/product_tag?post=7063"}],"curies":[{"name":"wp","href":"https:\/\/api.w.org\/{rel}","templated":true}]}}

Tetra Shoulder Bag &#8211; Axelväska

<h4>En axelväska i precis rätt storlek</h4>
<p>Praktisk axelremsväska med justerbart axelband och innerficka med blixtlås.</p>

<p>En axelväska i precis rätt storlek Praktisk axelremsväska med justerbart axelband och innerficka med blixtlås.</p>

<!-- This site is optimized with the Yoast SEO Premium plugin v27.2 (Yoast SEO v27.5) - https://yoast.com/product/yoast-seo-premium-wordpress/ -->
<title>Tetra Shoulder Bag - Axelväska - Johanna Gullichsen</title>
<meta name="description" content="Praktisk axelremsväska i precis rätt storlek. Innerficka med blixtlås, justerbart axelband. En snygg designer väska." />
<meta name="robots" content="index, follow, max-snippet:-1, max-image-preview:large, max-video-preview:-1" />
<link rel="canonical" href="https://www.johannagullichsen.com/sv/produkt/tetra-shoulder-bag/" />
<meta property="og:locale" content="sv_SE" />
<meta property="og:type" content="article" />
<meta property="og:title" content="Tetra Shoulder Bag - Axelväska" />
<meta property="og:description" content="Praktisk axelremsväska i precis rätt storlek. Innerficka med blixtlås, justerbart axelband. En snygg designer väska." />
<meta property="og:url" content="https://www.johannagullichsen.com/sv/produkt/tetra-shoulder-bag/" />
<meta property="og:site_name" content="Johanna Gullichsen" />
<meta property="article:modified_time" content="2021-05-10T11:57:00+00:00" />
<meta property="og:image" content="https://www.johannagullichsen.com/wp-content/uploads/2020/04/Tetra-Shoulder-bag-Doris-black-1-copy.jpg" />
	<meta property="og:image:width" content="1600" />
	<meta property="og:image:height" content="1200" />
	<meta property="og:image:type" content="image/jpeg" />
<meta name="twitter:card" content="summary_large_image" />
<meta name="twitter:label1" content="Beräknad lästid" />
	<meta name="twitter:data1" content="1 minut" />
<script type="application/ld+json" class="yoast-schema-graph">{"@context":"https:\/\/schema.org","@graph":[{"@type":"WebPage","@id":"https:\/\/www.johannagullichsen.com\/sv\/produkt\/tetra-shoulder-bag\/","url":"https:\/\/www.johannagullichsen.com\/sv\/produkt\/tetra-shoulder-bag\/","name":"Tetra Shoulder Bag - Axelväska - Johanna Gullichsen","isPartOf":{"@id":"https:\/\/www.johannagullichsen.com\/sv\/#website"},"primaryImageOfPage":{"@id":"https:\/\/www.johannagullichsen.com\/sv\/produkt\/tetra-shoulder-bag\/#primaryimage"},"image":{"@id":"https:\/\/www.johannagullichsen.com\/sv\/produkt\/tetra-shoulder-bag\/#primaryimage"},"thumbnailUrl":"https:\/\/www.johannagullichsen.com\/wp-content\/uploads\/2020\/04\/Tetra-Shoulder-bag-Doris-black-1-copy.jpg","datePublished":"2020-04-22T09:59:58+00:00","dateModified":"2021-05-10T11:57:00+00:00","description":"Praktisk axelremsväska i precis rätt storlek. Innerficka med blixtlås, justerbart axelband. En snygg designer väska.","breadcrumb":{"@id":"https:\/\/www.johannagullichsen.com\/sv\/produkt\/tetra-shoulder-bag\/#breadcrumb"},"inLanguage":"sv-SE","potentialAction":[{"@type":"ReadAction","target":["https:\/\/www.johannagullichsen.com\/sv\/produkt\/tetra-shoulder-bag\/"]}]},{"@type":"ImageObject","inLanguage":"sv-SE","@id":"https:\/\/www.johannagullichsen.com\/sv\/produkt\/tetra-shoulder-bag\/#primaryimage","url":"https:\/\/www.johannagullichsen.com\/wp-content\/uploads\/2020\/04\/Tetra-Shoulder-bag-Doris-black-1-copy.jpg","contentUrl":"https:\/\/www.johannagullichsen.com\/wp-content\/uploads\/2020\/04\/Tetra-Shoulder-bag-Doris-black-1-copy.jpg","width":1600,"height":1200},{"@type":"BreadcrumbList","@id":"https:\/\/www.johannagullichsen.com\/sv\/produkt\/tetra-shoulder-bag\/#breadcrumb","itemListElement":[{"@type":"ListItem","position":1,"name":"Home","item":"https:\/\/www.johannagullichsen.com\/sv\/"},{"@type":"ListItem","position":2,"name":"Webbutik &#8211; Produkter","item":"https:\/\/www.johannagullichsen.com\/sv\/produkter\/"},{"@type":"ListItem","position":3,"name":"Tetra Shoulder Bag &#8211; Axelväska"}]},{"@type":"WebSite","@id":"https:\/\/www.johannagullichsen.com\/sv\/#website","url":"https:\/\/www.johannagullichsen.com\/sv\/","name":"Johanna Gullichsen","description":"","potentialAction":[{"@type":"SearchAction","target":{"@type":"EntryPoint","urlTemplate":"https:\/\/www.johannagullichsen.com\/sv\/?s={search_term_string}"},"query-input":{"@type":"PropertyValueSpecification","valueRequired":true,"valueName":"search_term_string"}}],"inLanguage":"sv-SE"}]}</script>
<!-- / Yoast SEO Premium plugin. -->

Tetra Shoulder Bag - Axelväska - Johanna Gullichsen

Praktisk axelremsväska i precis rätt storlek. Innerficka med blixtlås, justerbart axelband. En snygg designer väska.

Tetra Shoulder Bag - Axelväska
