{"id":7169,"date":"2020-04-21T11:43:00","date_gmt":"2020-04-21T08:43:00","guid":{"rendered":"https:\/\/www.johannagullichsen.com\/products\/okategoriserad\/viktor-bag\/"},"modified":"2024-06-04T16:09:50","modified_gmt":"2024-06-04T13:09:50","slug":"viktor-bag","status":"publish","type":"product","link":"https:\/\/www.johannagullichsen.com\/sv\/produkt\/viktor-bag\/","title":{"rendered":"Viktor-v\u00e4ska"},"content":{"rendered":"<h4>Axelv\u00e4ska<\/h4>\n<p>Denna v\u00e4ska i bomull har en avtagbar rem och en ficka med blixtl\u00e5s. Den \u00e4r tillr\u00e4ckligt rymlig f\u00f6r allt det v\u00e4sentliga, som en liten vattenflaska och solkr\u00e4m. Viktor, en tidl\u00f6s klassiker i Johanna Gullichsens kollektion, \u00e4r den st\u00f6rre versionen av den nyare <a href=\"https:\/\/www.johannagullichsen.com\/sv\/produkter\/accessoarer-vaskor\/23935\/\">Viktorino<\/a>.<\/p>\n","protected":false},"excerpt":{"rendered":"<p>Axelv\u00e4ska Denna v\u00e4ska i bomull har en avtagbar rem och en ficka med blixtl\u00e5s. Den \u00e4r tillr\u00e4ckligt rymlig f\u00f6r allt det v\u00e4sentliga, som en liten vattenflaska och solkr\u00e4m. Viktor, en&hellip;<\/p>\n","protected":false},"featured_media":24062,"template":"","meta":{"_acf_changed":false},"product_brand":[],"product_cat":[1991,269],"product_tag":[],"class_list":{"0":"post-7169","1":"product","2":"type-product","3":"status-publish","4":"has-post-thumbnail","6":"product_cat-vaskor","7":"product_cat-accessoarer-vaskor","8":"pa_pattern-colour-helios-morkgron","9":"pa_pattern-colour-doris-tegel","10":"pa_pattern-colour-nereus-morkbla","11":"pa_pattern-colour-eos-gra","12":"pa_pattern-colour-tithonus-blygra","13":"pa_pattern-colour-helios-gron","14":"pa_pattern-colour-doris-morkbla","15":"pa_pattern-colour-nereus-morkgron","16":"pa_pattern-colour-eos-blygra","17":"pa_pattern-colour-tithonus-ockra","18":"pa_pattern-colour-helios-blygra","19":"pa_pattern-colour-doris-morkgron","20":"pa_pattern-colour-nereus-blygra","21":"pa_pattern-colour-eos-ljus-gra","22":"pa_pattern-colour-tithonus-gul","23":"pa_pattern-colour-helios-ockra","24":"pa_pattern-colour-doris-gron","25":"pa_pattern-colour-nereus-ockra","26":"pa_pattern-colour-eos-gul","27":"pa_pattern-colour-nereus-green-sv","28":"pa_pattern-colour-helios-gul","29":"pa_pattern-colour-doris-blygra","30":"pa_pattern-colour-nereus-gul","31":"pa_pattern-colour-helios-mandelgron","32":"pa_pattern-colour-tithonus-dark-green-sv","33":"pa_pattern-colour-nereus-mandelgron","34":"pa_pattern-colour-doris-ockra","35":"pa_pattern-colour-tithonus-svart","36":"pa_pattern-colour-helios-svart","37":"pa_pattern-colour-helios-lime-sv","38":"pa_pattern-colour-nereus-svart","39":"pa_pattern-colour-doris-gul","40":"pa_pattern-colour-tithonus-bla","41":"pa_pattern-colour-helios-bla","42":"pa_pattern-colour-nereus-silver-sv","43":"pa_pattern-colour-doris-mandelgron","44":"pa_pattern-colour-nereus-svart-negativ","45":"pa_pattern-colour-eos-svart","46":"pa_pattern-colour-tithonus-vinrod","47":"pa_pattern-colour-helios-vinrod","48":"pa_pattern-colour-tithonus-lime-sv","49":"pa_pattern-colour-doris-svart-sv","50":"pa_pattern-colour-nereus-bla","51":"pa_pattern-colour-eos-bla","52":"pa_pattern-colour-tithonus-tegel","53":"pa_pattern-colour-helios-tegel","54":"pa_pattern-colour-doris-bla","55":"pa_pattern-colour-nereus-vinrod","56":"pa_pattern-colour-eos-vinrod","57":"pa_pattern-colour-tithonus-morkbla","58":"pa_pattern-colour-helios-morkbla-sv","59":"pa_pattern-colour-doris-cirrus","60":"pa_pattern-colour-doris-vinrod","61":"pa_pattern-colour-nereus-tegel","62":"pa_pattern-colour-eos-gron","63":"pa_pattern-colour-tithonus-gron","64":"collection-normandie-sv","66":"first","67":"instock","68":"taxable","69":"shipping-taxable","70":"purchasable","71":"product-type-variable"},"acf":[],"yoast_head":"<!-- This site is optimized with the Yoast SEO Premium plugin v27.2 (Yoast SEO v27.2) - https:\/\/yoast.com\/product\/yoast-seo-premium-wordpress\/ -->\n<title>Viktor-v\u00e4ska - Johanna Gullichsen<\/title>\n<meta name=\"robots\" content=\"index, follow, max-snippet:-1, max-image-preview:large, max-video-preview:-1\" \/>\n<link rel=\"canonical\" href=\"https:\/\/www.johannagullichsen.com\/sv\/produkt\/viktor-bag\/\" \/>\n<meta property=\"og:locale\" content=\"sv_SE\" \/>\n<meta property=\"og:type\" content=\"article\" \/>\n<meta property=\"og:title\" content=\"Viktor-v\u00e4ska\" \/>\n<meta property=\"og:description\" content=\"Axelv\u00e4ska Denna v\u00e4ska i bomull har en avtagbar rem och en ficka med blixtl\u00e5s. Den \u00e4r tillr\u00e4ckligt rymlig f\u00f6r allt det v\u00e4sentliga, som en liten vattenflaska och solkr\u00e4m. Viktor, en&hellip;\" \/>\n<meta property=\"og:url\" content=\"https:\/\/www.johannagullichsen.com\/sv\/produkt\/viktor-bag\/\" \/>\n<meta property=\"og:site_name\" content=\"Johanna Gullichsen\" \/>\n<meta property=\"article:modified_time\" content=\"2024-06-04T13:09:50+00:00\" \/>\n<meta property=\"og:image\" content=\"https:\/\/www.johannagullichsen.com\/wp-content\/uploads\/2020\/04\/Johanna-Gullichsen-Viktor-Bag-Doris-ochre-1.jpg\" \/>\n\t<meta property=\"og:image:width\" content=\"1600\" \/>\n\t<meta property=\"og:image:height\" content=\"1200\" \/>\n\t<meta property=\"og:image:type\" content=\"image\/jpeg\" \/>\n<meta name=\"twitter:card\" content=\"summary_large_image\" \/>\n<meta name=\"twitter:label1\" content=\"Ber\u00e4knad l\u00e4stid\" \/>\n\t<meta name=\"twitter:data1\" content=\"1 minut\" \/>\n<script type=\"application\/ld+json\" class=\"yoast-schema-graph\">{\"@context\":\"https:\/\/schema.org\",\"@graph\":[{\"@type\":\"WebPage\",\"@id\":\"https:\/\/www.johannagullichsen.com\/sv\/produkt\/viktor-bag\/\",\"url\":\"https:\/\/www.johannagullichsen.com\/sv\/produkt\/viktor-bag\/\",\"name\":\"Viktor-v\u00e4ska - Johanna Gullichsen\",\"isPartOf\":{\"@id\":\"https:\/\/www.johannagullichsen.com\/sv\/#website\"},\"primaryImageOfPage\":{\"@id\":\"https:\/\/www.johannagullichsen.com\/sv\/produkt\/viktor-bag\/#primaryimage\"},\"image\":{\"@id\":\"https:\/\/www.johannagullichsen.com\/sv\/produkt\/viktor-bag\/#primaryimage\"},\"thumbnailUrl\":\"https:\/\/www.johannagullichsen.com\/wp-content\/uploads\/2024\/08\/Johanna-Gullichsen-Viktor-bag-Nereus-dark-green.jpg\",\"datePublished\":\"2020-04-21T08:43:00+00:00\",\"dateModified\":\"2024-06-04T13:09:50+00:00\",\"breadcrumb\":{\"@id\":\"https:\/\/www.johannagullichsen.com\/sv\/produkt\/viktor-bag\/#breadcrumb\"},\"inLanguage\":\"sv-SE\",\"potentialAction\":[{\"@type\":\"ReadAction\",\"target\":[\"https:\/\/www.johannagullichsen.com\/sv\/produkt\/viktor-bag\/\"]}]},{\"@type\":\"ImageObject\",\"inLanguage\":\"sv-SE\",\"@id\":\"https:\/\/www.johannagullichsen.com\/sv\/produkt\/viktor-bag\/#primaryimage\",\"url\":\"https:\/\/www.johannagullichsen.com\/wp-content\/uploads\/2024\/08\/Johanna-Gullichsen-Viktor-bag-Nereus-dark-green.jpg\",\"contentUrl\":\"https:\/\/www.johannagullichsen.com\/wp-content\/uploads\/2024\/08\/Johanna-Gullichsen-Viktor-bag-Nereus-dark-green.jpg\",\"width\":1600,\"height\":1200},{\"@type\":\"BreadcrumbList\",\"@id\":\"https:\/\/www.johannagullichsen.com\/sv\/produkt\/viktor-bag\/#breadcrumb\",\"itemListElement\":[{\"@type\":\"ListItem\",\"position\":1,\"name\":\"Home\",\"item\":\"https:\/\/www.johannagullichsen.com\/sv\/\"},{\"@type\":\"ListItem\",\"position\":2,\"name\":\"Webbutik &#8211; Produkter\",\"item\":\"https:\/\/www.johannagullichsen.com\/sv\/produkter\/\"},{\"@type\":\"ListItem\",\"position\":3,\"name\":\"Viktor-v\u00e4ska\"}]},{\"@type\":\"WebSite\",\"@id\":\"https:\/\/www.johannagullichsen.com\/sv\/#website\",\"url\":\"https:\/\/www.johannagullichsen.com\/sv\/\",\"name\":\"Johanna Gullichsen\",\"description\":\"\",\"potentialAction\":[{\"@type\":\"SearchAction\",\"target\":{\"@type\":\"EntryPoint\",\"urlTemplate\":\"https:\/\/www.johannagullichsen.com\/sv\/?s={search_term_string}\"},\"query-input\":{\"@type\":\"PropertyValueSpecification\",\"valueRequired\":true,\"valueName\":\"search_term_string\"}}],\"inLanguage\":\"sv-SE\"}]}<\/script>\n<!-- \/ Yoast SEO Premium plugin. -->","yoast_head_json":{"title":"Viktor-v\u00e4ska - Johanna Gullichsen","robots":{"index":"index","follow":"follow","max-snippet":"max-snippet:-1","max-image-preview":"max-image-preview:large","max-video-preview":"max-video-preview:-1"},"canonical":"https:\/\/www.johannagullichsen.com\/sv\/produkt\/viktor-bag\/","og_locale":"sv_SE","og_type":"article","og_title":"Viktor-v\u00e4ska","og_description":"Axelv\u00e4ska Denna v\u00e4ska i bomull har en avtagbar rem och en ficka med blixtl\u00e5s. Den \u00e4r tillr\u00e4ckligt rymlig f\u00f6r allt det v\u00e4sentliga, som en liten vattenflaska och solkr\u00e4m. Viktor, en&hellip;","og_url":"https:\/\/www.johannagullichsen.com\/sv\/produkt\/viktor-bag\/","og_site_name":"Johanna Gullichsen","article_modified_time":"2024-06-04T13:09:50+00:00","og_image":[{"width":1600,"height":1200,"url":"https:\/\/www.johannagullichsen.com\/wp-content\/uploads\/2020\/04\/Johanna-Gullichsen-Viktor-Bag-Doris-ochre-1.jpg","type":"image\/jpeg"}],"twitter_card":"summary_large_image","twitter_misc":{"Ber\u00e4knad l\u00e4stid":"1 minut"},"schema":{"@context":"https:\/\/schema.org","@graph":[{"@type":"WebPage","@id":"https:\/\/www.johannagullichsen.com\/sv\/produkt\/viktor-bag\/","url":"https:\/\/www.johannagullichsen.com\/sv\/produkt\/viktor-bag\/","name":"Viktor-v\u00e4ska - Johanna Gullichsen","isPartOf":{"@id":"https:\/\/www.johannagullichsen.com\/sv\/#website"},"primaryImageOfPage":{"@id":"https:\/\/www.johannagullichsen.com\/sv\/produkt\/viktor-bag\/#primaryimage"},"image":{"@id":"https:\/\/www.johannagullichsen.com\/sv\/produkt\/viktor-bag\/#primaryimage"},"thumbnailUrl":"https:\/\/www.johannagullichsen.com\/wp-content\/uploads\/2024\/08\/Johanna-Gullichsen-Viktor-bag-Nereus-dark-green.jpg","datePublished":"2020-04-21T08:43:00+00:00","dateModified":"2024-06-04T13:09:50+00:00","breadcrumb":{"@id":"https:\/\/www.johannagullichsen.com\/sv\/produkt\/viktor-bag\/#breadcrumb"},"inLanguage":"sv-SE","potentialAction":[{"@type":"ReadAction","target":["https:\/\/www.johannagullichsen.com\/sv\/produkt\/viktor-bag\/"]}]},{"@type":"ImageObject","inLanguage":"sv-SE","@id":"https:\/\/www.johannagullichsen.com\/sv\/produkt\/viktor-bag\/#primaryimage","url":"https:\/\/www.johannagullichsen.com\/wp-content\/uploads\/2024\/08\/Johanna-Gullichsen-Viktor-bag-Nereus-dark-green.jpg","contentUrl":"https:\/\/www.johannagullichsen.com\/wp-content\/uploads\/2024\/08\/Johanna-Gullichsen-Viktor-bag-Nereus-dark-green.jpg","width":1600,"height":1200},{"@type":"BreadcrumbList","@id":"https:\/\/www.johannagullichsen.com\/sv\/produkt\/viktor-bag\/#breadcrumb","itemListElement":[{"@type":"ListItem","position":1,"name":"Home","item":"https:\/\/www.johannagullichsen.com\/sv\/"},{"@type":"ListItem","position":2,"name":"Webbutik &#8211; Produkter","item":"https:\/\/www.johannagullichsen.com\/sv\/produkter\/"},{"@type":"ListItem","position":3,"name":"Viktor-v\u00e4ska"}]},{"@type":"WebSite","@id":"https:\/\/www.johannagullichsen.com\/sv\/#website","url":"https:\/\/www.johannagullichsen.com\/sv\/","name":"Johanna Gullichsen","description":"","potentialAction":[{"@type":"SearchAction","target":{"@type":"EntryPoint","urlTemplate":"https:\/\/www.johannagullichsen.com\/sv\/?s={search_term_string}"},"query-input":{"@type":"PropertyValueSpecification","valueRequired":true,"valueName":"search_term_string"}}],"inLanguage":"sv-SE"}]}},"_links":{"self":[{"href":"https:\/\/www.johannagullichsen.com\/sv\/wp-json\/wp\/v2\/product\/7169","targetHints":{"allow":["GET"]}}],"collection":[{"href":"https:\/\/www.johannagullichsen.com\/sv\/wp-json\/wp\/v2\/product"}],"about":[{"href":"https:\/\/www.johannagullichsen.com\/sv\/wp-json\/wp\/v2\/types\/product"}],"wp:featuredmedia":[{"embeddable":true,"href":"https:\/\/www.johannagullichsen.com\/sv\/wp-json\/wp\/v2\/media\/24062"}],"wp:attachment":[{"href":"https:\/\/www.johannagullichsen.com\/sv\/wp-json\/wp\/v2\/media?parent=7169"}],"wp:term":[{"taxonomy":"product_brand","embeddable":true,"href":"https:\/\/www.johannagullichsen.com\/sv\/wp-json\/wp\/v2\/product_brand?post=7169"},{"taxonomy":"product_cat","embeddable":true,"href":"https:\/\/www.johannagullichsen.com\/sv\/wp-json\/wp\/v2\/product_cat?post=7169"},{"taxonomy":"product_tag","embeddable":true,"href":"https:\/\/www.johannagullichsen.com\/sv\/wp-json\/wp\/v2\/product_tag?post=7169"}],"curies":[{"name":"wp","href":"https:\/\/api.w.org\/{rel}","templated":true}]}}

Viktor-väska

<h4>Axelväska</h4>
<p>Denna väska i bomull har en avtagbar rem och en ficka med blixtlås. Den är tillräckligt rymlig för allt det väsentliga, som en liten vattenflaska och solkräm. Viktor, en tidlös klassiker i Johanna Gullichsens kollektion, är den större versionen av den nyare <a href="https://www.johannagullichsen.com/sv/produkter/accessoarer-vaskor/23935/">Viktorino</a>.</p>

<p>Axelväska Denna väska i bomull har en avtagbar rem och en ficka med blixtlås. Den är tillräckligt rymlig för allt det väsentliga, som en liten vattenflaska och solkräm. Viktor, en&hellip;</p>

<!-- This site is optimized with the Yoast SEO Premium plugin v27.2 (Yoast SEO v27.2) - https://yoast.com/product/yoast-seo-premium-wordpress/ -->
<title>Viktor-väska - Johanna Gullichsen</title>
<meta name="robots" content="index, follow, max-snippet:-1, max-image-preview:large, max-video-preview:-1" />
<link rel="canonical" href="https://www.johannagullichsen.com/sv/produkt/viktor-bag/" />
<meta property="og:locale" content="sv_SE" />
<meta property="og:type" content="article" />
<meta property="og:title" content="Viktor-väska" />
<meta property="og:description" content="Axelväska Denna väska i bomull har en avtagbar rem och en ficka med blixtlås. Den är tillräckligt rymlig för allt det väsentliga, som en liten vattenflaska och solkräm. Viktor, en&hellip;" />
<meta property="og:url" content="https://www.johannagullichsen.com/sv/produkt/viktor-bag/" />
<meta property="og:site_name" content="Johanna Gullichsen" />
<meta property="article:modified_time" content="2024-06-04T13:09:50+00:00" />
<meta property="og:image" content="https://www.johannagullichsen.com/wp-content/uploads/2020/04/Johanna-Gullichsen-Viktor-Bag-Doris-ochre-1.jpg" />
	<meta property="og:image:width" content="1600" />
	<meta property="og:image:height" content="1200" />
	<meta property="og:image:type" content="image/jpeg" />
<meta name="twitter:card" content="summary_large_image" />
<meta name="twitter:label1" content="Beräknad lästid" />
	<meta name="twitter:data1" content="1 minut" />
<script type="application/ld+json" class="yoast-schema-graph">{"@context":"https://schema.org","@graph":[{"@type":"WebPage","@id":"https://www.johannagullichsen.com/sv/produkt/viktor-bag/","url":"https://www.johannagullichsen.com/sv/produkt/viktor-bag/","name":"Viktor-väska - Johanna Gullichsen","isPartOf":{"@id":"https://www.johannagullichsen.com/sv/#website"},"primaryImageOfPage":{"@id":"https://www.johannagullichsen.com/sv/produkt/viktor-bag/#primaryimage"},"image":{"@id":"https://www.johannagullichsen.com/sv/produkt/viktor-bag/#primaryimage"},"thumbnailUrl":"https://www.johannagullichsen.com/wp-content/uploads/2024/08/Johanna-Gullichsen-Viktor-bag-Nereus-dark-green.jpg","datePublished":"2020-04-21T08:43:00+00:00","dateModified":"2024-06-04T13:09:50+00:00","breadcrumb":{"@id":"https://www.johannagullichsen.com/sv/produkt/viktor-bag/#breadcrumb"},"inLanguage":"sv-SE","potentialAction":[{"@type":"ReadAction","target":["https://www.johannagullichsen.com/sv/produkt/viktor-bag/"]}]},{"@type":"ImageObject","inLanguage":"sv-SE","@id":"https://www.johannagullichsen.com/sv/produkt/viktor-bag/#primaryimage","url":"https://www.johannagullichsen.com/wp-content/uploads/2024/08/Johanna-Gullichsen-Viktor-bag-Nereus-dark-green.jpg","contentUrl":"https://www.johannagullichsen.com/wp-content/uploads/2024/08/Johanna-Gullichsen-Viktor-bag-Nereus-dark-green.jpg","width":1600,"height":1200},{"@type":"BreadcrumbList","@id":"https://www.johannagullichsen.com/sv/produkt/viktor-bag/#breadcrumb","itemListElement":[{"@type":"ListItem","position":1,"name":"Home","item":"https://www.johannagullichsen.com/sv/"},{"@type":"ListItem","position":2,"name":"Webbutik &#8211; Produkter","item":"https://www.johannagullichsen.com/sv/produkter/"},{"@type":"ListItem","position":3,"name":"Viktor-väska"}]},{"@type":"WebSite","@id":"https://www.johannagullichsen.com/sv/#website","url":"https://www.johannagullichsen.com/sv/","name":"Johanna Gullichsen","description":"","potentialAction":[{"@type":"SearchAction","target":{"@type":"EntryPoint","urlTemplate":"https://www.johannagullichsen.com/sv/?s={search_term_string}"},"query-input":{"@type":"PropertyValueSpecification","valueRequired":true,"valueName":"search_term_string"}}],"inLanguage":"sv-SE"}]}</script>
<!-- / Yoast SEO Premium plugin. -->

Viktor-väska - Johanna Gullichsen

Axelväska Denna väska i bomull har en avtagbar rem och en ficka med blixtlås. Den är tillräckligt rymlig för allt det väsentliga, som en liten vattenflaska och solkräm. Viktor, en&hellip;
