{"id":8404,"date":"2020-06-04T14:22:51","date_gmt":"2020-06-04T11:22:51","guid":{"rendered":"https:\/\/www.johannagullichsen.com\/products\/okategoriserad\/fabric-contract-nereus\/"},"modified":"2025-05-05T16:58:55","modified_gmt":"2025-05-05T13:58:55","slug":"tyg-contract-nereus","status":"publish","type":"product","link":"https:\/\/www.johannagullichsen.com\/sv\/produkt\/tyg-contract-nereus\/","title":{"rendered":"Tyg Contract Nereus"},"content":{"rendered":"<h4>Orubblig design<\/h4>\n<p>Ull som av naturen \u00e4r brandh\u00e4mmande har v\u00e4vts p\u00e5 en polyester varp vilket ger ett t\u00e5ligt och varaktigt m\u00f6beltyg f\u00f6r offentlig inredning. Lika l\u00e4tt att sk\u00f6ta ocks\u00e5 i privat bruk.<\/p>\n<p>Rapportens bredd: 17,5 cm<br \/>\nRapportens l\u00e4ngd: 2,4 cm<br \/>\nMartindale mer \u00e4n 30 000 varv<br \/>\nVikt: 400 g\/m2<br \/>\nTygbredd: 138 cm<\/p>\n<p>Leveranstid 2-3 veckor.<\/p>\n<h5>Best\u00e4ll en provlapp <a href=\"https:\/\/www.johannagullichsen.com\/sv\/produkt\/provbit-contract-nereus\/\">h\u00e4r.<\/a><\/h5>\n","protected":false},"excerpt":{"rendered":"<p>Orubblig design Ull som av naturen \u00e4r brandh\u00e4mmande har v\u00e4vts p\u00e5 en polyester varp vilket ger ett t\u00e5ligt och varaktigt m\u00f6beltyg f\u00f6r offentlig inredning. Lika l\u00e4tt att sk\u00f6ta ocks\u00e5 i&hellip;<\/p>\n","protected":false},"featured_media":7877,"template":"","meta":{"_acf_changed":false},"product_brand":[],"product_cat":[267,1986],"product_tag":[],"class_list":{"0":"post-8404","1":"product","2":"type-product","3":"status-publish","4":"has-post-thumbnail","6":"product_cat-tyger","7":"product_cat-heminredning","8":"pa_pattern-colour-contract-nereus-brun","9":"pa_pattern-colour-contract-nereus-korall","10":"pa_pattern-colour-contract-nereus-morkbla","11":"pa_pattern-colour-contract-nereus-gron","12":"pa_pattern-colour-contract-nereus-gra","13":"pa_pattern-colour-contract-nereus-ljus-gra","14":"pa_pattern-colour-contract-nereus-mossa","15":"pa_pattern-colour-contract-nereus-rod","16":"pa_pattern-colour-contract-nereus-stal","17":"pa_pattern-colour-contract-nereus-svart","18":"pa_pattern-colour-contract-nereus-halm","19":"pa_pattern-colour-contract-nereus-bla","20":"collection-contract-sv","22":"first","23":"instock","24":"taxable","25":"shipping-taxable","26":"purchasable","27":"product-type-variable"},"acf":[],"yoast_head":"<!-- This site is optimized with the Yoast SEO Premium plugin v27.2 (Yoast SEO v27.5) - https:\/\/yoast.com\/product\/yoast-seo-premium-wordpress\/ -->\n<title>Tyg Contract Nereus - Johanna Gullichsen<\/title>\n<meta name=\"description\" content=\"Inredningstyget Nereus \u00e4r avsett f\u00f6r kommersiellt, offentligt och privat bruk. Naturligt brandh\u00e4mmande ull ger ett slitstarkt m\u00f6beltyg.\" \/>\n<meta name=\"robots\" content=\"index, follow, max-snippet:-1, max-image-preview:large, max-video-preview:-1\" \/>\n<link rel=\"canonical\" href=\"https:\/\/www.johannagullichsen.com\/sv\/produkt\/tyg-contract-nereus\/\" \/>\n<meta property=\"og:locale\" content=\"sv_SE\" \/>\n<meta property=\"og:type\" content=\"article\" \/>\n<meta property=\"og:title\" content=\"Tyg Contract Nereus\" \/>\n<meta property=\"og:description\" content=\"Inredningstyget Nereus \u00e4r avsett f\u00f6r kommersiellt, offentligt och privat bruk. Naturligt brandh\u00e4mmande ull ger ett slitstarkt m\u00f6beltyg.\" \/>\n<meta property=\"og:url\" content=\"https:\/\/www.johannagullichsen.com\/sv\/produkt\/tyg-contract-nereus\/\" \/>\n<meta property=\"og:site_name\" content=\"Johanna Gullichsen\" \/>\n<meta property=\"article:modified_time\" content=\"2025-05-05T13:58:55+00:00\" \/>\n<meta property=\"og:image\" content=\"https:\/\/www.johannagullichsen.com\/wp-content\/uploads\/2020\/05\/Johanna_Gullichsen_Contract_Nereus_green.jpg\" \/>\n\t<meta property=\"og:image:width\" content=\"1600\" \/>\n\t<meta property=\"og:image:height\" content=\"1200\" \/>\n\t<meta property=\"og:image:type\" content=\"image\/jpeg\" \/>\n<meta name=\"twitter:card\" content=\"summary_large_image\" \/>\n<meta name=\"twitter:label1\" content=\"Ber\u00e4knad l\u00e4stid\" \/>\n\t<meta name=\"twitter:data1\" content=\"1 minut\" \/>\n<script type=\"application\/ld+json\" class=\"yoast-schema-graph\">{\"@context\":\"https:\\\/\\\/schema.org\",\"@graph\":[{\"@type\":\"WebPage\",\"@id\":\"https:\\\/\\\/www.johannagullichsen.com\\\/sv\\\/produkt\\\/tyg-contract-nereus\\\/\",\"url\":\"https:\\\/\\\/www.johannagullichsen.com\\\/sv\\\/produkt\\\/tyg-contract-nereus\\\/\",\"name\":\"Tyg Contract Nereus - Johanna Gullichsen\",\"isPartOf\":{\"@id\":\"https:\\\/\\\/www.johannagullichsen.com\\\/sv\\\/#website\"},\"primaryImageOfPage\":{\"@id\":\"https:\\\/\\\/www.johannagullichsen.com\\\/sv\\\/produkt\\\/tyg-contract-nereus\\\/#primaryimage\"},\"image\":{\"@id\":\"https:\\\/\\\/www.johannagullichsen.com\\\/sv\\\/produkt\\\/tyg-contract-nereus\\\/#primaryimage\"},\"thumbnailUrl\":\"https:\\\/\\\/www.johannagullichsen.com\\\/wp-content\\\/uploads\\\/2020\\\/05\\\/Johanna_Gullichsen_Contract_Nereus_green.jpg\",\"datePublished\":\"2020-06-04T11:22:51+00:00\",\"dateModified\":\"2025-05-05T13:58:55+00:00\",\"description\":\"Inredningstyget Nereus \u00e4r avsett f\u00f6r kommersiellt, offentligt och privat bruk. Naturligt brandh\u00e4mmande ull ger ett slitstarkt m\u00f6beltyg.\",\"breadcrumb\":{\"@id\":\"https:\\\/\\\/www.johannagullichsen.com\\\/sv\\\/produkt\\\/tyg-contract-nereus\\\/#breadcrumb\"},\"inLanguage\":\"sv-SE\",\"potentialAction\":[{\"@type\":\"ReadAction\",\"target\":[\"https:\\\/\\\/www.johannagullichsen.com\\\/sv\\\/produkt\\\/tyg-contract-nereus\\\/\"]}]},{\"@type\":\"ImageObject\",\"inLanguage\":\"sv-SE\",\"@id\":\"https:\\\/\\\/www.johannagullichsen.com\\\/sv\\\/produkt\\\/tyg-contract-nereus\\\/#primaryimage\",\"url\":\"https:\\\/\\\/www.johannagullichsen.com\\\/wp-content\\\/uploads\\\/2020\\\/05\\\/Johanna_Gullichsen_Contract_Nereus_green.jpg\",\"contentUrl\":\"https:\\\/\\\/www.johannagullichsen.com\\\/wp-content\\\/uploads\\\/2020\\\/05\\\/Johanna_Gullichsen_Contract_Nereus_green.jpg\",\"width\":1600,\"height\":1200},{\"@type\":\"BreadcrumbList\",\"@id\":\"https:\\\/\\\/www.johannagullichsen.com\\\/sv\\\/produkt\\\/tyg-contract-nereus\\\/#breadcrumb\",\"itemListElement\":[{\"@type\":\"ListItem\",\"position\":1,\"name\":\"Home\",\"item\":\"https:\\\/\\\/www.johannagullichsen.com\\\/sv\\\/\"},{\"@type\":\"ListItem\",\"position\":2,\"name\":\"Webbutik &#8211; Produkter\",\"item\":\"https:\\\/\\\/www.johannagullichsen.com\\\/sv\\\/produkter\\\/\"},{\"@type\":\"ListItem\",\"position\":3,\"name\":\"Tyg Contract Nereus\"}]},{\"@type\":\"WebSite\",\"@id\":\"https:\\\/\\\/www.johannagullichsen.com\\\/sv\\\/#website\",\"url\":\"https:\\\/\\\/www.johannagullichsen.com\\\/sv\\\/\",\"name\":\"Johanna Gullichsen\",\"description\":\"\",\"potentialAction\":[{\"@type\":\"SearchAction\",\"target\":{\"@type\":\"EntryPoint\",\"urlTemplate\":\"https:\\\/\\\/www.johannagullichsen.com\\\/sv\\\/?s={search_term_string}\"},\"query-input\":{\"@type\":\"PropertyValueSpecification\",\"valueRequired\":true,\"valueName\":\"search_term_string\"}}],\"inLanguage\":\"sv-SE\"}]}<\/script>\n<!-- \/ Yoast SEO Premium plugin. -->","yoast_head_json":{"title":"Tyg Contract Nereus - Johanna Gullichsen","description":"Inredningstyget Nereus \u00e4r avsett f\u00f6r kommersiellt, offentligt och privat bruk. Naturligt brandh\u00e4mmande ull ger ett slitstarkt m\u00f6beltyg.","robots":{"index":"index","follow":"follow","max-snippet":"max-snippet:-1","max-image-preview":"max-image-preview:large","max-video-preview":"max-video-preview:-1"},"canonical":"https:\/\/www.johannagullichsen.com\/sv\/produkt\/tyg-contract-nereus\/","og_locale":"sv_SE","og_type":"article","og_title":"Tyg Contract Nereus","og_description":"Inredningstyget Nereus \u00e4r avsett f\u00f6r kommersiellt, offentligt och privat bruk. Naturligt brandh\u00e4mmande ull ger ett slitstarkt m\u00f6beltyg.","og_url":"https:\/\/www.johannagullichsen.com\/sv\/produkt\/tyg-contract-nereus\/","og_site_name":"Johanna Gullichsen","article_modified_time":"2025-05-05T13:58:55+00:00","og_image":[{"width":1600,"height":1200,"url":"https:\/\/www.johannagullichsen.com\/wp-content\/uploads\/2020\/05\/Johanna_Gullichsen_Contract_Nereus_green.jpg","type":"image\/jpeg"}],"twitter_card":"summary_large_image","twitter_misc":{"Ber\u00e4knad l\u00e4stid":"1 minut"},"schema":{"@context":"https:\/\/schema.org","@graph":[{"@type":"WebPage","@id":"https:\/\/www.johannagullichsen.com\/sv\/produkt\/tyg-contract-nereus\/","url":"https:\/\/www.johannagullichsen.com\/sv\/produkt\/tyg-contract-nereus\/","name":"Tyg Contract Nereus - Johanna Gullichsen","isPartOf":{"@id":"https:\/\/www.johannagullichsen.com\/sv\/#website"},"primaryImageOfPage":{"@id":"https:\/\/www.johannagullichsen.com\/sv\/produkt\/tyg-contract-nereus\/#primaryimage"},"image":{"@id":"https:\/\/www.johannagullichsen.com\/sv\/produkt\/tyg-contract-nereus\/#primaryimage"},"thumbnailUrl":"https:\/\/www.johannagullichsen.com\/wp-content\/uploads\/2020\/05\/Johanna_Gullichsen_Contract_Nereus_green.jpg","datePublished":"2020-06-04T11:22:51+00:00","dateModified":"2025-05-05T13:58:55+00:00","description":"Inredningstyget Nereus \u00e4r avsett f\u00f6r kommersiellt, offentligt och privat bruk. Naturligt brandh\u00e4mmande ull ger ett slitstarkt m\u00f6beltyg.","breadcrumb":{"@id":"https:\/\/www.johannagullichsen.com\/sv\/produkt\/tyg-contract-nereus\/#breadcrumb"},"inLanguage":"sv-SE","potentialAction":[{"@type":"ReadAction","target":["https:\/\/www.johannagullichsen.com\/sv\/produkt\/tyg-contract-nereus\/"]}]},{"@type":"ImageObject","inLanguage":"sv-SE","@id":"https:\/\/www.johannagullichsen.com\/sv\/produkt\/tyg-contract-nereus\/#primaryimage","url":"https:\/\/www.johannagullichsen.com\/wp-content\/uploads\/2020\/05\/Johanna_Gullichsen_Contract_Nereus_green.jpg","contentUrl":"https:\/\/www.johannagullichsen.com\/wp-content\/uploads\/2020\/05\/Johanna_Gullichsen_Contract_Nereus_green.jpg","width":1600,"height":1200},{"@type":"BreadcrumbList","@id":"https:\/\/www.johannagullichsen.com\/sv\/produkt\/tyg-contract-nereus\/#breadcrumb","itemListElement":[{"@type":"ListItem","position":1,"name":"Home","item":"https:\/\/www.johannagullichsen.com\/sv\/"},{"@type":"ListItem","position":2,"name":"Webbutik &#8211; Produkter","item":"https:\/\/www.johannagullichsen.com\/sv\/produkter\/"},{"@type":"ListItem","position":3,"name":"Tyg Contract Nereus"}]},{"@type":"WebSite","@id":"https:\/\/www.johannagullichsen.com\/sv\/#website","url":"https:\/\/www.johannagullichsen.com\/sv\/","name":"Johanna Gullichsen","description":"","potentialAction":[{"@type":"SearchAction","target":{"@type":"EntryPoint","urlTemplate":"https:\/\/www.johannagullichsen.com\/sv\/?s={search_term_string}"},"query-input":{"@type":"PropertyValueSpecification","valueRequired":true,"valueName":"search_term_string"}}],"inLanguage":"sv-SE"}]}},"_links":{"self":[{"href":"https:\/\/www.johannagullichsen.com\/sv\/wp-json\/wp\/v2\/product\/8404","targetHints":{"allow":["GET"]}}],"collection":[{"href":"https:\/\/www.johannagullichsen.com\/sv\/wp-json\/wp\/v2\/product"}],"about":[{"href":"https:\/\/www.johannagullichsen.com\/sv\/wp-json\/wp\/v2\/types\/product"}],"wp:featuredmedia":[{"embeddable":true,"href":"https:\/\/www.johannagullichsen.com\/sv\/wp-json\/wp\/v2\/media\/7877"}],"wp:attachment":[{"href":"https:\/\/www.johannagullichsen.com\/sv\/wp-json\/wp\/v2\/media?parent=8404"}],"wp:term":[{"taxonomy":"product_brand","embeddable":true,"href":"https:\/\/www.johannagullichsen.com\/sv\/wp-json\/wp\/v2\/product_brand?post=8404"},{"taxonomy":"product_cat","embeddable":true,"href":"https:\/\/www.johannagullichsen.com\/sv\/wp-json\/wp\/v2\/product_cat?post=8404"},{"taxonomy":"product_tag","embeddable":true,"href":"https:\/\/www.johannagullichsen.com\/sv\/wp-json\/wp\/v2\/product_tag?post=8404"}],"curies":[{"name":"wp","href":"https:\/\/api.w.org\/{rel}","templated":true}]}}

<h4>Orubblig design</h4>
<p>Ull som av naturen är brandhämmande har vävts på en polyester varp vilket ger ett tåligt och varaktigt möbeltyg för offentlig inredning. Lika lätt att sköta också i privat bruk.</p>
<p>Rapportens bredd: 17,5 cm<br />
Rapportens längd: 2,4 cm<br />
Martindale mer än 30 000 varv<br />
Vikt: 400 g/m2<br />
Tygbredd: 138 cm</p>
<p>Leveranstid 2-3 veckor.</p>
<h5>Beställ en provlapp <a href="https://www.johannagullichsen.com/sv/produkt/provbit-contract-nereus/">här.</a></h5>

<p>Orubblig design Ull som av naturen är brandhämmande har vävts på en polyester varp vilket ger ett tåligt och varaktigt möbeltyg för offentlig inredning. Lika lätt att sköta också i&hellip;</p>

<!-- This site is optimized with the Yoast SEO Premium plugin v27.2 (Yoast SEO v27.5) - https://yoast.com/product/yoast-seo-premium-wordpress/ -->
<title>Tyg Contract Nereus - Johanna Gullichsen</title>
<meta name="description" content="Inredningstyget Nereus är avsett för kommersiellt, offentligt och privat bruk. Naturligt brandhämmande ull ger ett slitstarkt möbeltyg." />
<meta name="robots" content="index, follow, max-snippet:-1, max-image-preview:large, max-video-preview:-1" />
<link rel="canonical" href="https://www.johannagullichsen.com/sv/produkt/tyg-contract-nereus/" />
<meta property="og:locale" content="sv_SE" />
<meta property="og:type" content="article" />
<meta property="og:title" content="Tyg Contract Nereus" />
<meta property="og:description" content="Inredningstyget Nereus är avsett för kommersiellt, offentligt och privat bruk. Naturligt brandhämmande ull ger ett slitstarkt möbeltyg." />
<meta property="og:url" content="https://www.johannagullichsen.com/sv/produkt/tyg-contract-nereus/" />
<meta property="og:site_name" content="Johanna Gullichsen" />
<meta property="article:modified_time" content="2025-05-05T13:58:55+00:00" />
<meta property="og:image" content="https://www.johannagullichsen.com/wp-content/uploads/2020/05/Johanna_Gullichsen_Contract_Nereus_green.jpg" />
	<meta property="og:image:width" content="1600" />
	<meta property="og:image:height" content="1200" />
	<meta property="og:image:type" content="image/jpeg" />
<meta name="twitter:card" content="summary_large_image" />
<meta name="twitter:label1" content="Beräknad lästid" />
	<meta name="twitter:data1" content="1 minut" />
<script type="application/ld+json" class="yoast-schema-graph">{"@context":"https:\/\/schema.org","@graph":[{"@type":"WebPage","@id":"https:\/\/www.johannagullichsen.com\/sv\/produkt\/tyg-contract-nereus\/","url":"https:\/\/www.johannagullichsen.com\/sv\/produkt\/tyg-contract-nereus\/","name":"Tyg Contract Nereus - Johanna Gullichsen","isPartOf":{"@id":"https:\/\/www.johannagullichsen.com\/sv\/#website"},"primaryImageOfPage":{"@id":"https:\/\/www.johannagullichsen.com\/sv\/produkt\/tyg-contract-nereus\/#primaryimage"},"image":{"@id":"https:\/\/www.johannagullichsen.com\/sv\/produkt\/tyg-contract-nereus\/#primaryimage"},"thumbnailUrl":"https:\/\/www.johannagullichsen.com\/wp-content\/uploads\/2020\/05\/Johanna_Gullichsen_Contract_Nereus_green.jpg","datePublished":"2020-06-04T11:22:51+00:00","dateModified":"2025-05-05T13:58:55+00:00","description":"Inredningstyget Nereus är avsett för kommersiellt, offentligt och privat bruk. Naturligt brandhämmande ull ger ett slitstarkt möbeltyg.","breadcrumb":{"@id":"https:\/\/www.johannagullichsen.com\/sv\/produkt\/tyg-contract-nereus\/#breadcrumb"},"inLanguage":"sv-SE","potentialAction":[{"@type":"ReadAction","target":["https:\/\/www.johannagullichsen.com\/sv\/produkt\/tyg-contract-nereus\/"]}]},{"@type":"ImageObject","inLanguage":"sv-SE","@id":"https:\/\/www.johannagullichsen.com\/sv\/produkt\/tyg-contract-nereus\/#primaryimage","url":"https:\/\/www.johannagullichsen.com\/wp-content\/uploads\/2020\/05\/Johanna_Gullichsen_Contract_Nereus_green.jpg","contentUrl":"https:\/\/www.johannagullichsen.com\/wp-content\/uploads\/2020\/05\/Johanna_Gullichsen_Contract_Nereus_green.jpg","width":1600,"height":1200},{"@type":"BreadcrumbList","@id":"https:\/\/www.johannagullichsen.com\/sv\/produkt\/tyg-contract-nereus\/#breadcrumb","itemListElement":[{"@type":"ListItem","position":1,"name":"Home","item":"https:\/\/www.johannagullichsen.com\/sv\/"},{"@type":"ListItem","position":2,"name":"Webbutik &#8211; Produkter","item":"https:\/\/www.johannagullichsen.com\/sv\/produkter\/"},{"@type":"ListItem","position":3,"name":"Tyg Contract Nereus"}]},{"@type":"WebSite","@id":"https:\/\/www.johannagullichsen.com\/sv\/#website","url":"https:\/\/www.johannagullichsen.com\/sv\/","name":"Johanna Gullichsen","description":"","potentialAction":[{"@type":"SearchAction","target":{"@type":"EntryPoint","urlTemplate":"https:\/\/www.johannagullichsen.com\/sv\/?s={search_term_string}"},"query-input":{"@type":"PropertyValueSpecification","valueRequired":true,"valueName":"search_term_string"}}],"inLanguage":"sv-SE"}]}</script>
<!-- / Yoast SEO Premium plugin. -->

Inredningstyget Nereus är avsett för kommersiellt, offentligt och privat bruk. Naturligt brandhämmande ull ger ett slitstarkt möbeltyg.
